000
CXUS55 KDVN 011527
CF6IOW
PRELIMINARY LOCAL CLIMATOLOGICAL DATA (WS FORM: F-6)
STATION: IOWA CITY IA
MONTH: JANUARY
YEAR: 2023
LATITUDE: 41 37 N
LONGITUDE: 91 33 W
TEMPERATURE IN F: :PCPN: SNOW: WIND :SUNSHINE: SKY :PK WND
================================================================================
1 2 3 4 5 6A 6B 7 8 9 10 11 12 13 14 15 16 17 18
12Z AVG MX 2MIN
DY MAX MIN AVG DEP HDD CDD WTR SNW DPTH SPD SPD DIR MIN PSBL S-S WX SPD DR
================================================================================
1 43 23 33 9 32 0 0.00 M M 1.5 8 20 M M 3 1 10 360
2 44 27 36 12 29 0 0.17 M M 6.5 20 70 M M 3 1 29 50
3 47 36 42 18 23 0 0.20 M M 8.3 21 70 M M 10 12 35 60
4 36 30 33 9 32 0 T M M 10.6 18 250 M M 10 1 24 250
5 32 23 28 5 37 0 T M M 12.3 23 280 M M 9 18 29 280
6 30 14 22 -1 43 0 0.00 M M 5.7 12 310 M M 1 16 290
7 24 13 19 -4 46 0 0.00 M M 5.0 10 40 M M 6 1 15 30
8 30 17 24 1 41 0 0.00 M M 2.5 10 260 M M 7 18 13 260
9 49 16 33 10 32 0 0.00 M M 4.3 16 160 M M 0 18 23 170
10 41 23 32 9 33 0 0.00 M M 3.1 12 320 M M 1 1 15 310
11 49 30 40 17 25 0 0.00 M M 6.8 16 330 M M 3 18 22 330
12 36 23 30 8 35 0 T M M 15.0 22 320 M M 9 1 31 310
13 29 22 26 4 39 0 0.00 M M 10.1 21 310 M M 10 28 330
14 39 19 29 7 36 0 0.00 M M 8.5 15 140 M M 5 1 21 160
15 45 29 37 15 28 0 0.00 M M 11.4 21 150 M M 1 28 150
16 56 38 47 25 18 0 0.26 M M 12.8 26 260 M M 9 13 34 260
17 38 34 36 14 29 0 0.00 M M 13.8 23 280 M M 10 33 280
18 37 30 34 12 31 0 0.48 M M 8.8 22 60 M M 10 16 35 50
19 35 32 34 12 31 0 0.08 M M 11.4 26 290 M M 10 1 39 290
20 32 23 28 6 37 0 0.00 M M 12.8 24 310 M M 10 33 280
21 30 23 27 5 38 0 T M M 3.0 10 260 M M 10 1 13 270
22 32 22 27 5 38 0 0.09 M M 6.3 15 320 M M 10 1 22 320
23 31 15 23 1 42 0 0.00 M M 9.2 15 260 M M 9 1 20 210
24 39 26 33 11 32 0 0.00 M M 3.6 13 200 M M 8 1 16 200
25 34 20 27 5 38 0 0.16 M M 8.8 21 290 M M 10 1 28 300
26 20 9 15 -7 50 0 T M M 11.8 22 280 M M 5 1 29 280
27 39 12 26 3 39 0 0.01 M M 12.7 28 290 M M 5 18 42 270
28 22 17 20 -3 45 0 0.11 M M 11.3 20 40 M M 8 16 26 40
29 17 8 13 -10 52 0 0.00 M M 12.0 20 340 M M 7 27 350
30 13 1 7 -16 58 0 0.00 M M 10.6 18 330 M M 5 24 350
31 18 -3 8 -15 57 0 0.00 M M 4.8 12 220 M M 1 16 220
================================================================================
SM 1067 652 1146 0 1.56 M 265.3 M 205
================================================================================
AV 34.4 21.0 8.6 FASTST M M 7 MAX(MPH)
MISC ----> 28 290 42 270
================================================================================
NOTES:
# LAST OF SEVERAL OCCURRENCES
COLUMN 17 PEAK WIND IN M.P.H.
PRELIMINARY LOCAL CLIMATOLOGICAL DATA (WS FORM: F-6) , PAGE 2
STATION: IOWA CITY IA
MONTH: JANUARY
YEAR: 2023
LATITUDE: 41 37 N
LONGITUDE: 91 33 W
[TEMPERATURE DATA] [PRECIPITATION DATA] SYMBOLS USED IN COLUMN 16
AVERAGE MONTHLY: 27.7 TOTAL FOR MONTH: 1.56 1 = FOG OR MIST
DPTR FM NORMAL: 4.9 DPTR FM NORMAL: 0.52 2 = FOG REDUCING VISIBILITY
HIGHEST: 56 ON 16 GRTST 24HR 0.66 ON 2- 3 TO 1/4 MILE OR LESS
LOWEST: -3 ON 31 3 = THUNDER
SNOW, ICE PELLETS, HAIL 4 = ICE PELLETS
TOTAL MONTH: M 5 = HAIL
GRTST 24HR M ON M 6 = FREEZING RAIN OR DRIZZLE
GRTST DEPTH: M ON M 7 = DUSTSTORM OR SANDSTORM:
VSBY 1/2 MILE OR LESS
8 = SMOKE OR HAZE
[NO. OF DAYS WITH] [WEATHER - DAYS WITH] 9 = BLOWING SNOW
X = TORNADO
MAX 32 OR BELOW: 14 0.01 INCH OR MORE: 9
MAX 90 OR ABOVE: 0 0.10 INCH OR MORE: 6
MIN 32 OR BELOW: 28 0.50 INCH OR MORE: 0
MIN 0 OR BELOW: 1 1.00 INCH OR MORE: 0
[HDD (BASE 65) ]
TOTAL THIS MO. 1146 CLEAR (SCALE 0-3) 7
DPTR FM NORMAL -164 PTCLDY (SCALE 4-7) 8
TOTAL FM JUL 1 3584 CLOUDY (SCALE 8-10) 16
DPTR FM NORMAL -97
[CDD (BASE 65) ]
TOTAL THIS MO. 0
DPTR FM NORMAL 0 [PRESSURE DATA]
TOTAL FM JAN 1 0 HIGHEST SLP 30.57 ON 31
DPTR FM NORMAL 0 LOWEST SLP 29.32 ON 16
[REMARKS]
#FINAL-01-23#