000
CXUS51 KCTP 010800
CF6IPT
PRELIMINARY LOCAL CLIMATOLOGICAL DATA (WS FORM: F-6)
STATION: WILLIAMSPORT PA
MONTH: SEPTEMBER
YEAR: 2021
LATITUDE: 41 15 N
LONGITUDE: 76 55 W
TEMPERATURE IN F: :PCPN: SNOW: WIND :SUNSHINE: SKY :PK WND
================================================================================
1 2 3 4 5 6A 6B 7 8 9 10 11 12 13 14 15 16 17 18
12Z AVG MX 2MIN
DY MAX MIN AVG DEP HDD CDD WTR SNW DPTH SPD SPD DIR MIN PSBL S-S WX SPD DR
================================================================================
1 70 62 66 -3 0 1 1.91 0.0 0 4.5 15 350 M M 10 1 21 340
2 77 54 66 -3 0 1 0.00 0.0 0 8.4 16 300 M M 0 22 330
3 72 52 62 -7 3 0 0.00 0.0 0 5.8 14 270 M M 4 17 240
4 77 55 66 -3 0 1 0.00 0.0 0 3.4 10 140 M M 3 14 140
5 74 63 69 1 0 4 0.69 0.0 0 3.3 16 320 M M 9 1 20 320
6 81 56 69 1 0 4 0.00 0.0 0 6.7 18 260 M M 4 1 25 250
7 79 53 66 -2 0 1 0.00 0.0 0 4.3 14 170 M M 3 1 19 160
8 82 61 72 5 0 7 0.98 0.0 M 5.6 22 300 M M 5 13 33 150
9 75 59 67 0 0 2 0.23 0.0 0 4.1 20 320 M M 7 13 25 320
10 76 54 65 -2 0 0 0.00 0.0 0 7.7 20 290 M M 3 26 300
11 77 52 65 -1 0 0 0.00 0.0 0 4.2 15 180 M M 4 18 19 200
12 81 56 69 3 0 4 0.00 0.0 0 2.1 9 120 M M 5 1 11 120
13 85 65 75 9 0 10 0.10 0.0 0 4.6 25 350 M M 5 13 35 360
14 84 65 75 10 0 10 0.00 0.0 0 4.8 16 180 M M 5 128 23 160
15 85 66 76 11 0 11 0.53 0.0 0 4.0 18 260 M M 5 138 24 280
16 76 63 70 5 0 5 0.02 0.0 0 4.1 13 60 M M 10 18 60
17 77 68 73 9 0 8 0.01 0.0 0 2.5 9 160 M M 9 1 12 160
18 86 66 76 12 0 11 0.04 0.0 0 2.4 18 360 M M 6 12 24 350
19 78 55 67 3 0 2 0.00 0.0 0 2.1 9 320 M M 2 1 14 310
20 77 51 64 1 1 0 0.00 0.0 0 5.3 15 60 M M 2 12 24 50
21 73 61 67 4 0 2 T 0.0 0 5.3 15 130 M M 9 22 90
22 77 66 72 10 0 7 1.00 0.0 0 12.8 30 100 M M 10 1 53 110
23 74 50 62 0 3 0 2.83 0.0 0 8.0 24 270 M M 8 1 36 110
24 72 46 59 -3 6 0 0.00 0.0 0 3.5 14 250 M M 2 12 18 190
25 72 49 61 0 4 0 T 0.0 0 2.2 16 270 M M 5 128 20 250
26 73 51 62 1 3 0 0.02 0.0 0 7.4 20 250 M M 2 1 27 260
27 80 51 66 6 0 1 0.00 0.0 0 4.1 20 250 M M 1 24 170
28 70 51 61 1 4 0 0.15 0.0 0 2.3 13 350 M M 4 13 18 340
29 71 46 59 -1 6 0 0.00 0.0 0 4.3 15 320 M M 3 24 320
30 68 46 57 -2 8 0 0.00 0.0 0 4.8 14 330 M M 5 18 280
================================================================================
SM 2299 1693 38 92 8.51 0.0 144.6 M 150
================================================================================
AV 76.6 56.4 4.8 FASTST M M 5 MAX(MPH)
MISC ----> 30 100 53 110
================================================================================
NOTES:
# LAST OF SEVERAL OCCURRENCES
COLUMN 17 PEAK WIND IN M.P.H.
PRELIMINARY LOCAL CLIMATOLOGICAL DATA (WS FORM: F-6) , PAGE 2
STATION: WILLIAMSPORT PA
MONTH: SEPTEMBER
YEAR: 2021
LATITUDE: 41 15 N
LONGITUDE: 76 55 W
[TEMPERATURE DATA] [PRECIPITATION DATA] SYMBOLS USED IN COLUMN 16
AVERAGE MONTHLY: 66.5 TOTAL FOR MONTH: 8.51 1 = FOG OR MIST
DPTR FM NORMAL: 1.8 DPTR FM NORMAL: 3.75 2 = FOG REDUCING VISIBILITY
HIGHEST: 86 ON 18 GRTST 24HR 3.75 ON 22-23 TO 1/4 MILE OR LESS
LOWEST: 46 ON 30,29 3 = THUNDER
SNOW, ICE PELLETS, HAIL 4 = ICE PELLETS
TOTAL MONTH: 0.0 INCH 5 = HAIL
GRTST 24HR 0.0 6 = FREEZING RAIN OR DRIZZLE
GRTST DEPTH: 0 7 = DUSTSTORM OR SANDSTORM:
VSBY 1/2 MILE OR LESS
8 = SMOKE OR HAZE
[NO. OF DAYS WITH] [WEATHER - DAYS WITH] 9 = BLOWING SNOW
X = TORNADO
MAX 32 OR BELOW: 0 0.01 INCH OR MORE: 13
MAX 90 OR ABOVE: 0 0.10 INCH OR MORE: 9
MIN 32 OR BELOW: 0 0.50 INCH OR MORE: 6
MIN 0 OR BELOW: 0 1.00 INCH OR MORE: 3
[HDD (BASE 65) ]
TOTAL THIS MO. 38 CLEAR (SCALE 0-3) 9
DPTR FM NORMAL -52 PTCLDY (SCALE 4-7) 15
TOTAL FM JUL 1 38 CLOUDY (SCALE 8-10) 6
DPTR FM NORMAL -61
[CDD (BASE 65) ]
TOTAL THIS MO. 92
DPTR FM NORMAL 12 [PRESSURE DATA]
TOTAL FM JAN 1 985 HIGHEST SLP 30.31 ON 21
DPTR FM NORMAL 196 LOWEST SLP 29.68 ON 8
[REMARKS]
#FINAL-09-21#