000
CXUS53 KBIS 010803
CF6ISN
PRELIMINARY LOCAL CLIMATOLOGICAL DATA (WS FORM: F-6)
STATION: WILLISTON ND
MONTH: JUNE
YEAR: 2019
LATITUDE: 48 10 N
LONGITUDE: 103 38 W
TEMPERATURE IN F: :PCPN: SNOW: WIND :SUNSHINE: SKY :PK WND
================================================================================
1 2 3 4 5 6A 6B 7 8 9 10 11 12 13 14 15 16 17 18
12Z AVG MX 2MIN
DY MAX MIN AVG DEP HDD CDD WTR SNW DPTH SPD SPD DIR MIN PSBL S-S WX SPD DR
================================================================================
1 77 34 56 -3 9 0 0.00 M M 5.2 14 230 M M 0 25 250
2 87 45 66 7 0 1 T M M 5.1 15 130 M M 0 21 160
3 93 55 74 14 0 9 0.02 M M 7.3 25 240 M M 0 36 240
4 84 48 66 6 0 1 0.00 M M 11.2 22 330 M M 0 42 20
5 87 42 65 5 0 0 0.00 M M 8.5 23 260 M M 1 41 210
6 90 43 67 7 0 2 0.00 M M 10.6 24 150 M M 0 43 140
7 83 59 71 10 0 6 T M M 11.9 25 270 M M 2 38 320
8 62 47 55 -6 10 0 0.11 M M 11.5 18 310 M M 9 31 330
9 72 44 58 -3 7 0 T M M 14.6 28 260 M M 3 46 270
10 77 39 58 -4 7 0 0.00 M M 7.7 24 280 M M 2 39 290
11 74 48 61 -1 4 0 T M M 8.7 23 340 M M 4 41 350
12 78 41 60 -2 5 0 0.00 M M 3.5 12 160 M M 3 17 170
13 91 49 70 7 0 5 T M M 7.4 23 360 M M 4 43 360
14 87 59 73 10 0 8 0.28 M M 8.7 36 250 M M 3 138 47 240
15 77 51 64 1 1 0 0.12 M M 11.7 22 290 M M 5 1 37 340
16 70 47 59 -5 6 0 0.00 M M 7.1 13 30 M M 6 17 30
17 72 49 61 -3 4 0 0.00 M M 5.2 13 80 M M 7 15 90
18 78 44 61 -3 4 0 0.00 M M 7.4 17 80 M M 1 29 120
19 77 58 68 4 0 3 T M M 12.0 24 140 M M 4 40 140
20 72 56 64 -1 1 0 0.44 M M 6.5 15 280 M M 4 1 21 230
21 67 55 61 -4 4 0 0.43 M M 13.0 25 210 M M 7 1 42 210
22 68 52 60 -5 5 0 0.04 M M 19.5 30 230 M M 7 1 48 210
23 78 49 64 -1 1 0 0.05 M M 9.7 24 250 M M 2 39 270
24 75 51 63 -3 2 0 0.15 M M 7.8 28 270 M M 3 13 41 280
25 78 52 65 -1 0 0 0.00 M M 10.0 18 270 M M 1 25 250
26 84 48 66 0 0 1 0.00 M M 4.1 12 40 M M 1 8 16 150
27 88 63 76 10 0 11 0.00 M M 12.1 25 110 M M 1 40 140
28 83 62 73 6 0 8 0.85 M M 10.2 32 60 M M 4 13 43 60
29 82 61 72 5 0 7 0.17 M M 6.5 17 30 M M 7 13 24 290
30 78 55 67 0 0 2 T M M 3.8 13 200 M M 2 16 200
================================================================================
SM 2369 1506 70 64 2.66 M 268.5 M 93
================================================================================
AV 79.0 50.2 8.9 FASTST M M 3 MAX(MPH)
MISC ----> # 36 250 # 48 210
================================================================================
NOTES:
# LAST OF SEVERAL OCCURRENCES
COLUMN 17 PEAK WIND IN M.P.H.
PRELIMINARY LOCAL CLIMATOLOGICAL DATA (WS FORM: F-6) , PAGE 2
STATION: WILLISTON ND
MONTH: JUNE
YEAR: 2019
LATITUDE: 48 10 N
LONGITUDE: 103 38 W
[TEMPERATURE DATA] [PRECIPITATION DATA] SYMBOLS USED IN COLUMN 16
AVERAGE MONTHLY: 64.6 TOTAL FOR MONTH: 2.66 1 = FOG OR MIST
DPTR FM NORMAL: 1.4 DPTR FM NORMAL: 0.14 2 = FOG REDUCING VISIBILITY
HIGHEST: 93 ON 3 GRTST 24HR 0.85 ON 28-28 TO 1/4 MILE OR LESS
LOWEST: 34 ON 1 3 = THUNDER
SNOW, ICE PELLETS, HAIL 4 = ICE PELLETS
TOTAL MONTH: M 5 = HAIL
GRTST 24HR M ON M 6 = FREEZING RAIN OR DRIZZLE
GRTST DEPTH: M ON M 7 = DUSTSTORM OR SANDSTORM:
VSBY 1/2 MILE OR LESS
8 = SMOKE OR HAZE
[NO. OF DAYS WITH] [WEATHER - DAYS WITH] 9 = BLOWING SNOW
X = TORNADO
MAX 32 OR BELOW: 0 0.01 INCH OR MORE: 11
MAX 90 OR ABOVE: 3 0.10 INCH OR MORE: 8
MIN 32 OR BELOW: 0 0.50 INCH OR MORE: 1
MIN 0 OR BELOW: 0 1.00 INCH OR MORE: 0
[HDD (BASE 65) ]
TOTAL THIS MO. 70 CLEAR (SCALE 0-3) 17
DPTR FM NORMAL -50 PTCLDY (SCALE 4-7) 12
TOTAL FM JUL 1 9407 CLOUDY (SCALE 8-10) 1
DPTR FM NORMAL 413
[CDD (BASE 65) ]
TOTAL THIS MO. 64
DPTR FM NORMAL -4 [PRESSURE DATA]
TOTAL FM JAN 1 70 HIGHEST SLP M ON M
DPTR FM NORMAL -11 LOWEST SLP 29.53 ON 7
[REMARKS]
#FINAL-06-19#