000
CXUS51 KOKX 010910
CF6ISP
PRELIMINARY LOCAL CLIMATOLOGICAL DATA (WS FORM: F-6)
STATION: ISLIP NY
MONTH: OCTOBER
YEAR: 2021
LATITUDE: 40 47 N
LONGITUDE: 73 6 W
TEMPERATURE IN F: :PCPN: SNOW: WIND :SUNSHINE: SKY :PK WND
================================================================================
1 2 3 4 5 6A 6B 7 8 9 10 11 12 13 14 15 16 17 18
12Z AVG MX 2MIN
DY MAX MIN AVG DEP HDD CDD WTR SNW DPTH SPD SPD DIR MIN PSBL S-S WX SPD DR
================================================================================
1 68 49 59 -2 6 0 0.00 0.0 0 6.6 15 340 M M 1 19 350
2 75 48 62 1 3 0 0.00 0.0 0 6.3 17 260 M M 4 24 200
3 77 56 67 7 0 2 0.00 0.0 0 6.2 13 230 M M 5 1 17 220
4 69 62 66 6 0 1 0.03 0.0 0 7.2 17 30 M M 9 1 23 40
5 65 59 62 2 3 0 0.00 0.0 0 8.4 16 20 M M 10 20 20
6 72 58 65 6 0 0 0.00 0.0 0 4.2 10 350 M M 9 15 350
7 76 53 65 6 0 0 0.00 0.0 0 2.9 13 180 M M 4 12 16 190
8 77 56 67 8 0 2 0.00 0.0 0 4.4 12 70 M M 6 128 16 70
9 69 58 64 6 1 0 0.00 0.0 0 11.5 22 110 M M 8 27 110
10 66 61 64 6 1 0 0.11 0.0 M 12.3 18 30 M M 0 1 23 50
11 74 58 66 9 0 1 T 0.0 0 11.3 22 30 M M 8 1 30 40
12 73 55 64 7 1 0 0.00 0.0 0 4.4 12 130 M M 6 14 130
13 73 53 63 6 2 0 0.00 0.0 0 3.5 13 220 M M 8 12 15 240
14 78 61 70 14 0 5 0.00 0.0 0 7.1 16 320 M M 5 1 22 330
15 78 59 69 13 0 4 0.00 0.0 0 5.1 12 210 M M 4 1 16 200
16 74 58 66 10 0 1 0.11 0.0 0 12.7 21 290 M M 7 1 32 200
17 66 51 59 4 6 0 0.02 0.0 0 10.9 25 290 M M 5 1 33 280
18 63 45 54 -1 11 0 T 0.0 0 11.5 25 300 M M 4 35 300
19 67 42 55 1 10 0 0.00 0.0 0 10.5 22 280 M M 1 30 270
20 77 50 64 10 1 0 0.00 0.0 0 7.9 20 290 M M 3 25 280
21 73 51 62 8 3 0 0.00 0.0 0 8.2 16 190 M M 3 24 200
22 71 58 65 11 0 0 0.00 0.0 0 8.3 16 220 M M 5 24 220
23 61 50 56 3 9 0 0.04 0.0 0 6.9 14 330 M M 8 17 360
24 61 42 52 -1 13 0 0.02 0.0 0 4.1 14 220 M M 5 8 16 220
25 72 58 65 13 0 0 0.02 0.0 0 9.2 16 220 M M 9 21 220
26 65 54 60 8 5 0 4.47 0.0 0 15.0 35 110 M M 10 1 48 120
27 59 51 55 3 10 0 0.66 0.0 0 18.8 35 10 M M 9 1 48 360
28 56 46 51 -1 14 0 0.00 0.0 0 6.8 14 30 M M 9 17 40
29 57 44 51 0 14 0 0.49 0.0 0 13.6 30 90 M M 9 1 38 90
30 63 54 59 8 6 0 0.75 0.0 0 7.4 24 90 M M 9 1 32 100
31 66 53 60 10 5 0 0.09 0.0 0 9.0 22 240 M M 7 1 29 270
================================================================================
SM 2141 1653 124 16 6.81 0.0 262.2 M 190
================================================================================
AV 69.1 53.3 8.5 FASTST M M 6 MAX(MPH)
MISC ----> # 35 110 # 48 120
================================================================================
NOTES:
# LAST OF SEVERAL OCCURRENCES
COLUMN 17 PEAK WIND IN M.P.H.
PRELIMINARY LOCAL CLIMATOLOGICAL DATA (WS FORM: F-6) , PAGE 2
STATION: ISLIP NY
MONTH: OCTOBER
YEAR: 2021
LATITUDE: 40 47 N
LONGITUDE: 73 6 W
[TEMPERATURE DATA] [PRECIPITATION DATA] SYMBOLS USED IN COLUMN 16
AVERAGE MONTHLY: 61.2 TOTAL FOR MONTH: 6.81 1 = FOG OR MIST
DPTR FM NORMAL: 5.5 DPTR FM NORMAL: 2.84 2 = FOG REDUCING VISIBILITY
HIGHEST: 78 ON 15,14 GRTST 24HR 4.57 ON 26-27 TO 1/4 MILE OR LESS
LOWEST: 42 ON 24,19 3 = THUNDER
SNOW, ICE PELLETS, HAIL 4 = ICE PELLETS
TOTAL MONTH: 0.0 INCH 5 = HAIL
GRTST 24HR 0.0 6 = FREEZING RAIN OR DRIZZLE
GRTST DEPTH: 0 7 = DUSTSTORM OR SANDSTORM:
VSBY 1/2 MILE OR LESS
8 = SMOKE OR HAZE
[NO. OF DAYS WITH] [WEATHER - DAYS WITH] 9 = BLOWING SNOW
X = TORNADO
MAX 32 OR BELOW: 0 0.01 INCH OR MORE: 12
MAX 90 OR ABOVE: 0 0.10 INCH OR MORE: 6
MIN 32 OR BELOW: 0 0.50 INCH OR MORE: 3
MIN 0 OR BELOW: 0 1.00 INCH OR MORE: 1
[HDD (BASE 65) ]
TOTAL THIS MO. 124 CLEAR (SCALE 0-3) 4
DPTR FM NORMAL -177 PTCLDY (SCALE 4-7) 17
TOTAL FM JUL 1 135 CLOUDY (SCALE 8-10) 10
DPTR FM NORMAL -222
[CDD (BASE 65) ]
TOTAL THIS MO. 16
DPTR FM NORMAL 3 [PRESSURE DATA]
TOTAL FM JAN 1 1046 HIGHEST SLP M ON M
DPTR FM NORMAL 161 LOWEST SLP 29.34 ON 26
[REMARKS]
#FINAL-10-21#