000
CXUS53 KGRB 012122
CF6ISW
PRELIMINARY LOCAL CLIMATOLOGICAL DATA (WS FORM: F-6)
STATION: WISCONSIN RAPIDS ASOS
MONTH: APRIL
YEAR: 2021
LATITUDE: 44 22 N
LONGITUDE: 89 50 W
TEMPERATURE IN F: :PCPN: SNOW: WIND :SUNSHINE: SKY :PK WND
================================================================================
1 2 3 4 5 6A 6B 7 8 9 10 11 12 13 14 15 16 17 18
12Z AVG MX 2MIN
DY MAX MIN AVG DEP HDD CDD WTR SNW DPTH SPD SPD DIR MIN PSBL S-S WX SPD DR
================================================================================
1 42 15 29 -9 36 0 0.00 0.0 0 3.7 12 340 M M 0 20 290
2 53 22 38 -1 27 0 0.00 0.0 0 9.4 20 180 M M 0 30 190
3 71 34 53 14 12 0 0.00 0.0 0 5.9 20 350 M M 0 26 350
4 77 38 58 18 7 0 0.00 0.0 0 7.4 20 210 M M 0 27 180
5 82 43 63 23 2 0 0.00 0.0 0 7.0 18 210 M M 0 26 210
6 82 57 70 29 0 5 0.11 0.0 0 8.0 18 200 M M 3 3 26 210
7 80 56 68 27 0 3 T 0.0 0 8.0 20 190 M M 4 31 180
8 64 50 57 15 8 0 0.42 0.0 0 7.9 16 180 M M 9 13 23 190
9 59 47 53 11 12 0 0.21 0.0 0 6.3 15 290 M M 10 1 24 250
10 54 45 50 7 15 0 0.20 0.0 0 8.5 16 10 M M 10 1 22 360
11 54 47 51 8 14 0 0.19 0.0 0 9.2 18 360 M M 10 1 25 350
12 58 44 51 7 14 0 0.05 0.0 0 9.0 24 240 M M 10 1 32 240
13 44 34 39 -5 26 0 T 0.0 0 10.6 20 250 M M 10 30 230
14 41 30 36 -8 29 0 0.06 0.0 0 9.0 16 310 M M 9 18 23 310
15 50 34 42 -3 23 0 0.00 0.0 0 8.3 17 320 M M 8 26 340
16 61 28 45 0 20 0 0.00 0.0 0 6.3 17 340 M M 1 1 24 350
17 60 30 45 -1 20 0 0.00 0.0 0 5.1 16 330 M M 2 25 340
18 63 39 51 5 14 0 0.07 0.0 0 6.3 20 290 M M 6 1 27 260
19 45 34 40 -7 25 0 0.03 0.0 0 12.6 24 310 M M 10 1 32 310
20 44 25 35 -12 30 0 0.00 0.0 0 5.3 16 320 M M 7 22 320
21 43 24 34 -14 31 0 T T 0 6.9 20 310 M M 8 28 330
22 63 20 42 -6 23 0 0.00 0.0 0 5.8 20 260 M M 1 28 270
23 61 38 50 2 15 0 0.00 0.0 0 8.5 20 180 M M 6 28 170
24 52 31 42 -7 23 0 T 0.0 0 7.4 23 320 M M 9 18 28 330
25 50 23 37 -12 28 0 T 0.0 0 5.7 18 110 M M 5 27 120
26 57 35 46 -4 19 0 0.03 0.0 0 11.9 22 100 M M 6 33 100
27 62 41 52 2 13 0 0.43 0.0 0 8.6 16 70 M M 6 13 24 340
28 65 45 55 5 10 0 0.01 0.0 0 5.1 15 50 M M 6 19 50
29 68 43 56 5 9 0 T 0.0 0 8.5 28 330 M M 4 1 41 360
30 61 39 50 -1 15 0 0.00 0.0 0 8.3 20 350 M M 1 29 360
================================================================================
SM 1766 1091 520 8 1.81 T 230.5 M 161
================================================================================
AV 58.9 36.4 7.7 FASTST M M 5 MAX(MPH)
MISC ----> 28 330 41 360
================================================================================
NOTES:
# LAST OF SEVERAL OCCURRENCES
COLUMN 17 PEAK WIND IN M.P.H.
PRELIMINARY LOCAL CLIMATOLOGICAL DATA (WS FORM: F-6) , PAGE 2
STATION: WISCONSIN RAPIDS ASOS
MONTH: APRIL
YEAR: 2021
LATITUDE: 44 22 N
LONGITUDE: 89 50 W
[TEMPERATURE DATA] [PRECIPITATION DATA] SYMBOLS USED IN COLUMN 16
AVERAGE MONTHLY: 47.6 TOTAL FOR MONTH: 1.81 1 = FOG OR MIST
DPTR FM NORMAL: 2.6 DPTR FM NORMAL: -1.12 2 = FOG REDUCING VISIBILITY
HIGHEST: 82 ON 6, 5 GRTST 24HR 0.44 ON 27-28 TO 1/4 MILE OR LESS
LOWEST: 15 ON 1 3 = THUNDER
SNOW, ICE PELLETS, HAIL 4 = ICE PELLETS
TOTAL MONTH: T 5 = HAIL
GRTST 24HR T ON 21-21 6 = FREEZING RAIN OR DRIZZLE
GRTST DEPTH: 0 7 = DUSTSTORM OR SANDSTORM:
VSBY 1/2 MILE OR LESS
8 = SMOKE OR HAZE
[NO. OF DAYS WITH] [WEATHER - DAYS WITH] 9 = BLOWING SNOW
X = TORNADO
MAX 32 OR BELOW: 0 0.01 INCH OR MORE: 12
MAX 90 OR ABOVE: 0 0.10 INCH OR MORE: 6
MIN 32 OR BELOW: 10 0.50 INCH OR MORE: 0
MIN 0 OR BELOW: 0 1.00 INCH OR MORE: 0
[HDD (BASE 65) ]
TOTAL THIS MO. 520 CLEAR (SCALE 0-3) 9
DPTR FM NORMAL -83 PTCLDY (SCALE 4-7) 12
TOTAL FM JUL 1 7083 CLOUDY (SCALE 8-10) 9
DPTR FM NORMAL -538
[CDD (BASE 65) ]
TOTAL THIS MO. 8
DPTR FM NORMAL 7 [PRESSURE DATA]
TOTAL FM JAN 1 8 HIGHEST SLP 30.61 ON 1
DPTR FM NORMAL 7 LOWEST SLP 29.38 ON 11
[REMARKS]
#FINAL-04-21#