000
CXHW53 PHFO 011250
CF6ITO
PRELIMINARY LOCAL CLIMATOLOGICAL DATA (WS FORM: F-6)
STATION: HILO HI
MONTH: AUGUST
YEAR: 2023
LATITUDE: 19 43 N
LONGITUDE: 155 4 W
TEMPERATURE IN F: :PCPN: SNOW: WIND :SUNSHINE: SKY :PK WND
================================================================================
1 2 3 4 5 6A 6B 7 8 9 10 11 12 13 14 15 16 17 18
12Z AVG MX 2MIN
DY MAX MIN AVG DEP HDD CDD WTR SNW DPTH SPD SPD DIR MIN PSBL S-S WX SPD DR
================================================================================
1 86 70 78 1 0 13 0.19 M M 6.2 16 60 M M 7 18 20 60
2 85 70 78 1 0 13 0.43 M M 7.1 15 50 M M 5 1 19 70
3 84 69 77 0 0 12 0.05 M M 7.4 16 60 M M 6 1 22 50
4 83 68 76 -1 0 11 0.10 M M 6.1 18 50 M M 8 1 22 60
5 80 67 74 -3 0 9 0.11 M M 5.4 13 100 M M 8 1 17 220
6 84 67 76 -1 0 11 0.04 M M 6.4 13 100 M M 6 1 18 100
7 86 72 79 2 0 14 0.04 M M 6.6 17 80 M M 7 1 22 80
8 85 72 79 2 0 14 0.06 M M 6.5 15 30 M M 7 20 360
9 84 70 77 0 0 12 0.34 M M 6.7 16 80 M M 8 1 21 20
10 84 71 78 1 0 13 0.28 M M 6.3 15 80 M M 9 1 17 70
11 81 69 75 -2 0 10 0.34 M M 5.8 10 260 M M 9 1 12 260
12 84 67 76 -1 0 11 T M M 6.1 15 50 M M 5 19 80
13 85 69 77 0 0 12 0.32 M M 6.3 14 40 M M 6 1 17 50
14 84 68 76 -1 0 11 0.02 M M 6.9 13 10 M M 4 1 17 40
15 84 69 77 0 0 12 0.09 M M 5.5 16 80 M M 9 1 20 80
16 85 71 78 1 0 13 0.07 M M 6.9 15 50 M M 6 1 19 60
17 85 70 78 1 0 13 0.10 M M 6.7 14 40 M M 8 1 21 50
18 85 71 78 1 0 13 0.07 M M 6.8 15 40 M M 6 1 19 40
19 85 70 78 1 0 13 0.01 M M 6.9 14 40 M M 6 18 20
20 85 69 77 0 0 12 T M M 6.2 13 40 M M 5 16 20
21 84 71 78 1 0 13 0.69 M M 7.2 18 90 M M 10 1 23 90
22 86 70 78 1 0 13 0.24 M M 6.1 17 90 M M 7 1 23 80
23 85 71 78 1 0 13 0.07 M M 6.4 16 80 M M 8 1 21 60
24 85 70 78 1 0 13 0.29 M M 7.4 18 120 M M 8 1 24 130
25 86 69 78 1 0 13 0.06 M M 7.2 26 90 M M 8 1 31 90
26 84 71 78 1 0 13 0.08 M M 6.2 21 50 M M 9 1 26 60
27 85 69 77 0 0 12 0.36 M M 6.0 15 100 M M 7 1 23 100
28 81 69 75 -2 0 10 0.34 M M 6.9 15 260 M M 9 1 18 150
29 85 70 78 1 0 13 0.10 M M 6.1 15 80 M M 7 1 20 140
30 85 73 79 2 0 14 0.10 M M 7.2 21 80 M M 10 1 25 80
31 84 69 77 0 0 12 0.36 M M 6.1 16 250 M M 7 1 19 250
================================================================================
SM 2614 2161 0 381 5.35 M 201.6 M 225
================================================================================
AV 84.3 69.7 6.5 FASTST M M 7 MAX(MPH)
MISC ----> 26 90 31 90
================================================================================
NOTES:
# LAST OF SEVERAL OCCURRENCES
COLUMN 17 PEAK WIND IN M.P.H.
PRELIMINARY LOCAL CLIMATOLOGICAL DATA (WS FORM: F-6) , PAGE 2
STATION: HILO HI
MONTH: AUGUST
YEAR: 2023
LATITUDE: 19 43 N
LONGITUDE: 155 4 W
[TEMPERATURE DATA] [PRECIPITATION DATA] SYMBOLS USED IN COLUMN 16
AVERAGE MONTHLY: 77.0 TOTAL FOR MONTH: 5.35 1 = FOG OR MIST
DPTR FM NORMAL: 0.4 DPTR FM NORMAL: -5.95 2 = FOG REDUCING VISIBILITY
HIGHEST: 86 ON 25,22 GRTST 24HR 0.69 ON 20-21 TO 1/4 MILE OR LESS
LOWEST: 67 ON 12, 6 3 = THUNDER
SNOW, ICE PELLETS, HAIL 4 = ICE PELLETS
TOTAL MONTH: M 5 = HAIL
GRTST 24HR M ON M 6 = FREEZING RAIN OR DRIZZLE
GRTST DEPTH: M ON M 7 = DUSTSTORM OR SANDSTORM:
VSBY 1/2 MILE OR LESS
8 = SMOKE OR HAZE
[NO. OF DAYS WITH] [WEATHER - DAYS WITH] 9 = BLOWING SNOW
X = TORNADO
MAX 32 OR BELOW: 0 0.01 INCH OR MORE: 29
MAX 90 OR ABOVE: 0 0.10 INCH OR MORE: 17
MIN 32 OR BELOW: 0 0.50 INCH OR MORE: 1
MIN 0 OR BELOW: 0 1.00 INCH OR MORE: 0
[HDD (BASE 65) ]
TOTAL THIS MO. 0 CLEAR (SCALE 0-3) 0
DPTR FM NORMAL 0 PTCLDY (SCALE 4-7) 24
TOTAL FM JUL 1 0 CLOUDY (SCALE 8-10) 7
DPTR FM NORMAL 0
[CDD (BASE 65) ]
TOTAL THIS MO. 381
DPTR FM NORMAL 20 [PRESSURE DATA]
TOTAL FM JAN 1 2424 HIGHEST SLP 30.19 ON 8
DPTR FM NORMAL 313 LOWEST SLP 29.89 ON 27
[REMARKS]
#FINAL-08-23#