000
CXUS55 KGLD 010800
CF6ITR
PRELIMINARY LOCAL CLIMATOLOGICAL DATA (WS FORM: F-6)
STATION: BURLINGTON CO
MONTH: NOVEMBER
YEAR: 2021
LATITUDE: 39 15 N
LONGITUDE: 102 17 W
TEMPERATURE IN F: :PCPN: SNOW: WIND :SUNSHINE: SKY :PK WND
================================================================================
1 2 3 4 5 6A 6B 7 8 9 10 11 12 13 14 15 16 17 18
12Z AVG MX 2MIN
DY MAX MIN AVG DEP HDD CDD WTR SNW DPTH SPD SPD DIR MIN PSBL S-S WX SPD DR
================================================================================
1 43 26 35 -10 30 0 0.00 M M 8.5 18 130 M M 7 24 140
2 39 35 37 -8 28 0 T M M 11.0 15 170 M M 10 M M
3 63 27 45 1 20 0 0.00 M M 7.0 16 240 M M 2 18 20 240
4 68 29 49 5 16 0 0.00 M M 11.2 20 220 M M 1 26 200
5 77 36 57 14 8 0 0.00 M M 8.7 21 10 M M 0 8 28 50
6 82 33 58 15 7 0 0.00 M M 10.5 17 200 M M 0 8 25 210
7 81 41 61 18 4 0 0.00 M M 9.4 16 130 M M 0 21 140
8 57 31 44 2 21 0 0.00 M M 11.3 22 350 M M 0 8 28 340
9 58 23 41 -1 24 0 0.00 M M 9.1 21 170 M M 0 28 160
10 60 28 44 2 21 0 0.00 M M 14.9 35 340 M M 0 1 53 340
11 54 24 39 -2 26 0 T M M 12.4 30 350 M M 3 1 43 350
12 51 26 39 -2 26 0 0.00 M M 15.0 31 330 M M 1 46 330
13 72 31 52 12 13 0 0.00 M M 13.0 39 330 M M 1 52 320
14 61 26 44 4 21 0 0.00 M M 13.8 28 220 M M 0 36 220
15 79 40 60 20 5 0 0.00 M M 9.0 17 300 M M 0 23 300
16 62 42 52 13 13 0 0.00 M M 7.2 26 30 M M 0 34 20
17 42 14 28 -11 37 0 0.00 M M 11.8 28 360 M M 4 38 360
18 51 13 32 -6 33 0 0.00 M M 14.0 23 190 M M 0 33 180
19 64 30 47 9 18 0 0.00 M M 8.4 14 200 M M 0 18 150
20 63 26 45 7 20 0 0.00 M M 10.8 22 10 M M 1 30 10
21 53 27 40 3 25 0 0.00 M M 10.3 18 10 M M 1 24 320
22 67 27 47 10 18 0 0.00 M M 9.8 16 210 M M 0 20 200
23 75 30 53 17 12 0 0.00 M M 9.2 20 220 M M 0 25 230
24 53 21 37 1 28 0 0.00 M M 15.8 31 350 M M 4 47 340
25 55 15 35 -1 30 0 0.00 M M 12.4 22 250 M M 0 28 240
26 72 29 51 16 14 0 0.00 M M 10.1 16 250 M M 0 8 22 220
27 59 24 42 7 23 0 0.00 M M 9.7 22 20 M M 0 8 28 20
28 68 24 46 12 19 0 0.00 M M 9.8 20 300 M M 0 25 330
29 75 35 55 21 10 0 0.00 M M 8.8 20 360 M M 0 8 27 340
30 60 33 47 13 18 0 0.00 M M 10.5 23 120 M M 2 32 120
================================================================================
SM 1864 846 588 0 T M 323.5 M 37
================================================================================
AV 62.1 28.2 10.8 FASTST M M 1 MAX(MPH)
MISC ----> 39 330 53 340
================================================================================
NOTES:
# LAST OF SEVERAL OCCURRENCES
COLUMN 17 PEAK WIND IN M.P.H.
PRELIMINARY LOCAL CLIMATOLOGICAL DATA (WS FORM: F-6) , PAGE 2
STATION: BURLINGTON CO
MONTH: NOVEMBER
YEAR: 2021
LATITUDE: 39 15 N
LONGITUDE: 102 17 W
[TEMPERATURE DATA] [PRECIPITATION DATA] SYMBOLS USED IN COLUMN 16
AVERAGE MONTHLY: 45.2 TOTAL FOR MONTH: T 1 = FOG OR MIST
DPTR FM NORMAL: 5.9 DPTR FM NORMAL: -0.38 2 = FOG REDUCING VISIBILITY
HIGHEST: 82 ON 6 GRTST 24HR T ON 31- 1 TO 1/4 MILE OR LESS
LOWEST: 13 ON 18 3 = THUNDER
SNOW, ICE PELLETS, HAIL 4 = ICE PELLETS
TOTAL MONTH: M 5 = HAIL
GRTST 24HR M ON M 6 = FREEZING RAIN OR DRIZZLE
GRTST DEPTH: M ON M 7 = DUSTSTORM OR SANDSTORM:
VSBY 1/2 MILE OR LESS
8 = SMOKE OR HAZE
[NO. OF DAYS WITH] [WEATHER - DAYS WITH] 9 = BLOWING SNOW
X = TORNADO
MAX 32 OR BELOW: 0 0.01 INCH OR MORE: 0
MAX 90 OR ABOVE: 0 0.10 INCH OR MORE: 0
MIN 32 OR BELOW: 22 0.50 INCH OR MORE: 0
MIN 0 OR BELOW: 0 1.00 INCH OR MORE: 0
[HDD (BASE 65) ]
TOTAL THIS MO. 588 CLEAR (SCALE 0-3) 26
DPTR FM NORMAL -183 PTCLDY (SCALE 4-7) 3
TOTAL FM JUL 1 935 CLOUDY (SCALE 8-10) 1
DPTR FM NORMAL -379
[CDD (BASE 65) ]
TOTAL THIS MO. 0
DPTR FM NORMAL 0 [PRESSURE DATA]
TOTAL FM JAN 1 1170 HIGHEST SLP M ON M
DPTR FM NORMAL 248 LOWEST SLP 29.53 ON 23
[REMARKS]
#FINAL-11-21#