000
CXUS53 KEAX 010836
CF6IXD
PRELIMINARY LOCAL CLIMATOLOGICAL DATA (WS FORM: F-6)
STATION: NEW CENTURY AIR CENTER KS
MONTH: DECEMBER
YEAR: 2021
LATITUDE: 38 49 N
LONGITUDE: 94 54 W
TEMPERATURE IN F: :PCPN: SNOW: WIND :SUNSHINE: SKY :PK WND
================================================================================
1 2 3 4 5 6A 6B 7 8 9 10 11 12 13 14 15 16 17 18
12Z AVG MX 2MIN
DY MAX MIN AVG DEP HDD CDD WTR SNW DPTH SPD SPD DIR MIN PSBL S-S WX SPD DR
================================================================================
1 65 38 52 14 13 0 0.00 M M 6.9 15 220 M M 0 21 220
2 72 44 58 21 7 0 0.00 M M 6.7 13 240 M M 0 19 240
3 66 39 53 16 12 0 0.00 M M 9.5 18 350 M M 0 22 340
4 53 38 46 9 19 0 0.00 M M 10.3 17 50 M M 2 24 100
5 67 40 54 18 11 0 T M M 16.2 38 330 M M 5 18 51 330
6 40 27 34 -2 31 0 0.00 M M 12.8 32 330 M M 1 44 340
7 42 29 36 0 29 0 0.00 M M 9.4 18 200 M M 1 26 190
8 53 25 39 3 26 0 0.00 M M 7.1 15 140 M M 0 21 140
9 65 40 53 18 12 0 0.00 M M 10.3 22 170 M M 0 31 170
10 67 35 51 16 14 0 T M M 15.7 31 280 M M 5 8 44 280
11 47 28 38 3 27 0 0.00 M M 13.2 30 300 M M 3 42 310
12 55 26 41 7 24 0 0.00 M M 12.7 26 190 M M 0 35 200
13 58 29 44 10 21 0 0.00 M M 8.5 15 180 M M 0 23 190
14 66 43 55 21 10 0 0.00 M M 12.7 24 180 M M 3 35 180
15 74 44 59 25 6 0 0.20 M M 23.5 44 250 M M 8 138 66 240
16 48 30 39 6 26 0 0.00 M M 7.8 24 290 M M 0 37 300
17 45 31 38 5 27 0 0.00 M M 9.9 17 120 M M 7 25 120
18 34 25 30 -3 35 0 0.00 M M 12.4 21 350 M M 6 32 340
19 38 23 31 -2 34 0 0.00 M M 8.3 16 160 M M 5 22 150
20 48 24 36 4 29 0 0.00 M M 9.2 17 210 M M 0 18 23 200
21 47 17 32 0 33 0 0.00 M M 5.5 21 290 M M 0 27 290
22 55 21 38 6 27 0 0.00 M M 8.5 17 190 M M 0 25 190
23 58 39 49 17 16 0 0.00 M M 11.7 21 200 M M 0 1 29 190
24 73 45 59 27 6 0 0.00 M M 13.4 31 200 M M 0 1 40 200
25 57 36 47 16 18 0 0.00 M M 5.3 20 350 M M 0 18 25 350
26 65 35 50 19 15 0 0.00 M M 14.0 33 140 M M 0 45 140
27 63 38 51 20 14 0 0.00 M M 9.8 23 290 M M 0 37 290
28 59 24 42 11 23 0 0.40 M M 14.8 30 140 M M 5 1 42 150
29 34 20 27 -4 38 0 0.00 M M 8.1 15 50 M M 5 18 21 50
30 46 30 38 7 27 0 0.00 M M 5.9 12 160 M M 5 18 16 210
31 63 34 49 19 16 0 0.00 M M 11.8 21 340 M M 1 1 26 10
================================================================================
SM 1723 997 646 0 0.60 M 331.9 M 62
================================================================================
AV 55.6 32.2 10.7 FASTST M M 2 MAX(MPH)
MISC ----> 44 250 66 240
================================================================================
NOTES:
# LAST OF SEVERAL OCCURRENCES
COLUMN 17 PEAK WIND IN M.P.H.
PRELIMINARY LOCAL CLIMATOLOGICAL DATA (WS FORM: F-6) , PAGE 2
STATION: NEW CENTURY AIR CENTER KS
MONTH: DECEMBER
YEAR: 2021
LATITUDE: 38 49 N
LONGITUDE: 94 54 W
[TEMPERATURE DATA] [PRECIPITATION DATA] SYMBOLS USED IN COLUMN 16
AVERAGE MONTHLY: 43.9 TOTAL FOR MONTH: 0.60 1 = FOG OR MIST
DPTR FM NORMAL: 10.3 DPTR FM NORMAL: -0.90 2 = FOG REDUCING VISIBILITY
HIGHEST: 74 ON 15 GRTST 24HR 0.40 ON 28-28 TO 1/4 MILE OR LESS
LOWEST: 17 ON 21 3 = THUNDER
SNOW, ICE PELLETS, HAIL 4 = ICE PELLETS
TOTAL MONTH: M 5 = HAIL
GRTST 24HR M ON M 6 = FREEZING RAIN OR DRIZZLE
GRTST DEPTH: M ON M 7 = DUSTSTORM OR SANDSTORM:
VSBY 1/2 MILE OR LESS
8 = SMOKE OR HAZE
[NO. OF DAYS WITH] [WEATHER - DAYS WITH] 9 = BLOWING SNOW
X = TORNADO
MAX 32 OR BELOW: 0 0.01 INCH OR MORE: 2
MAX 90 OR ABOVE: 0 0.10 INCH OR MORE: 2
MIN 32 OR BELOW: 16 0.50 INCH OR MORE: 0
MIN 0 OR BELOW: 0 1.00 INCH OR MORE: 0
[HDD (BASE 65) ]
TOTAL THIS MO. 646 CLEAR (SCALE 0-3) 22
DPTR FM NORMAL -327 PTCLDY (SCALE 4-7) 9
TOTAL FM JUL 1 1411 CLOUDY (SCALE 8-10) 0
DPTR FM NORMAL -544
[CDD (BASE 65) ]
TOTAL THIS MO. 0
DPTR FM NORMAL 0 [PRESSURE DATA]
TOTAL FM JAN 1 1607 HIGHEST SLP 30.42 ON 19
DPTR FM NORMAL 191 LOWEST SLP 29.33 ON 10
[REMARKS]
#FINAL-12-21#