000
CXUS55 KRIW 011010
CF6JAC
PRELIMINARY LOCAL CLIMATOLOGICAL DATA (WS FORM: F-6)
STATION: JACKSON WY
MONTH: MAY
YEAR: 2022
LATITUDE: 43 35 N
LONGITUDE: 110 44 W
TEMPERATURE IN F: :PCPN: SNOW: WIND :SUNSHINE: SKY :PK WND
================================================================================
1 2 3 4 5 6A 6B 7 8 9 10 11 12 13 14 15 16 17 18
12Z AVG MX 2MIN
DY MAX MIN AVG DEP HDD CDD WTR SNW DPTH SPD SPD DIR MIN PSBL S-S WX SPD DR
================================================================================
1 58 35 47 5 18 0 0.07 M M 10.5 21 120 M M 8 1 31 120
2 56 35 46 3 19 0 T M M 5.3 18 20 M M 9 32 280
3 41 32 37 -6 28 0 0.10 M M 7.8 28 270 M M 10 1 32 270
4 58 25 42 -1 23 0 0.00 M M 6.2 15 290 M M 1 21 40
5 64 26 45 1 20 0 T M M 8.7 17 210 M M 2 25 200
6 60 42 51 7 14 0 T M M 12.3 23 220 M M 9 31 210
7 M M M M M M T M M 19.4 32 180 M M 6 41 200
8 42 M M M M M 0.00 M M 15.0 27 180 M M 4 M M
9 34 15 25 -20 40 0 T M M 13.2 38 230 M M 5 1 31 200
10 49 14 32 -13 33 0 T M M 7.7 20 230 M M 4 8 36 230
11 61 23 42 -4 23 0 0.00 M M 7.3 18 40 M M 4 8 23 240
12 51 35 43 -3 22 0 0.02 M M 12.9 21 270 M M 9 18 33 280
13 50 33 42 -4 23 0 0.01 M M 19.0 29 250 M M 5 1 43 250
14 53 42 48 2 17 0 T M M 12.2 21 210 M M 8 35 240
15 70 32 51 4 14 0 0.00 M M 6.4 12 260 M M 1 20 290
16 74 35 55 8 10 0 0.00 M M 8.5 17 250 M M 1 8 24 250
17 67 35 51 4 14 0 0.00 M M 7.1 18 230 M M 0 8 28 270
18 68 30 49 1 16 0 T M M 12.5 28 250 M M 2 45 220
19 57 23 40 -8 25 0 T M M 18.9 32 240 M M 7 51 240
20 48 24 36 -12 29 0 0.01 M M 11.2 23 20 M M 4 32 350
21 48 22 35 -13 30 0 0.00 M M 8.1 14 150 M M 4 20 150
22 51 23 37 -12 28 0 T M M 6.4 15 210 M M 6 35 280
23 55 29 42 -7 23 0 0.00 M M 5.7 17 320 M M 4 22 320
24 53 24 39 -10 26 0 T M M 4.3 16 20 M M 4 M M
25 68 25 47 -2 18 0 0.00 M M 6.7 18 250 M M 2 25 250
26 77 29 53 3 12 0 T M M 8.1 23 280 M M 3 43 280
27 70 44 57 7 8 0 T M M 10.6 18 260 M M 5 39 230
28 53 38 46 -4 19 0 M M M 8.7 18 190 M M 9 1 25 190
29 51 37 44 -6 21 0 0.01 M M 6.3 16 20 M M 9 16 340
30 44 33 39 -11 26 0 0.02 M M 4.3 9 180 M M 10 1 M M
31 50 37 44 -7 21 0 T M M 8.0 17 20 M M 8 21 360
================================================================================
SM 1681 877 620 0 0.24 M 299.3 M 163
================================================================================
AV 56.0 30.2 9.7 FASTST M M 5 MAX(MPH)
MISC ----> 38 230 51 240
================================================================================
NOTES:
# LAST OF SEVERAL OCCURRENCES
COLUMN 17 PEAK WIND IN M.P.H.
PRELIMINARY LOCAL CLIMATOLOGICAL DATA (WS FORM: F-6) , PAGE 2
STATION: JACKSON WY
MONTH: MAY
YEAR: 2022
LATITUDE: 43 35 N
LONGITUDE: 110 44 W
[TEMPERATURE DATA] [PRECIPITATION DATA] SYMBOLS USED IN COLUMN 16
AVERAGE MONTHLY: 43.1 TOTAL FOR MONTH: 0.24 1 = FOG OR MIST
DPTR FM NORMAL: -3.7 DPTR FM NORMAL: -1.64 2 = FOG REDUCING VISIBILITY
HIGHEST: 77 ON 26 GRTST 24HR 0.10 ON 2- 3 TO 1/4 MILE OR LESS
LOWEST: 14 ON 10 3 = THUNDER
SNOW, ICE PELLETS, HAIL 4 = ICE PELLETS
TOTAL MONTH: M 5 = HAIL
GRTST 24HR M ON M 6 = FREEZING RAIN OR DRIZZLE
GRTST DEPTH: M ON M 7 = DUSTSTORM OR SANDSTORM:
VSBY 1/2 MILE OR LESS
8 = SMOKE OR HAZE
[NO. OF DAYS WITH] [WEATHER - DAYS WITH] 9 = BLOWING SNOW
X = TORNADO
MAX 32 OR BELOW: 0 0.01 INCH OR MORE: 7
MAX 90 OR ABOVE: 0 0.10 INCH OR MORE: 0
MIN 32 OR BELOW: 16 0.50 INCH OR MORE: 0
MIN 0 OR BELOW: 0 1.00 INCH OR MORE: 0
[HDD (BASE 65) ]
TOTAL THIS MO. 620 CLEAR (SCALE 0-3) 8
DPTR FM NORMAL 56 PTCLDY (SCALE 4-7) 14
TOTAL FM JUL 1 9180 CLOUDY (SCALE 8-10) 9
DPTR FM NORMAL -513
[CDD (BASE 65) ]
TOTAL THIS MO. 0
DPTR FM NORMAL 0 [PRESSURE DATA]
TOTAL FM JAN 1 0 HIGHEST SLP 30.27 ON 21
DPTR FM NORMAL 0 LOWEST SLP 29.53 ON 29
[REMARKS]
#FINAL-05-22#