000
CXUS54 KMEG 042056
CF6JBR
PRELIMINARY LOCAL CLIMATOLOGICAL DATA (WS FORM: F-6)
STATION: JONESBORO
MONTH: MARCH
YEAR: 2022
LATITUDE: 35 49 N
LONGITUDE: 90 39 W
TEMPERATURE IN F: :PCPN: SNOW: WIND :SUNSHINE: SKY :PK WND
================================================================================
1 2 3 4 5 6A 6B 7 8 9 10 11 12 13 14 15 16 17 18
12Z AVG MX 2MIN
DY MAX MIN AVG DEP HDD CDD WTR SNW DPTH SPD SPD DIR MIN PSBL S-S WX SPD DR
================================================================================
1 69 35 52 6 13 0 0.00 M M 8.3 22 220 M M 0 26 220
2 74 42 58 11 7 0 0.00 M M 8.5 17 230 M M 0 20 220
3 73 42 58 11 7 0 0.00 M M 8.9 16 50 M M 0 21 50
4 71 40 56 9 9 0 0.00 M M 5.5 16 50 M M 0 8 21 60
5 73 49 61 13 4 0 0.00 M M 12.6 30 200 M M 7 8 37 200
6 76 66 71 23 0 6 0.12 M M 16.1 35 200 M M 8 1 43 190
7 73 37 55 7 10 0 0.31 M M 11.7 32 200 M M 9 13 40 200
8 42 32 37 -11 28 0 0.05 M M 8.3 23 60 M M 7 1 26 50
9 53 35 44 -5 21 0 0.02 M M 5.3 13 70 M M 3 1 18 70
10 57 34 46 -3 19 0 0.00 M M 5.9 13 60 M M 0 17 50
11 46 28 37 -12 28 0 T M M 10.5 21 360 M M 5 12 31 360
12 37 22 30 -20 35 0 0.00 M M 10.0 24 320 M M 0 29 320
13 58 29 44 -6 21 0 0.00 M M 14.4 29 210 M M 0 34 200
14 62 35 49 -1 16 0 T M M 6.9 17 230 M M 5 23 170
15 67 49 58 7 7 0 0.01 M M 6.8 12 60 M M 6 18 130
16 70 50 60 9 5 0 0.00 M M 5.6 12 80 M M 2 16 50
17 74 44 59 8 6 0 0.11 M M 5.9 18 150 M M 4 12 22 150
18 67 47 57 5 8 0 0.45 M M 16.6 32 240 M M 8 1 41 260
19 65 45 55 3 10 0 0.00 M M 10.8 20 290 M M 4 28 270
20 73 37 55 3 10 0 0.00 M M 3.3 13 180 M M 0 23 170
21 74 43 59 6 6 0 0.09 M M 9.3 23 170 M M 3 3 29 150
22 64 54 59 6 6 0 1.39 M M 8.9 29 260 M M 9 13 42 280
23 54 39 47 -6 18 0 T M M 14.3 25 240 M M 9 33 240
24 52 34 43 -11 22 0 0.00 M M 6.8 20 260 M M 6 26 230
25 64 39 52 -2 13 0 0.00 M M 8.9 18 320 M M 4 24 250
26 65 43 54 0 11 0 0.00 M M 8.3 18 230 M M 0 24 290
27 51 37 44 -11 21 0 0.00 M M 9.0 17 60 M M 0 22 70
28 61 38 50 -5 15 0 0.00 M M 10.7 20 60 M M 1 30 50
29 76 46 61 6 4 0 0.00 M M 14.3 29 190 M M 6 37 190
30 73 46 60 4 5 0 1.32 M M 18.1 36 160 M M 7 1238 50 180
31 53 40 47 -9 18 0 0.01 M M 11.3 21 240 M M 7 27 290
================================================================================
SM 1967 1257 403 6 3.88 M 301.8 M 120
================================================================================
AV 63.5 40.5 9.7 FASTST M M 4 MAX(MPH)
MISC ----> 36 160 50 180
================================================================================
NOTES:
# LAST OF SEVERAL OCCURRENCES
COLUMN 17 PEAK WIND IN M.P.H.
PRELIMINARY LOCAL CLIMATOLOGICAL DATA (WS FORM: F-6) , PAGE 2
STATION: JONESBORO
MONTH: MARCH
YEAR: 2022
LATITUDE: 35 49 N
LONGITUDE: 90 39 W
[TEMPERATURE DATA] [PRECIPITATION DATA] SYMBOLS USED IN COLUMN 16
AVERAGE MONTHLY: 52.0 TOTAL FOR MONTH: 3.88 1 = FOG OR MIST
DPTR FM NORMAL: 0.9 DPTR FM NORMAL: -0.85 2 = FOG REDUCING VISIBILITY
HIGHEST: 76 ON 29, 6 GRTST 24HR 1.46 ON 21-22 TO 1/4 MILE OR LESS
LOWEST: 22 ON 12 3 = THUNDER
SNOW, ICE PELLETS, HAIL 4 = ICE PELLETS
TOTAL MONTH: M 5 = HAIL
GRTST 24HR M ON M 6 = FREEZING RAIN OR DRIZZLE
GRTST DEPTH: M ON M 7 = DUSTSTORM OR SANDSTORM:
VSBY 1/2 MILE OR LESS
8 = SMOKE OR HAZE
[NO. OF DAYS WITH] [WEATHER - DAYS WITH] 9 = BLOWING SNOW
X = TORNADO
MAX 32 OR BELOW: 0 0.01 INCH OR MORE: 11
MAX 90 OR ABOVE: 0 0.10 INCH OR MORE: 6
MIN 32 OR BELOW: 4 0.50 INCH OR MORE: 2
MIN 0 OR BELOW: 0 1.00 INCH OR MORE: 2
[HDD (BASE 65) ]
TOTAL THIS MO. 403 CLEAR (SCALE 0-3) 14
DPTR FM NORMAL -38 PTCLDY (SCALE 4-7) 14
TOTAL FM JUL 1 2973 CLOUDY (SCALE 8-10) 3
DPTR FM NORMAL -266
[CDD (BASE 65) ]
TOTAL THIS MO. 6
DPTR FM NORMAL -3 [PRESSURE DATA]
TOTAL FM JAN 1 6 HIGHEST SLP 30.46 ON 12
DPTR FM NORMAL -4 LOWEST SLP 29.28 ON 30
[REMARKS]
#FINAL-03-22#