000
CXUS51 KOKX 010910
CF6JFK
PRELIMINARY LOCAL CLIMATOLOGICAL DATA (WS FORM: F-6)
STATION: KENNEDY NY
MONTH: MAY
YEAR: 2023
LATITUDE: 40 39 N
LONGITUDE: 73 47 W
TEMPERATURE IN F: :PCPN: SNOW: WIND :SUNSHINE: SKY :PK WND
================================================================================
1 2 3 4 5 6A 6B 7 8 9 10 11 12 13 14 15 16 17 18
12Z AVG MX 2MIN
DY MAX MIN AVG DEP HDD CDD WTR SNW DPTH SPD SPD DIR MIN PSBL S-S WX SPD DR
================================================================================
1 62 49 56 0 9 0 0.03 0.0 0 17.5 24 280 M M 7 2 39 290
2 57 46 52 -4 13 0 0.10 0.0 0 14.3 24 240 M M 9 1 31 240
3 56 47 52 -5 13 0 0.01 0.0 0 10.4 18 270 M M 9 22 260
4 56 47 52 -5 13 0 0.16 0.0 0 9.4 15 40 M M 9 1 20 40
5 61 44 53 -4 12 0 0.00 0.0 0 6.8 14 170 M M 5 17 210
6 72 48 60 2 5 0 0.00 0.0 0 8.1 18 180 M M 3 23 310
7 73 53 63 5 2 0 T 0.0 0 10.1 21 170 M M 6 25 170
8 78 57 68 10 0 3 T 0.0 0 10.0 24 290 M M 7 28 300
9 63 50 57 -1 8 0 0.00 0.0 0 8.5 17 30 M M 7 21 30
10 66 44 55 -4 10 0 0.00 0.0 0 8.8 24 200 M M 6 27 190
11 75 51 63 4 2 0 0.00 0.0 0 9.9 20 200 M M 5 22 200
12 83 56 70 11 0 5 0.00 0.0 0 9.2 20 190 M M 6 23 200
13 80 64 72 12 0 7 0.00 0.0 0 9.5 17 10 M M 8 22 20
14 69 56 63 3 2 0 0.00 0.0 0 8.3 17 360 M M 6 25 10
15 72 51 62 2 3 0 0.00 0.0 0 12.1 22 230 M M 6 25 240
16 78 56 67 7 0 2 0.00 0.0 0 13.5 22 250 M M 6 28 240
17 68 49 59 -2 6 0 0.00 0.0 0 16.0 28 350 M M 5 34 360
18 57 42 50 -11 15 0 0.00 0.0 0 10.4 18 170 M M 2 8 22 180
19 66 51 59 -2 6 0 0.00 0.0 0 11.9 25 160 M M 6 31 160
20 63 57 60 -2 5 0 1.65 0.0 0 9.3 23 170 M M 10 12 28 160
21 72 56 64 2 1 0 T 0.0 0 13.2 26 320 M M 7 12 35 330
22 74 54 64 2 1 0 0.00 0.0 0 9.8 17 120 M M 6 21 110
23 65 52 59 -3 6 0 0.00 0.0 0 8.5 17 140 M M 7 22 130
24 69 49 59 -4 6 0 0.01 0.0 0 8.4 22 360 M M 7 33 30
25 68 49 59 -4 6 0 0.00 0.0 0 14.2 25 360 M M 4 32 350
26 73 51 62 -1 3 0 0.00 0.0 0 8.4 20 30 M M 2 25 10
27 73 50 62 -2 3 0 0.00 0.0 0 7.7 15 170 M M 5 19 170
28 71 55 63 -1 2 0 0.00 0.0 0 8.1 15 180 M M 7 18 180
29 75 56 66 2 0 1 0.00 0.0 0 13.7 25 110 M M 4 34 100
30 66 50 58 -7 7 0 0.00 0.0 0 10.6 18 140 M M 3 24 140
31 70 48 59 -6 6 0 0.00 0.0 0 5.1 14 160 M M 3 1 16 160
================================================================================
SM 2131 1588 165 18 1.96 0.0 321.7 M 183
================================================================================
AV 68.7 51.2 10.4 FASTST M M 6 MAX(MPH)
MISC ----> 28 350 39 290
================================================================================
NOTES:
# LAST OF SEVERAL OCCURRENCES
COLUMN 17 PEAK WIND IN M.P.H.
PRELIMINARY LOCAL CLIMATOLOGICAL DATA (WS FORM: F-6) , PAGE 2
STATION: KENNEDY NY
MONTH: MAY
YEAR: 2023
LATITUDE: 40 39 N
LONGITUDE: 73 47 W
[TEMPERATURE DATA] [PRECIPITATION DATA] SYMBOLS USED IN COLUMN 16
AVERAGE MONTHLY: 60.0 TOTAL FOR MONTH: 1.96 1 = FOG OR MIST
DPTR FM NORMAL: -0.5 DPTR FM NORMAL: -1.70 2 = FOG REDUCING VISIBILITY
HIGHEST: 83 ON 12 GRTST 24HR 1.65 ON 20-20 TO 1/4 MILE OR LESS
LOWEST: 42 ON 18 3 = THUNDER
SNOW, ICE PELLETS, HAIL 4 = ICE PELLETS
TOTAL MONTH: 0.0 INCH 5 = HAIL
GRTST 24HR 0.0 6 = FREEZING RAIN OR DRIZZLE
GRTST DEPTH: 0 7 = DUSTSTORM OR SANDSTORM:
VSBY 1/2 MILE OR LESS
8 = SMOKE OR HAZE
[NO. OF DAYS WITH] [WEATHER - DAYS WITH] 9 = BLOWING SNOW
X = TORNADO
MAX 32 OR BELOW: 0 0.01 INCH OR MORE: 6
MAX 90 OR ABOVE: 0 0.10 INCH OR MORE: 3
MIN 32 OR BELOW: 0 0.50 INCH OR MORE: 1
MIN 0 OR BELOW: 0 1.00 INCH OR MORE: 1
[HDD (BASE 65) ]
TOTAL THIS MO. 165 CLEAR (SCALE 0-3) 3
DPTR FM NORMAL -6 PTCLDY (SCALE 4-7) 24
TOTAL FM JUL 1 4162 CLOUDY (SCALE 8-10) 4
DPTR FM NORMAL -687
[CDD (BASE 65) ]
TOTAL THIS MO. 18
DPTR FM NORMAL -12 [PRESSURE DATA]
TOTAL FM JAN 1 31 HIGHEST SLP M ON M
DPTR FM NORMAL -1 LOWEST SLP 29.38 ON 2
[REMARKS]
#FINAL-05-23#