133
CXUS55 KJKL 011459
CF6JKL
PRELIMINARY LOCAL CLIMATOLOGICAL DATA (WS FORM: F-6)
STATION: JACKSON KY
MONTH: MARCH
YEAR: 2020
LATITUDE: 37 35 N
LONGITUDE: 83 19 W
TEMPERATURE IN F: :PCPN: SNOW: WIND :SUNSHINE: SKY :PK WND
================================================================================
1 2 3 4 5 6A 6B 7 8 9 10 11 12 13 14 15 16 17 18
12Z AVG MX 2MIN
DY MAX MIN AVG DEP HDD CDD WTR SNW DPTH SPD SPD DIR MIN PSBL S-S WX SPD DR
================================================================================
1 66 29 48 5 17 0 0.00 0.0 0 5.4 12 200 M M 0 20 200
2 57 50 54 11 11 0 0.21 0.0 0 6.8 14 200 M M 8 1 26 210
3 67 51 59 16 6 0 1.02 0.0 0 7.1 23 280 M M 7 123 40 290
4 66 43 55 11 10 0 0.00 0.0 0 4.9 13 250 M M 2 25 230
5 65 39 52 8 13 0 0.00 0.0 0 4.3 10 270 M M 0 21 270
6 53 36 45 1 20 0 T T 0 9.1 21 300 M M 10 1 35 320
7 52 33 43 -1 22 0 T T 0 3.2 8 330 M M 4 15 330
8 69 35 52 7 13 0 0.00 0.0 0 5.3 12 260 M M 0 17 280
9 72 48 60 15 5 0 0.00 0.0 0 6.8 14 180 M M 1 23 210
10 63 55 59 14 6 0 0.16 0.0 0 5.3 14 200 M M 10 1 25 200
11 64 52 58 12 7 0 0.00 0.0 0 3.1 12 240 M M 6 12 20 200
12 72 50 61 15 4 0 1.49 0.0 0 4.2 13 200 M M 8 13 22 200
13 62 46 54 8 11 0 0.89 0.0 0 7.0 17 300 M M 3 13 27 320
14 48 36 42 -5 23 0 0.78 0.0 0 5.0 10 140 M M 8 1 17 360
15 42 35 39 -8 26 0 0.02 0.0 0 3.0 8 30 M M 9 1 17 30
16 50 37 44 -3 21 0 0.08 0.0 0 1.5 7 200 M M 10 12 12 200
17 50 45 48 0 17 0 0.18 0.0 0 3.3 9 310 M M 10 12 16 250
18 70 45 58 10 7 0 0.51 0.0 0 4.4 12 200 M M 10 12 23 280
19 74 61 68 20 0 3 0.30 0.0 0 5.4 14 250 M M 8 12 23 250
20 71 48 60 11 5 0 1.78 0.0 0 6.9 16 330 M M 8 123 29 210
21 48 36 42 -7 23 0 0.03 0.0 0 2.9 8 330 M M 10 1 17 320
22 53 34 44 -5 21 0 0.06 0.0 0 4.0 8 130 M M 7 1 13 10
23 56 45 51 1 14 0 0.10 0.0 0 4.6 12 300 M M 9 1 16 300
24 53 43 48 -2 17 0 0.54 0.0 0 3.0 8 130 M M 4 1 17 90
25 60 44 52 2 13 0 0.04 0.0 0 2.7 9 330 M M 7 1 15 350
26 79 44 62 11 3 0 0.00 0.0 0 6.1 14 240 M M 0 25 220
27 81 62 72 21 0 7 T 0.0 0 3.9 14 230 M M 3 23 240
28 84 68 76 25 0 11 0.00 0.0 0 6.0 15 260 M M 2 23 280
29 76 59 68 16 0 3 0.52 0.0 0 9.6 22 220 M M 2 13 41 210
30 66 52 59 7 6 0 0.00 0.0 0 7.1 16 290 M M 0 29 270
31 52 40 46 -6 19 0 0.71 0.0 0 1.9 9 330 M M 8 1 15 330
================================================================================
SM 1941 1401 360 24 9.42 T 153.8 M 174
================================================================================
AV 62.6 45.2 5.0 FASTST M M 6 MAX(MPH)
MISC ----> # 23 280 # 41 210
================================================================================
NOTES:
# LAST OF SEVERAL OCCURRENCES
COLUMN 17 PEAK WIND IN M.P.H.
PRELIMINARY LOCAL CLIMATOLOGICAL DATA (WS FORM: F-6) , PAGE 2
STATION: JACKSON KY
MONTH: MARCH
YEAR: 2020
LATITUDE: 37 35 N
LONGITUDE: 83 19 W
[TEMPERATURE DATA] [PRECIPITATION DATA] SYMBOLS USED IN COLUMN 16
AVERAGE MONTHLY: 53.9 TOTAL FOR MONTH: 9.42 1 = FOG OR MIST
DPTR FM NORMAL: 6.5 DPTR FM NORMAL: 5.30 2 = FOG REDUCING VISIBILITY
HIGHEST: 84 ON 28 GRTST 24HR 1.78 ON 20-20 TO 1/4 MILE OR LESS
LOWEST: 29 ON 1 3 = THUNDER
SNOW, ICE PELLETS, HAIL 4 = ICE PELLETS
TOTAL MONTH: T 5 = HAIL
GRTST 24HR T ON 7- 7 6 = FREEZING RAIN OR DRIZZLE
GRTST DEPTH: 0 7 = DUSTSTORM OR SANDSTORM:
VSBY 1/2 MILE OR LESS
8 = SMOKE OR HAZE
[NO. OF DAYS WITH] [WEATHER - DAYS WITH] 9 = BLOWING SNOW
X = TORNADO
MAX 32 OR BELOW: 0 0.01 INCH OR MORE: 19
MAX 90 OR ABOVE: 0 0.10 INCH OR MORE: 14
MIN 32 OR BELOW: 1 0.50 INCH OR MORE: 9
MIN 0 OR BELOW: 0 1.00 INCH OR MORE: 3
[HDD (BASE 65) ]
TOTAL THIS MO. 360 CLEAR (SCALE 0-3) 11
DPTR FM NORMAL -193 PTCLDY (SCALE 4-7) 11
TOTAL FM JUL 1 3189 CLOUDY (SCALE 8-10) 9
DPTR FM NORMAL -664
[CDD (BASE 65) ]
TOTAL THIS MO. 24
DPTR FM NORMAL 17 [PRESSURE DATA]
TOTAL FM JAN 1 24 HIGHEST SLP 30.58 ON 7
DPTR FM NORMAL 17 LOWEST SLP 29.61 ON 3
[REMARKS]
#FINAL-03-20#