000
CXUS53 KSGF 010710
CF6JLN
PRELIMINARY LOCAL CLIMATOLOGICAL DATA (WS FORM: F-6)
STATION: JOPLIN MO
MONTH: OCTOBER
YEAR: 2021
LATITUDE: 37 10 N
LONGITUDE: 94 30 W
TEMPERATURE IN F: :PCPN: SNOW: WIND :SUNSHINE: SKY :PK WND
================================================================================
1 2 3 4 5 6A 6B 7 8 9 10 11 12 13 14 15 16 17 18
12Z AVG MX 2MIN
DY MAX MIN AVG DEP HDD CDD WTR SNW DPTH SPD SPD DIR MIN PSBL S-S WX SPD DR
================================================================================
1 79 66 73 8 0 8 T M M 3.4 10 240 M M 6 13 13 220
2 76 62 69 5 0 4 0.46 M M 4.8 13 360 M M 7 138 15 310
3 78 59 69 5 0 4 0.00 M M 4.8 13 290 M M 5 1 17 300
4 79 51 65 1 0 0 0.00 M M 3.5 16 10 M M 1 1 24 10
5 78 49 64 1 1 0 0.00 M M 3.5 14 20 M M 2 1 20 40
6 71 57 64 1 1 0 T M M 2.9 10 360 M M 8 12 14 360
7 80 59 70 7 0 5 T M M 2.6 8 230 M M 4 1 11 260
8 87 63 75 13 0 10 0.00 M M 11.5 22 190 M M 1 30 210
9 89 72 81 19 0 16 0.00 M M 16.5 26 200 M M 2 37 200
10 83 67 75 13 0 10 0.39 M M 13.3 26 180 M M 4 13 34 180
11 71 53 62 1 3 0 0.43 M M 15.1 39 180 M M 5 13 58 210
12 79 48 64 3 1 0 0.00 M M 8.7 18 140 M M 1 32 150
13 75 66 71 11 0 6 1.23 M M 14.1 25 180 M M 7 13 38 170
14 73 61 67 7 0 2 0.04 M M 3.6 10 270 M M 8 1 13 120
15 66 44 55 -5 10 0 0.04 M M 9.4 23 350 M M 7 18 31 360
16 67 38 53 -6 12 0 0.00 M M 5.1 18 290 M M 0 18 23 290
17 74 42 58 -1 7 0 0.00 M M 6.9 15 220 M M 0 20 200
18 73 48 61 2 4 0 0.00 M M 8.9 16 160 M M 0 23 190
19 76 54 65 7 0 0 0.00 M M 11.0 20 180 M M 1 29 190
20 71 50 61 3 4 0 0.00 M M 10.7 22 220 M M 4 32 200
21 63 43 53 -5 12 0 0.00 M M 6.3 16 300 M M 0 8 24 290
22 74 39 57 0 8 0 0.25 M M 4.4 14 230 M M 2 13 19 210
23 72 56 64 7 1 0 2.90 M M 8.1 17 120 M M 7 13 23 150
24 78 53 66 10 0 1 0.04 M M 16.3 30 210 M M 3 1 42 200
25 61 48 55 -1 10 0 0.00 M M 5.2 16 340 M M 5 23 340
26 72 45 59 3 6 0 0.00 M M 11.3 20 140 M M 5 32 140
27 62 53 58 3 7 0 1.02 M M 9.0 21 120 M M 8 18 34 130
28 53 46 50 -5 15 0 0.86 M M 15.0 30 340 M M 10 1 39 340
29 52 41 47 -7 18 0 0.03 M M 11.1 22 340 M M 8 1 33 350
30 63 35 49 -5 16 0 0.00 M M 2.2 12 290 M M 0 1 18 260
31 61 42 52 -2 13 0 0.00 M M 6.6 16 360 M M 2 25 30
================================================================================
SM 2236 1610 149 66 7.69 M 255.8 M 123
================================================================================
AV 72.1 51.9 8.3 FASTST M M 4 MAX(MPH)
MISC ----> 39 180 58 210
================================================================================
NOTES:
# LAST OF SEVERAL OCCURRENCES
COLUMN 17 PEAK WIND IN M.P.H.
PRELIMINARY LOCAL CLIMATOLOGICAL DATA (WS FORM: F-6) , PAGE 2
STATION: JOPLIN MO
MONTH: OCTOBER
YEAR: 2021
LATITUDE: 37 10 N
LONGITUDE: 94 30 W
[TEMPERATURE DATA] [PRECIPITATION DATA] SYMBOLS USED IN COLUMN 16
AVERAGE MONTHLY: 62.0 TOTAL FOR MONTH: 7.69 1 = FOG OR MIST
DPTR FM NORMAL: 2.7 DPTR FM NORMAL: 3.89 2 = FOG REDUCING VISIBILITY
HIGHEST: 89 ON 9 GRTST 24HR 3.15 ON 22-23 TO 1/4 MILE OR LESS
LOWEST: 35 ON 30 3 = THUNDER
SNOW, ICE PELLETS, HAIL 4 = ICE PELLETS
TOTAL MONTH: M 5 = HAIL
GRTST 24HR M ON M 6 = FREEZING RAIN OR DRIZZLE
GRTST DEPTH: M ON M 7 = DUSTSTORM OR SANDSTORM:
VSBY 1/2 MILE OR LESS
8 = SMOKE OR HAZE
[NO. OF DAYS WITH] [WEATHER - DAYS WITH] 9 = BLOWING SNOW
X = TORNADO
MAX 32 OR BELOW: 0 0.01 INCH OR MORE: 12
MAX 90 OR ABOVE: 0 0.10 INCH OR MORE: 8
MIN 32 OR BELOW: 0 0.50 INCH OR MORE: 4
MIN 0 OR BELOW: 0 1.00 INCH OR MORE: 3
[HDD (BASE 65) ]
TOTAL THIS MO. 149 CLEAR (SCALE 0-3) 14
DPTR FM NORMAL -77 PTCLDY (SCALE 4-7) 14
TOTAL FM JUL 1 156 CLOUDY (SCALE 8-10) 3
DPTR FM NORMAL -107
[CDD (BASE 65) ]
TOTAL THIS MO. 66
DPTR FM NORMAL 17 [PRESSURE DATA]
TOTAL FM JAN 1 1790 HIGHEST SLP M ON M
DPTR FM NORMAL 145 LOWEST SLP 29.33 ON 11
[REMARKS]
#FINAL-10-21#