000
CXUS53 KBIS 020139
CF6JMS
PRELIMINARY LOCAL CLIMATOLOGICAL DATA (WS FORM: F-6)
STATION: JAMESTOWN ND
MONTH: FEBRUARY
YEAR: 2022
LATITUDE: 46 55 N
LONGITUDE: 98 40 W
TEMPERATURE IN F: :PCPN: SNOW: WIND :SUNSHINE: SKY :PK WND
================================================================================
1 2 3 4 5 6A 6B 7 8 9 10 11 12 13 14 15 16 17 18
12Z AVG MX 2MIN
DY MAX MIN AVG DEP HDD CDD WTR SNW DPTH SPD SPD DIR MIN PSBL S-S WX SPD DR
================================================================================
1 23 -7 8 -3 57 0 0.01 M M 29.2 48 290 M M 7 8 62 290
2 -1 -16 -8 -19 73 0 0.00 M M 10.8 20 320 M M 0 24 320
3 9 -25 -8 -19 73 0 T M M 10.8 22 150 M M 4 8 30 150
4 10 -12 -1 -12 66 0 T M M 16.9 31 320 M M 5 8 40 310
5 35 -1 17 6 48 0 T M M 14.2 36 310 M M 9 8 46 320
6 24 5 15 4 50 0 T M M 12.6 25 320 M M 7 18 31 310
7 41 8 25 13 40 0 T M M 9.6 18 180 M M 2 23 190
8 41 35 38 26 27 0 0.00 M M 24.0 35 320 M M 6 46 320
9 35 13 24 12 41 0 0.00 M M 18.8 38 330 M M 7 48 330
10 45 15 30 18 35 0 0.05 M M 19.4 35 270 M M 7 12 53 260
11 37 -10 14 1 51 0 0.00 M M 25.2 43 310 M M 4 189 57 320
12 15 -11 2 -11 63 0 T M M 10.0 24 360 M M 7 8 30 10
13 32 -12 10 -3 55 0 T M M 14.4 37 340 M M 7 189 51 330
14 8 -6 1 -13 64 0 0.00 M M 10.1 32 340 M M 4 89 40 340
15 21 4 13 -1 52 0 T M M 13.3 23 310 M M 7 8 32 130
16 17 -3 7 -7 58 0 T M M 15.9 25 320 M M 4 8 32 310
17 8 -13 -2 -16 67 0 0.00 M M 11.6 22 140 M M 6 8 27 150
18 34 -2 16 1 49 0 0.00 M M 26.1 46 310 M M 7 89 61 310
19 39 -7 16 1 49 0 0.00 M M 14.4 31 180 M M 3 39 180
20 42 -4 19 3 46 0 0.06 M M 19.3 35 360 M M 7 8 43 360
21 -4 -10 -7 -23 72 0 0.06 M M 23.9 31 10 M M 10 8 40 10
22 -5 -12 -8 -24 73 0 0.00 M M 22.2 28 340 M M 10 89 35 350
23 2 -15 -6 -23 71 0 0.00 M M 7.9 15 330 M M 0 20 330
24 6 -19 -6 -23 71 0 0.00 M M 2.4 8 180 M M 2 11 190
25 16 -12 2 -16 63 0 0.00 M M 8.1 18 220 M M 0 8 23 210
26 30 6 18 0 47 0 0.00 M M 14.1 28 290 M M 0 35 270
27 33 8 21 2 44 0 0.00 M M 4.9 14 300 M M 0 16 310
28 41 11 26 7 39 0 0.05 M M 9.2 22 340 M M 3 18 27 270
================================================================================
SM 634 -92 1544 0 0.23 M 419.3 M 135
================================================================================
AV 22.6 -3.3 15.0 FASTST M M 5 MAX(MPH)
MISC ----> 48 290 62 290
================================================================================
NOTES:
# LAST OF SEVERAL OCCURRENCES
COLUMN 17 PEAK WIND IN M.P.H.
PRELIMINARY LOCAL CLIMATOLOGICAL DATA (WS FORM: F-6) , PAGE 2
STATION: JAMESTOWN ND
MONTH: FEBRUARY
YEAR: 2022
LATITUDE: 46 55 N
LONGITUDE: 98 40 W
[TEMPERATURE DATA] [PRECIPITATION DATA] SYMBOLS USED IN COLUMN 16
AVERAGE MONTHLY: 9.7 TOTAL FOR MONTH: 0.23 1 = FOG OR MIST
DPTR FM NORMAL: -4.4 DPTR FM NORMAL: -0.14 2 = FOG REDUCING VISIBILITY
HIGHEST: 45 ON 10 GRTST 24HR 0.11 ON 31- 1 TO 1/4 MILE OR LESS
LOWEST: -25 ON 3 3 = THUNDER
SNOW, ICE PELLETS, HAIL 4 = ICE PELLETS
TOTAL MONTH: M 5 = HAIL
GRTST 24HR M ON M 6 = FREEZING RAIN OR DRIZZLE
GRTST DEPTH: M ON M 7 = DUSTSTORM OR SANDSTORM:
VSBY 1/2 MILE OR LESS
8 = SMOKE OR HAZE
[NO. OF DAYS WITH] [WEATHER - DAYS WITH] 9 = BLOWING SNOW
X = TORNADO
MAX 32 OR BELOW: 17 0.01 INCH OR MORE: 5
MAX 90 OR ABOVE: 0 0.10 INCH OR MORE: 0
MIN 32 OR BELOW: 27 0.50 INCH OR MORE: 0
MIN 0 OR BELOW: 19 1.00 INCH OR MORE: 0
[HDD (BASE 65) ]
TOTAL THIS MO. 1544 CLEAR (SCALE 0-3) 8
DPTR FM NORMAL 119 PTCLDY (SCALE 4-7) 17
TOTAL FM JUL 1 6364 CLOUDY (SCALE 8-10) 3
DPTR FM NORMAL -343
[CDD (BASE 65) ]
TOTAL THIS MO. 0
DPTR FM NORMAL 0 [PRESSURE DATA]
TOTAL FM JAN 1 0 HIGHEST SLP 30.81 ON 23
DPTR FM NORMAL 0 LOWEST SLP 29.30 ON 10
[REMARKS]
#FINAL-02-22#
PRECIPITATION DATA FROM THE COOP SITE LOCATED AT THE STATE HOSPITAL WAS USED ON 2/5,2/10-2/12,2/14-2/15, 2/17-2/18,2/20-2/22 AND 2/28.