000
CXUS53 KBIS 010930
CF6JMS
PRELIMINARY LOCAL CLIMATOLOGICAL DATA (WS FORM: F-6)
STATION: JAMESTOWN ND
MONTH: DECEMBER
YEAR: 2021
LATITUDE: 46 55 N
LONGITUDE: 98 40 W
TEMPERATURE IN F: :PCPN: SNOW: WIND :SUNSHINE: SKY :PK WND
================================================================================
1 2 3 4 5 6A 6B 7 8 9 10 11 12 13 14 15 16 17 18
12Z AVG MX 2MIN
DY MAX MIN AVG DEP HDD CDD WTR SNW DPTH SPD SPD DIR MIN PSBL S-S WX SPD DR
================================================================================
1 60 32 46 25 19 0 0.00 M M 13.0 24 280 M M 3 33 260
2 43 31 37 16 28 0 T M M 8.4 18 300 M M 7 24 300
3 40 26 33 13 32 0 0.00 M M 11.3 23 310 M M 6 1 31 310
4 34 26 30 10 35 0 0.05 M M 10.8 25 120 M M 7 1 35 130
5 30 6 18 -2 47 0 0.03 M M 21.8 36 330 M M 10 18 49 340
6 9 -7 1 -18 64 0 T M M 10.8 28 320 M M 4 8 35 310
7 20 -5 8 -11 57 0 T M M 4.9 12 270 M M 4 128 16 220
8 26 -1 13 -5 52 0 T M M 11.2 22 150 M M 7 18 31 150
9 35 18 27 9 38 0 T M M 11.3 28 300 M M 3 36 300
10 35 11 23 5 42 0 0.00 M M 4.3 13 250 M M 0 18 240
11 36 15 26 9 39 0 0.00 M M 12.2 18 230 M M 0 27 230
12 47 30 39 22 26 0 0.00 M M 9.9 17 250 M M 0 24 220
13 35 22 29 13 36 0 0.00 M M 8.4 18 110 M M 1 26 110
14 37 27 32 16 33 0 0.00 M M 14.2 21 140 M M 0 8 29 150
15 32 11 22 6 43 0 T M M 17.9 43 310 M M 5 18 55 320
16 11 0 6 -9 59 0 0.00 M M 18.7 37 320 M M 3 8 52 300
17 10 -2 4 -11 61 0 0.03 M M 8.9 15 100 M M 8 8 19 100
18 9 -7 1 -14 64 0 0.01 M M 8.2 17 170 M M 4 18 22 170
19 35 4 20 6 45 0 0.00 M M 17.4 30 320 M M 9 38 310
20 14 5 10 -4 55 0 0.09 M M 14.5 30 320 M M 3 38 320
21 15 2 9 -5 56 0 T M M 8.1 17 310 M M 4 18 22 330
22 30 10 20 6 45 0 0.00 M M 4.8 10 150 M M 6 12 150
23 41 9 25 12 40 0 0.00 M M 9.3 21 180 M M 1 18 29 180
24 36 7 22 9 43 0 0.00 M M 16.7 35 320 M M 2 44 310
25 8 -9 0 -13 65 0 0.28 M M 6.9 16 350 M M 9 12 21 350
26 21 -2 10 -3 55 0 0.62 M M 12.7 25 80 M M 10 1 37 80
27 22 -14 4 -8 61 0 T M M 16.9 37 300 M M 7 18 51 280
28 -5 -25 -15 -27 80 0 0.05 M M 10.1 18 310 M M 6 22 300
29 -4 -25 -14 -26 79 0 0.00 M M 4.7 13 320 M M 5 18 13 320
30 0 -21 -10 -22 75 0 T M M 5.3 15 300 M M 7 8 19 300
31 -4 -21 -12 -24 77 0 0.00 M M 13.5 22 320 M M 0 27 310
================================================================================
SM 758 153 1551 0 1.16 M 347.1 M 141
================================================================================
AV 24.5 4.9 11.2 FASTST M M 5 MAX(MPH)
MISC ----> 43 310 55 320
================================================================================
NOTES:
# LAST OF SEVERAL OCCURRENCES
COLUMN 17 PEAK WIND IN M.P.H.
PRELIMINARY LOCAL CLIMATOLOGICAL DATA (WS FORM: F-6) , PAGE 2
STATION: JAMESTOWN ND
MONTH: DECEMBER
YEAR: 2021
LATITUDE: 46 55 N
LONGITUDE: 98 40 W
[TEMPERATURE DATA] [PRECIPITATION DATA] SYMBOLS USED IN COLUMN 16
AVERAGE MONTHLY: 14.7 TOTAL FOR MONTH: 1.16 1 = FOG OR MIST
DPTR FM NORMAL: -1.1 DPTR FM NORMAL: 0.82 2 = FOG REDUCING VISIBILITY
HIGHEST: 60 ON 1 GRTST 24HR 0.62 ON 26-26 TO 1/4 MILE OR LESS
LOWEST: -25 ON 29,28 3 = THUNDER
SNOW, ICE PELLETS, HAIL 4 = ICE PELLETS
TOTAL MONTH: M 5 = HAIL
GRTST 24HR M ON M 6 = FREEZING RAIN OR DRIZZLE
GRTST DEPTH: M ON M 7 = DUSTSTORM OR SANDSTORM:
VSBY 1/2 MILE OR LESS
8 = SMOKE OR HAZE
[NO. OF DAYS WITH] [WEATHER - DAYS WITH] 9 = BLOWING SNOW
X = TORNADO
MAX 32 OR BELOW: 18 0.01 INCH OR MORE: 8
MAX 90 OR ABOVE: 0 0.10 INCH OR MORE: 2
MIN 32 OR BELOW: 31 0.50 INCH OR MORE: 1
MIN 0 OR BELOW: 13 1.00 INCH OR MORE: 0
[HDD (BASE 65) ]
TOTAL THIS MO. 1551 CLEAR (SCALE 0-3) 10
DPTR FM NORMAL 24 PTCLDY (SCALE 4-7) 17
TOTAL FM JUL 1 3040 CLOUDY (SCALE 8-10) 4
DPTR FM NORMAL -539
[CDD (BASE 65) ]
TOTAL THIS MO. 0
DPTR FM NORMAL 0 [PRESSURE DATA]
TOTAL FM JAN 1 798 HIGHEST SLP 30.49 ON 18
DPTR FM NORMAL 377 LOWEST SLP 29.07 ON 24
[REMARKS]
#FINAL-12-21#