000
CXUS52 TJSJ 011015
CF6JSJ
PRELIMINARY LOCAL CLIMATOLOGICAL DATA (WS FORM: F-6)
STATION: SAN JUAN AREA/PR
MONTH: JUNE
YEAR: 2022
LATITUDE: 18 25 N
LONGITUDE: 66 0 W
TEMPERATURE IN F: :PCPN: SNOW: WIND :SUNSHINE: SKY :PK WND
================================================================================
1 2 3 4 5 6A 6B 7 8 9 10 11 12 13 14 15 16 17 18
12Z AVG MX 2MIN
DY MAX MIN AVG DEP HDD CDD WTR SNW DPTH SPD SPD DIR MIN PSBL S-S WX SPD DR
================================================================================
1 88 76 82 0 0 17 T M M 10.4 22 60 M M 3 26 50
2 89 76 83 0 0 18 0.00 M M 8.9 24 60 M M 4 29 60
3 91 75 83 0 0 18 T M M 8.6 24 60 M M 3 28 60
4 94 75 85 2 0 20 T M M 7.3 15 150 M M 3 24 140
5 93 77 85 2 0 20 0.00 M M 7.7 17 120 M M 3 24 150
6 92 78 85 2 0 20 T M M 12.1 24 60 M M 3 29 70
7 91 77 84 1 0 19 T M M 11.7 25 60 M M 3 33 70
8 89 78 84 1 0 19 T M M 11.7 24 60 M M 3 30 70
9 89 78 84 1 0 19 0.00 M M 11.8 23 70 M M 3 28 50
10 90 78 84 1 0 19 0.02 M M 12.3 24 70 M M 4 29 70
11 89 79 84 1 0 19 T M M 11.0 22 80 M M 4 3 28 100
12 89 78 84 1 0 19 0.00 M M 12.6 22 70 M M 2 18 28 70
13 89 79 84 1 0 19 0.07 M M 13.1 23 80 M M 4 8 30 60
14 88 77 83 0 0 18 0.16 M M 10.7 25 60 M M 5 138 31 50
15 88 73 81 -2 0 16 0.84 M M 7.6 26 130 M M 9 13 38 120
16 87 78 83 0 0 18 0.01 M M 6.4 20 80 M M 6 8 22 80
17 89 77 83 0 0 18 0.00 M M 5.8 22 70 M M 4 8 25 90
18 90 77 84 1 0 19 0.00 M M 8.0 23 70 M M 2 26 70
19 88 77 83 0 0 18 0.00 M M 12.2 23 60 M M 3 28 70
20 88 77 83 0 0 18 0.17 M M 12.2 22 60 M M 4 25 70
21 87 77 82 -1 0 17 0.01 M M 9.0 23 60 M M 4 28 70
22 90 77 84 1 0 19 T M M 8.9 23 70 M M 3 27 60
23 90 77 84 1 0 19 T M M 8.6 23 60 M M 3 26 70
24 89 78 84 1 0 19 T M M 10.4 24 70 M M 3 30 60
25 89 77 83 0 0 18 0.25 M M 10.4 25 70 M M 4 31 80
26 89 77 83 0 0 18 T 0.0 0 11.3 26 60 M M 4 33 60
27 89 76 83 0 0 18 T M M 11.0 23 60 M M 5 28 60
28 89 77 83 0 0 18 0.08 M M 10.6 24 70 M M 5 30 70
29 89 80 85 2 0 20 T M M 17.2 26 80 M M 4 32 70
30 89 79 84 1 0 19 0.03 M M 16.6 25 70 M M 5 30 70
================================================================================
SM 2681 2315 0 556 1.64 0.0 316.1 M 115
================================================================================
AV 89.4 77.2 10.5 FASTST M M 4 MAX(MPH)
MISC ----> # 26 130 38 120
================================================================================
NOTES:
# LAST OF SEVERAL OCCURRENCES
COLUMN 17 PEAK WIND IN M.P.H.
PRELIMINARY LOCAL CLIMATOLOGICAL DATA (WS FORM: F-6) , PAGE 2
STATION: SAN JUAN AREA/PR
MONTH: JUNE
YEAR: 2022
LATITUDE: 18 25 N
LONGITUDE: 66 0 W
[TEMPERATURE DATA] [PRECIPITATION DATA] SYMBOLS USED IN COLUMN 16
AVERAGE MONTHLY: 83.3 TOTAL FOR MONTH: 1.64 1 = FOG OR MIST
DPTR FM NORMAL: 0.2 DPTR FM NORMAL: -3.02 2 = FOG REDUCING VISIBILITY
HIGHEST: 94 ON 4 GRTST 24HR 0.84 ON 14-15 TO 1/4 MILE OR LESS
LOWEST: 73 ON 15 3 = THUNDER
SNOW, ICE PELLETS, HAIL 4 = ICE PELLETS
TOTAL MONTH: 0.0 INCH 5 = HAIL
GRTST 24HR 0.0 6 = FREEZING RAIN OR DRIZZLE
GRTST DEPTH: 0 7 = DUSTSTORM OR SANDSTORM:
VSBY 1/2 MILE OR LESS
8 = SMOKE OR HAZE
[NO. OF DAYS WITH] [WEATHER - DAYS WITH] 9 = BLOWING SNOW
X = TORNADO
MAX 32 OR BELOW: 0 0.01 INCH OR MORE: 10
MAX 90 OR ABOVE: 9 0.10 INCH OR MORE: 4
MIN 32 OR BELOW: 0 0.50 INCH OR MORE: 1
MIN 0 OR BELOW: 0 1.00 INCH OR MORE: 0
[HDD (BASE 65) ]
TOTAL THIS MO. 0 CLEAR (SCALE 0-3) 11
DPTR FM NORMAL 0 PTCLDY (SCALE 4-7) 18
TOTAL FM JUL 1 0 CLOUDY (SCALE 8-10) 1
DPTR FM NORMAL 0
[CDD (BASE 65) ]
TOTAL THIS MO. 556
DPTR FM NORMAL 13 [PRESSURE DATA]
TOTAL FM JAN 1 2653 HIGHEST SLP 30.13 ON 28
DPTR FM NORMAL -23 LOWEST SLP 29.87 ON 23
[REMARKS]
#FINAL-06-22#