000
CXUS51 KCTP 010800
CF6JST
PRELIMINARY LOCAL CLIMATOLOGICAL DATA (WS FORM: F-6)
STATION: JOHNSTOWN
MONTH: JUNE
YEAR: 2020
LATITUDE: 40 18 N
LONGITUDE: 78 50 W
TEMPERATURE IN F: :PCPN: SNOW: WIND :SUNSHINE: SKY :PK WND
================================================================================
1 2 3 4 5 6A 6B 7 8 9 10 11 12 13 14 15 16 17 18
12Z AVG MX 2MIN
DY MAX MIN AVG DEP HDD CDD WTR SNW DPTH SPD SPD DIR MIN PSBL S-S WX SPD DR
================================================================================
1 65 39 52 -9 13 0 0.00 M M 7.2 20 320 M M 0 26 310
2 76 51 64 3 1 0 0.01 M M 11.2 23 250 M M 7 32 260
3 81 66 74 13 0 9 T M M 14.0 25 270 M M 6 39 280
4 82 63 73 11 0 8 0.08 M M 6.4 22 290 M M 4 13 32 280
5 78 62 70 8 0 5 T M M 6.0 10 310 M M 4 1 16 200
6 80 62 71 9 0 6 0.00 M M 11.4 23 300 M M 4 18 31 310
7 73 53 63 0 2 0 0.00 M M 8.4 18 300 M M 1 24 320
8 79 50 65 2 0 0 0.00 M M 3.4 9 350 M M 0 13 290
9 89 61 75 12 0 10 0.00 M M 6.3 13 150 M M 0 22 130
10 88 71 80 17 0 15 0.03 M M 10.4 23 160 M M 3 3 31 160
11 74 61 68 4 0 3 0.22 M M 11.8 22 260 M M 6 138 30 260
12 75 57 66 2 0 1 0.00 M M 10.5 23 320 M M 1 29 300
13 69 49 59 -5 6 0 0.00 M M 4.7 13 10 M M 5 18 30
14 65 48 57 -8 8 0 0.03 M M 7.3 15 160 M M 8 20 130
15 70 55 63 -2 2 0 0.00 M M 3.7 14 160 M M 5 18 170
16 73 53 63 -2 2 0 0.00 M M 3.9 13 70 M M 2 18 60
17 72 57 65 0 0 0 T M M 7.0 12 80 M M 4 17 110
18 75 61 68 2 0 3 0.02 M M 7.1 16 130 M M 6 1 23 120
19 74 61 68 2 0 3 0.21 M M 5.2 14 260 M M 7 13 18 260
20 75 57 66 0 0 1 T M M 3.7 9 360 M M 7 12 13 110
21 80 61 71 5 0 6 0.00 M M 6.1 15 230 M M 4 123 19 230
22 84 63 74 7 0 9 0.09 M M 5.3 16 200 M M 3 13 21 230
23 78 63 71 4 0 6 0.04 M M 9.4 20 220 M M 5 1 26 210
24 75 57 66 -1 0 1 T M M 10.4 21 260 M M 4 31 290
25 79 56 68 1 0 3 0.00 M M 8.1 24 320 M M 2 30 320
26 81 59 70 2 0 5 0.00 M M 10.2 20 290 M M 3 26 290
27 76 66 71 3 0 6 0.19 M M 12.7 23 260 M M 9 13 34 260
28 82 65 74 6 0 9 0.04 M M 8.8 20 280 M M 6 1 26 250
29 83 60 72 4 0 7 0.00 M M 6.5 16 320 M M 1 22 310
30 84 60 72 4 0 7 0.00 M M 5.8 17 320 M M 3 23 310
================================================================================
SM 2315 1747 34 123 0.96 M 232.9 M 120
================================================================================
AV 77.2 58.2 7.8 FASTST M M 4 MAX(MPH)
MISC ----> 25 270 39 280
================================================================================
NOTES:
# LAST OF SEVERAL OCCURRENCES
COLUMN 17 PEAK WIND IN M.P.H.
PRELIMINARY LOCAL CLIMATOLOGICAL DATA (WS FORM: F-6) , PAGE 2
STATION: JOHNSTOWN
MONTH: JUNE
YEAR: 2020
LATITUDE: 40 18 N
LONGITUDE: 78 50 W
[TEMPERATURE DATA] [PRECIPITATION DATA] SYMBOLS USED IN COLUMN 16
AVERAGE MONTHLY: 67.7 TOTAL FOR MONTH: 0.96 1 = FOG OR MIST
DPTR FM NORMAL: 2.9 DPTR FM NORMAL: -3.10 2 = FOG REDUCING VISIBILITY
HIGHEST: 89 ON 9 GRTST 24HR 0.25 ON 10-11 TO 1/4 MILE OR LESS
LOWEST: 39 ON 1 3 = THUNDER
SNOW, ICE PELLETS, HAIL 4 = ICE PELLETS
TOTAL MONTH: M 5 = HAIL
GRTST 24HR M ON M 6 = FREEZING RAIN OR DRIZZLE
GRTST DEPTH: M ON M 7 = DUSTSTORM OR SANDSTORM:
VSBY 1/2 MILE OR LESS
8 = SMOKE OR HAZE
[NO. OF DAYS WITH] [WEATHER - DAYS WITH] 9 = BLOWING SNOW
X = TORNADO
MAX 32 OR BELOW: 0 0.01 INCH OR MORE: 11
MAX 90 OR ABOVE: 0 0.10 INCH OR MORE: 3
MIN 32 OR BELOW: 0 0.50 INCH OR MORE: 0
MIN 0 OR BELOW: 0 1.00 INCH OR MORE: 0
[HDD (BASE 65) ]
TOTAL THIS MO. 34 CLEAR (SCALE 0-3) 10
DPTR FM NORMAL -45 PTCLDY (SCALE 4-7) 18
TOTAL FM JUL 1 5861 CLOUDY (SCALE 8-10) 2
DPTR FM NORMAL -829
[CDD (BASE 65) ]
TOTAL THIS MO. 123
DPTR FM NORMAL 50 [PRESSURE DATA]
TOTAL FM JAN 1 148 HIGHEST SLP 30.41 ON 15
DPTR FM NORMAL 51 LOWEST SLP 29.68 ON 23
[REMARKS]
#FINAL-06-20#