000
CXUS53 KGID 011028
CF6JYR
PRELIMINARY LOCAL CLIMATOLOGICAL DATA (WS FORM: F-6)
STATION: YORK NE
MONTH: NOVEMBER
YEAR: 2022
LATITUDE: 40 54 N
LONGITUDE: 97 37 W
TEMPERATURE IN F: :PCPN: SNOW: WIND :SUNSHINE: SKY :PK WND
================================================================================
1 2 3 4 5 6A 6B 7 8 9 10 11 12 13 14 15 16 17 18
12Z AVG MX 2MIN
DY MAX MIN AVG DEP HDD CDD WTR SNW DPTH SPD SPD DIR MIN PSBL S-S WX SPD DR
================================================================================
1 75 37 56 M 9 0 0.00 M M 10.5 17 190 M M 0 23 190
2 75 55 65 M 0 0 0.00 M M 21.6 30 180 M M 0 39 180
3 70 39 55 M 10 0 0.00 M M 17.9 27 190 M M 8 32 180
4 45 30 38 M 27 0 0.13 M M 12.4 22 360 M M 0 8 29 360
5 61 21 41 M 24 0 0.00 M M 12.4 22 220 M M 0 28 190
6 57 30 44 M 21 0 0.00 M M 7.0 15 360 M M 1 22 360
7 54 32 43 M 22 0 0.00 M M 12.9 18 130 M M 1 25 130
8 66 43 55 M 10 0 0.01 M M 16.3 22 180 M M 9 30 180
9 73 64 69 M 0 4 0.00 M M 20.8 25 180 M M 9 36 180
10 66 21 44 M 21 0 T M M 17.9 28 300 M M 3 35 300
11 32 14 23 M 42 0 0.00 M M 15.4 21 330 M M 0 28 330
12 28 14 21 M 44 0 T M M 8.6 16 10 M M 0 20 330
13 41 12 27 M 38 0 0.00 M M 11.9 21 160 M M 1 28 140
14 34 16 25 M 40 0 0.00 M M 6.7 13 330 M M 6 18 330
15 36 14 25 M 40 0 T M M 8.2 18 320 M M 7 24 320
16 30 12 21 M 44 0 0.00 M M 11.2 18 310 M M 0 23 320
17 34 16 25 M 40 0 T M M 16.2 29 320 M M 2 38 320
18 25 5 15 M 50 0 0.00 M M 13.8 23 320 M M 2 28 320
19 30 12 21 M 44 0 0.00 M M 13.1 24 320 M M 2 35 330
20 52 14 33 M 32 0 0.00 M M 11.4 21 220 M M 0 22 220
21 54 18 36 M 29 0 0.00 M M 4.1 9 270 M M 0 13 320
22 61 19 40 M 25 0 0.00 M M 3.9 12 260 M M 0 M M
23 52 25 39 M 26 0 0.00 M M 6.7 13 160 M M 2 12 M M
24 48 25 37 M 28 0 0.00 M M 9.4 21 360 M M 1 1 24 360
25 55 18 37 M 28 0 0.00 M M 9.2 14 210 M M 0 M M
26 57 25 41 M 24 0 0.00 M M 12.0 30 10 M M 3 38 360
27 41 23 32 M 33 0 0.00 M M 10.5 22 360 M M 0 8 33 350
28 54 25 40 M 25 0 0.00 M M 11.0 22 220 M M 1 23 210
29 39 14 27 M 38 0 M M M 20.6 36 20 M M 3 1 45 20
30 28 7 18 M 47 0 0.00 M M 9.9 16 300 M M 0 12 320
================================================================================
SM 1473 700 861 4 M M 363.5 M 61
================================================================================
AV 49.1 23.3 12.1 FASTST M M 2 MAX(MPH)
MISC ----> 36 20 M M
================================================================================
NOTES:
# LAST OF SEVERAL OCCURRENCES
COLUMN 17 PEAK WIND IN M.P.H.
PRELIMINARY LOCAL CLIMATOLOGICAL DATA (WS FORM: F-6) , PAGE 2
STATION: YORK NE
MONTH: NOVEMBER
YEAR: 2022
LATITUDE: 40 54 N
LONGITUDE: 97 37 W
[TEMPERATURE DATA] [PRECIPITATION DATA] SYMBOLS USED IN COLUMN 16
AVERAGE MONTHLY: 36.2 TOTAL FOR MONTH: M 1 = FOG OR MIST
DPTR FM NORMAL: M DPTR FM NORMAL: M 2 = FOG REDUCING VISIBILITY
HIGHEST: 75 ON 2, 1 GRTST 24HR M ON M TO 1/4 MILE OR LESS
LOWEST: 5 ON 18 3 = THUNDER
SNOW, ICE PELLETS, HAIL 4 = ICE PELLETS
TOTAL MONTH: M 5 = HAIL
GRTST 24HR M ON M 6 = FREEZING RAIN OR DRIZZLE
GRTST DEPTH: M ON M 7 = DUSTSTORM OR SANDSTORM:
VSBY 1/2 MILE OR LESS
8 = SMOKE OR HAZE
[NO. OF DAYS WITH] [WEATHER - DAYS WITH] 9 = BLOWING SNOW
X = TORNADO
MAX 32 OR BELOW: 6 0.01 INCH OR MORE: M
MAX 90 OR ABOVE: 0 0.10 INCH OR MORE: M
MIN 32 OR BELOW: 25 0.50 INCH OR MORE: M
MIN 0 OR BELOW: 0 1.00 INCH OR MORE: M
[HDD (BASE 65) ]
TOTAL THIS MO. 861 CLEAR (SCALE 0-3) 24
DPTR FM NORMAL M PTCLDY (SCALE 4-7) 3
TOTAL FM JUL 1 1318 CLOUDY (SCALE 8-10) 3
DPTR FM NORMAL M
[CDD (BASE 65) ]
TOTAL THIS MO. 4
DPTR FM NORMAL M [PRESSURE DATA]
TOTAL FM JAN 1 1057 HIGHEST SLP M ON M
DPTR FM NORMAL M LOWEST SLP M ON M
[REMARKS]
#FINAL-11-22#