000
CXUS55 KPUB 011310
CF6LAA
PRELIMINARY LOCAL CLIMATOLOGICAL DATA (WS FORM: F-6)
STATION: LAMAR CO
MONTH: JANUARY
YEAR: 2024
LATITUDE: 38 4 N
LONGITUDE: 102 41 W
TEMPERATURE IN F: :PCPN: SNOW: WIND :SUNSHINE: SKY :PK WND
================================================================================
1 2 3 4 5 6A 6B 7 8 9 10 11 12 13 14 15 16 17 18
12Z AVG MX 2MIN
DY MAX MIN AVG DEP HDD CDD WTR SNW DPTH SPD SPD DIR MIN PSBL S-S WX SPD DR
================================================================================
1 48 13 31 2 34 0 0.00 M M 5.0 10 210 M M 0 13 310
2 48 15 32 3 33 0 0.00 M M 5.4 14 50 M M 0 19 40
3 51 13 32 3 33 0 0.00 M M 5.3 12 80 M M 0 14 110
4 38 22 30 1 35 0 0.23 M M 8.6 20 180 M M 6 1 27 170
5 35 22 29 -1 36 0 0.01 M M 5.5 12 280 M M 8 1 14 290
6 38 7 23 -7 42 0 0.00 M M 7.3 14 280 M M 1 17 280
7 30 7 19 -11 46 0 0.00 M M 3.7 8 60 M M 1 11 70
8 30 20 25 -5 40 0 0.04 M M 25.0 45 10 M M 8 128 61 10
9 33 11 22 -8 43 0 T M M 7.9 16 290 M M 0 22 300
10 45 16 31 1 34 0 0.00 M M 10.4 25 300 M M 0 33 290
11 38 11 25 -5 40 0 T M M 11.0 37 20 M M 4 47 10
12 41 2 22 -8 43 0 0.00 M M 12.7 26 290 M M 0 36 290
13 9 -7 1 -29 64 0 T M M 11.0 22 50 M M 4 1 29 70
14 5 -6 0 -30 65 0 0.00 M M 7.7 17 160 M M 6 25 160
15 6 -18 -6 -37 71 0 T M M 9.7 23 20 M M 5 8 31 10
16 25 -23 1 -30 64 0 0.00 M M 5.7 13 270 M M 0 16 260
17 44 -4 20 -11 45 0 0.00 M M 4.6 13 240 M M 0 15 240
18 56 11 34 3 31 0 0.00 M M 9.6 37 20 M M 0 49 30
19 28 9 19 -12 46 0 0.00 M M 4.8 10 130 M M 1 13 140
20 37 10 24 -7 41 0 0.00 M M 10.8 23 150 M M 0 31 160
21 44 14 29 -2 36 0 0.00 M M 2.7 13 160 M M 1 16 150
22 54 20 37 6 28 0 0.00 M M 4.9 10 120 M M 0 12 230
23 44 19 32 1 33 0 0.00 M M 4.8 17 120 M M 3 18 23 110
24 42 25 34 2 31 0 0.00 M M 3.5 12 280 M M 7 12 15 300
25 54 21 38 6 27 0 0.00 M M 4.4 10 270 M M 2 12 13 130
26 55 29 42 10 23 0 0.00 M M 4.6 15 30 M M 6 20 30
27 55 23 39 7 26 0 0.00 M M 5.5 10 210 M M 3 18 290
28 62 21 42 10 23 0 0.00 M M 6.8 15 260 M M 0 19 260
29 64 23 44 12 21 0 0.00 M M 6.1 15 270 M M 0 19 270
30 65 24 45 13 20 0 0.00 M M 5.8 12 150 M M 0 15 150
31 65 24 45 13 20 0 0.00 M M 5.5 10 200 M M 0 13 250
================================================================================
SM 1289 374 1174 0 0.28 M 226.3 M 66
================================================================================
AV 41.6 12.1 7.3 FASTST M M 2 MAX(MPH)
MISC ----> 45 10 61 10
================================================================================
NOTES:
# LAST OF SEVERAL OCCURRENCES
COLUMN 17 PEAK WIND IN M.P.H.
PRELIMINARY LOCAL CLIMATOLOGICAL DATA (WS FORM: F-6) , PAGE 2
STATION: LAMAR CO
MONTH: JANUARY
YEAR: 2024
LATITUDE: 38 4 N
LONGITUDE: 102 41 W
[TEMPERATURE DATA] [PRECIPITATION DATA] SYMBOLS USED IN COLUMN 16
AVERAGE MONTHLY: 26.8 TOTAL FOR MONTH: 0.28 1 = FOG OR MIST
DPTR FM NORMAL: -3.9 DPTR FM NORMAL: 0.09 2 = FOG REDUCING VISIBILITY
HIGHEST: 65 ON 31,30 GRTST 24HR 0.23 ON 4- 4 TO 1/4 MILE OR LESS
LOWEST: -23 ON 16 3 = THUNDER
SNOW, ICE PELLETS, HAIL 4 = ICE PELLETS
TOTAL MONTH: M 5 = HAIL
GRTST 24HR M ON M 6 = FREEZING RAIN OR DRIZZLE
GRTST DEPTH: M ON M 7 = DUSTSTORM OR SANDSTORM:
VSBY 1/2 MILE OR LESS
8 = SMOKE OR HAZE
[NO. OF DAYS WITH] [WEATHER - DAYS WITH] 9 = BLOWING SNOW
X = TORNADO
MAX 32 OR BELOW: 7 0.01 INCH OR MORE: 3
MAX 90 OR ABOVE: 0 0.10 INCH OR MORE: 1
MIN 32 OR BELOW: 31 0.50 INCH OR MORE: 0
MIN 0 OR BELOW: 5 1.00 INCH OR MORE: 0
[HDD (BASE 65) ]
TOTAL THIS MO. 1174 CLEAR (SCALE 0-3) 22
DPTR FM NORMAL 109 PTCLDY (SCALE 4-7) 8
TOTAL FM JUL 1 3089 CLOUDY (SCALE 8-10) 1
DPTR FM NORMAL -178
[CDD (BASE 65) ]
TOTAL THIS MO. 0
DPTR FM NORMAL 0 [PRESSURE DATA]
TOTAL FM JAN 1 0 HIGHEST SLP 30.61 ON 19
DPTR FM NORMAL 0 LOWEST SLP 29.43 ON 11
[REMARKS]
#FINAL-01-24#