000
CXUS55 KPUB 011210
CF6LAA
PRELIMINARY LOCAL CLIMATOLOGICAL DATA (WS FORM: F-6)
STATION: LAMAR CO
MONTH: MAY
YEAR: 2021
LATITUDE: 38 4 N
LONGITUDE: 102 41 W
TEMPERATURE IN F: :PCPN: SNOW: WIND :SUNSHINE: SKY :PK WND
================================================================================
1 2 3 4 5 6A 6B 7 8 9 10 11 12 13 14 15 16 17 18
12Z AVG MX 2MIN
DY MAX MIN AVG DEP HDD CDD WTR SNW DPTH SPD SPD DIR MIN PSBL S-S WX SPD DR
================================================================================
1 90 42 66 9 0 1 0.00 M M 10.6 24 180 M M 0 34 180
2 86 48 67 10 0 2 M M M M 60 330 M M 0 378 92 320
3 54 45 50 -8 15 0 T M M 13.3 23 20 M M 10 30 20
4 67 37 52 -6 13 0 0.03 M M 7.8 21 140 M M 3 28 130
5 72 41 57 -1 8 0 0.04 M M 5.3 23 200 M M 3 33 330
6 81 34 58 -1 7 0 0.00 M M 9.0 22 120 M M 0 29 160
7 89 46 68 9 0 3 0.00 M M 8.0 28 180 M M M 34 180
8 89 49 69 10 0 4 0.06 M M 14.3 43 360 M M 2 56 360
9 61 42 52 -8 13 0 T M M 9.9 24 30 M M 9 38 30
10 48 41 45 -15 20 0 1.01 M M 14.1 22 130 M M 10 30 80
11 47 38 43 -18 22 0 0.40 M M 9.1 23 120 M M 8 1 31 120
12 58 39 49 -12 16 0 0.00 M M 9.7 21 150 M M 5 1 26 140
13 80 37 59 -3 6 0 0.00 M M 9.9 24 190 M M 0 1 32 200
14 81 61 71 9 0 6 0.00 M M 6.0 10 90 M M 0 M M
15 75 56 66 4 0 1 0.03 M M 15.0 24 90 M M 10 31 90
16 82 50 66 3 0 1 0.32 M M 10.2 22 70 M M 3 30 70
17 69 52 61 -2 4 0 0.16 M M 8.9 22 210 M M 6 13 29 220
18 70 48 59 -5 6 0 0.12 M M 5.8 24 220 M M 3 13 32 210
19 67 50 59 -5 6 0 0.00 M M 6.9 20 130 M M 6 12 24 130
20 84 52 68 3 0 3 0.00 M M 16.9 33 170 M M 1 46 180
21 87 59 73 8 0 8 0.72 M M 25.3 52 220 M M 1 13 67 220
22 75 63 69 4 0 4 T M M 15.5 26 160 M M 2 36 160
23 83 63 73 7 0 8 0.00 M M 19.0 39 170 M M 5 8 53 170
24 82 55 69 3 0 4 0.00 M M 10.0 25 80 M M 1 34 70
25 78 54 66 -1 0 1 T M M 9.4 21 70 M M 3 1 28 70
26 84 54 69 2 0 4 0.00 M M 8.0 21 170 M M 3 12 27 180
27 80 53 67 -1 0 2 0.00 M M 9.5 17 350 M M 0 23 360
28 83 49 66 -2 0 1 0.00 M M 12.0 22 180 M M 0 1 31 180
29 84 51 68 0 0 3 0.33 M M 15.5 32 160 M M 4 13 43 150
30 60 54 57 -12 8 0 1.38 M M 14.3 31 140 M M 9 13 43 160
31 62 52 57 -12 8 0 0.14 M M 4.8 13 80 M M 10 18 16 80
================================================================================
SM 2308 1515 152 56 4.74 M 334.0 M 117
================================================================================
AV 74.5 48.9 11.1 FASTST M M 4 MAX(MPH)
MISC ----> 60 330 92 320
================================================================================
NOTES:
# LAST OF SEVERAL OCCURRENCES
COLUMN 17 PEAK WIND IN M.P.H.
PRELIMINARY LOCAL CLIMATOLOGICAL DATA (WS FORM: F-6) , PAGE 2
STATION: LAMAR CO
MONTH: MAY
YEAR: 2021
LATITUDE: 38 4 N
LONGITUDE: 102 41 W
[TEMPERATURE DATA] [PRECIPITATION DATA] SYMBOLS USED IN COLUMN 16
AVERAGE MONTHLY: 61.7 TOTAL FOR MONTH: 4.74 1 = FOG OR MIST
DPTR FM NORMAL: -1.2 DPTR FM NORMAL: 3.04 2 = FOG REDUCING VISIBILITY
HIGHEST: 90 ON 1 GRTST 24HR 1.71 ON 29-30 TO 1/4 MILE OR LESS
LOWEST: 34 ON 6 3 = THUNDER
SNOW, ICE PELLETS, HAIL 4 = ICE PELLETS
TOTAL MONTH: M 5 = HAIL
GRTST 24HR M ON M 6 = FREEZING RAIN OR DRIZZLE
GRTST DEPTH: M ON M 7 = DUSTSTORM OR SANDSTORM:
VSBY 1/2 MILE OR LESS
8 = SMOKE OR HAZE
[NO. OF DAYS WITH] [WEATHER - DAYS WITH] 9 = BLOWING SNOW
X = TORNADO
MAX 32 OR BELOW: 0 0.01 INCH OR MORE: 13
MAX 90 OR ABOVE: 1 0.10 INCH OR MORE: 9
MIN 32 OR BELOW: 0 0.50 INCH OR MORE: 3
MIN 0 OR BELOW: 0 1.00 INCH OR MORE: 2
[HDD (BASE 65) ]
TOTAL THIS MO. 152 CLEAR (SCALE 0-3) 15
DPTR FM NORMAL 13 PTCLDY (SCALE 4-7) 9
TOTAL FM JUL 1 5466 CLOUDY (SCALE 8-10) 7
DPTR FM NORMAL 193
[CDD (BASE 65) ]
TOTAL THIS MO. 56
DPTR FM NORMAL -17 [PRESSURE DATA]
TOTAL FM JAN 1 61 HIGHEST SLP 30.35 ON 12
DPTR FM NORMAL -19 LOWEST SLP 29.25 ON 2
[REMARKS]
#FINAL-05-21#