000
CXUS52 KTBW 071344
CF6LAL
PRELIMINARY LOCAL CLIMATOLOGICAL DATA (WS FORM: F-6)
STATION: LAKELAND LINDER
MONTH: APRIL
YEAR: 2022
LATITUDE: 28 0 N
LONGITUDE: 82 3 W
TEMPERATURE IN F: :PCPN: SNOW: WIND :SUNSHINE: SKY :PK WND
================================================================================
1 2 3 4 5 6A 6B 7 8 9 10 11 12 13 14 15 16 17 18
12Z AVG MX 2MIN
DY MAX MIN AVG DEP HDD CDD WTR SNW DPTH SPD SPD DIR MIN PSBL S-S WX SPD DR
================================================================================
1 85 71 78 7 0 13 1.95 0.0 0 6.5 12 250 M M 7 3 18 190
2 87 63 75 4 0 10 0.38 0.0 0 6.2 12 10 M M 8 1 M M
3 78 63 71 0 0 6 0.00 0.0 0 3.5 9 340 M M 4 M M
4 84 61 73 2 0 8 0.00 0.0 0 5.8 14 140 M M 6 23 140
5 88 68 78 7 0 13 0.00 0.0 0 10.0 16 190 M M 4 1 24 240
6 92 72 82 11 0 17 0.00 0.0 0 8.9 17 230 M M 5 23 230
7 88 68 78 7 0 13 1.32 0.0 0 9.1 28 290 M M 7 3 44 290
8 74 58 66 -6 0 1 0.00 0.0 0 11.2 18 280 M M 1 25 290
9 73 56 65 -7 0 0 0.00 0.0 0 9.7 21 320 M M 3 29 290
10 76 47 62 -10 3 0 0.00 0.0 0 3.8 8 130 M M 0 M M
11 84 55 70 -2 0 5 0.00 0.0 0 9.1 14 120 M M 0 21 90
12 85 59 72 0 0 7 0.00 0.0 0 10.4 15 110 M M 1 18 150
13 86 60 73 1 0 8 0.00 0.0 0 10.2 15 130 M M 3 23 100
14 87 68 78 6 0 13 0.00 0.0 0 5.5 12 220 M M 5 M M
15 88 69 79 6 0 14 0.00 0.0 0 6.0 17 80 M M 3 M M
16 89 67 78 5 0 13 0.00 0.0 0 6.4 16 100 M M 3 M M
17 91 70 81 8 0 16 0.00 0.0 0 6.5 13 360 M M 3 3 M M
18 88 69 79 6 0 14 0.00 0.0 0 5.4 16 320 M M 2 M M
19 88 65 77 4 0 12 0.00 0.0 0 10.9 16 10 M M 1 M M
20 86 56 71 -3 0 6 0.00 0.0 0 12.2 18 80 M M 2 M M
21 84 62 73 -1 0 8 0.00 0.0 0 12.3 22 80 M M 1 M M
22 83 61 72 -2 0 7 0.00 0.0 0 14.3 23 80 M M 2 M M
23 87 67 77 3 0 12 0.00 0.0 0 12.5 20 90 M M 2 M M
24 87 65 76 2 0 11 0.00 0.0 0 12.1 17 90 M M 2 M M
25 87 67 77 3 0 12 0.00 0.0 0 7.5 14 110 M M 3 M M
26 88 66 77 2 0 12 0.00 0.0 0 4.7 12 330 M M 2 M M
27 89 66 78 3 0 13 0.00 0.0 0 5.5 9 300 M M 2 M M
28 89 65 77 2 0 12 0.00 0.0 0 10.1 14 70 M M 4 M M
29 87 66 77 2 0 12 0.00 0.0 0 11.9 16 90 M M 3 M M
30 87 69 78 3 0 13 0.00 0.0 0 9.6 14 120 M M 4 M M
================================================================================
SM 2565 1919 3 301 3.65 0.0 257.8 M 93
================================================================================
AV 85.5 64.0 8.6 FASTST M M 3 MAX(MPH)
MISC ----> 28 290 44 290
================================================================================
NOTES:
# LAST OF SEVERAL OCCURRENCES
COLUMN 17 PEAK WIND IN M.P.H.
PRELIMINARY LOCAL CLIMATOLOGICAL DATA (WS FORM: F-6) , PAGE 2
STATION: LAKELAND LINDER
MONTH: APRIL
YEAR: 2022
LATITUDE: 28 0 N
LONGITUDE: 82 3 W
[TEMPERATURE DATA] [PRECIPITATION DATA] SYMBOLS USED IN COLUMN 16
AVERAGE MONTHLY: 74.7 TOTAL FOR MONTH: 3.65 1 = FOG OR MIST
DPTR FM NORMAL: 1.5 DPTR FM NORMAL: 0.83 2 = FOG REDUCING VISIBILITY
HIGHEST: 92 ON 6 GRTST 24HR 1.95 ON 1- 1 TO 1/4 MILE OR LESS
LOWEST: 47 ON 10 3 = THUNDER
SNOW, ICE PELLETS, HAIL 4 = ICE PELLETS
TOTAL MONTH: 0.0 INCH 5 = HAIL
GRTST 24HR 0.0 6 = FREEZING RAIN OR DRIZZLE
GRTST DEPTH: 0 7 = DUSTSTORM OR SANDSTORM:
VSBY 1/2 MILE OR LESS
8 = SMOKE OR HAZE
[NO. OF DAYS WITH] [WEATHER - DAYS WITH] 9 = BLOWING SNOW
X = TORNADO
MAX 32 OR BELOW: 0 0.01 INCH OR MORE: 3
MAX 90 OR ABOVE: 2 0.10 INCH OR MORE: 3
MIN 32 OR BELOW: 0 0.50 INCH OR MORE: 2
MIN 0 OR BELOW: 0 1.00 INCH OR MORE: 2
[HDD (BASE 65) ]
TOTAL THIS MO. 3 CLEAR (SCALE 0-3) 20
DPTR FM NORMAL -2 PTCLDY (SCALE 4-7) 10
TOTAL FM JUL 1 297 CLOUDY (SCALE 8-10) 0
DPTR FM NORMAL -143
[CDD (BASE 65) ]
TOTAL THIS MO. 301
DPTR FM NORMAL 60 [PRESSURE DATA]
TOTAL FM JAN 1 699 HIGHEST SLP M ON M
DPTR FM NORMAL 177 LOWEST SLP M ON M
[REMARKS]
#FINAL-04-22#