000
CXUS52 KTBW 022359
CF6LAL
PRELIMINARY LOCAL CLIMATOLOGICAL DATA (WS FORM: F-6)
STATION: Lakeland Linder
MONTH: MAY
YEAR: 2020
LATITUDE: 28 0 N
LONGITUDE: 82 3 W
TEMPERATURE IN F: :PCPN: SNOW: WIND :SUNSHINE: SKY :PK WND
================================================================================
1 2 3 4 5 6A 6B 7 8 9 10 11 12 13 14 15 16 17 18
12Z AVG MX 2MIN
DY MAX MIN AVG DEP HDD CDD WTR SNW DPTH SPD SPD DIR MIN PSBL S-S WX SPD DR
================================================================================
1 81 56 69 -7 0 4 0.00 0.0 0 8.8 15 350 M M 1 21 320
2 85 57 71 -5 0 6 0.00 0.0 0 2.6 8 100 M M 0 M M
3 87 63 75 -1 0 10 0.00 0.0 0 3.3 9 290 M M 0 16 60
4 89 64 77 1 0 12 0.00 0.0 0 4.5 9 310 M M 1 M M
5 89 64 77 1 0 12 0.00 0.0 0 6.4 12 280 M M 1 M M
6 88 66 77 0 0 12 0.00 0.0 0 8.6 15 290 M M 5 18 280
7 87 60 74 -3 0 9 0.00 0.0 0 8.4 13 90 M M 0 20 310
8 86 54 70 -7 0 5 0.00 0.0 0 8.0 15 250 M M 0 21 220
9 88 64 76 -1 0 11 0.00 0.0 0 5.5 18 60 M M 5 1 29 60
10 89 67 78 0 0 13 0.00 0.0 0 7.0 13 80 M M 7 21 60
11 86 64 75 -3 0 10 0.12 0.0 0 6.7 16 40 M M 2 22 40
12 87 61 74 -4 0 9 0.00 0.0 0 7.6 15 100 M M 0 21 90
13 87 67 77 -1 0 12 0.00 0.0 0 11.4 21 100 M M 3 30 90
14 86 68 77 -1 0 12 0.00 0.0 0 13.1 22 90 M M 2 29 90
15 88 68 78 0 0 13 0.00 0.0 0 13.1 17 80 M M 4 25 80
16 89 72 81 2 0 16 0.00 0.0 0 13.3 23 80 M M 6 28 80
17 94 69 82 3 0 17 0.00 0.0 0 4.7 17 270 M M 4 27 270
18 92 69 81 2 0 16 0.21 0.0 0 7.5 14 230 M M 5 13 21 240
19 90 68 79 0 0 14 0.00 0.0 0 8.9 15 290 M M 4 22 250
20 91 66 79 -1 0 14 0.00 0.0 0 6.5 14 280 M M 1 21 280
21 95 71 83 3 0 18 0.00 0.0 0 4.9 14 140 M M 5 12 29 140
22 96 68 82 2 0 17 0.21 0.0 0 3.9 10 190 M M 2 3 M M
23 95 72 84 4 0 19 0.00 0.0 0 7.3 13 110 M M 3 22 110
24 90 72 81 1 0 16 0.00 0.0 0 9.9 17 90 M M 5 23 90
25 82 72 77 -3 0 12 0.19 0.0 0 11.1 17 80 M M 9 1 24 80
26 92 71 82 2 0 17 0.10 0.0 0 6.0 14 250 M M 7 16 250
27 93 76 85 4 0 20 0.06 0.0 0 7.0 14 260 M M 5 3 20 260
28 92 74 83 2 0 18 0.04 0.0 0 6.2 16 160 M M 6 13 22 310
29 92 70 81 0 0 16 0.16 0.0 0 6.1 17 290 M M 3 3 23 260
30 93 72 83 2 0 18 0.21 0.0 0 4.3 12 330 M M 2 3 M M
31 94 70 82 1 0 17 0.00 0.0 0 3.0 7 320 M M 2 M M
================================================================================
SM 2773 2075 0 415 1.30 0.0 225.6 M 100
================================================================================
AV 89.5 66.9 7.3 FASTST M M 3 MAX(MPH)
MISC ----> # 23 80 # 30 90
================================================================================
NOTES:
# LAST OF SEVERAL OCCURRENCES
COLUMN 17 PEAK WIND IN M.P.H.
PRELIMINARY LOCAL CLIMATOLOGICAL DATA (WS FORM: F-6) , PAGE 2
STATION: Lakeland Linder
MONTH: MAY
YEAR: 2020
LATITUDE: 28 0 N
LONGITUDE: 82 3 W
[TEMPERATURE DATA] [PRECIPITATION DATA] SYMBOLS USED IN COLUMN 16
AVERAGE MONTHLY: 78.2 TOTAL FOR MONTH: 1.30 1 = FOG OR MIST
DPTR FM NORMAL: 1.1 DPTR FM NORMAL: -2.06 2 = FOG REDUCING VISIBILITY
HIGHEST: 96 ON 22 GRTST 24HR 0.21 ON 30-30 TO 1/4 MILE OR LESS
LOWEST: 54 ON 8 3 = THUNDER
SNOW, ICE PELLETS, HAIL 4 = ICE PELLETS
TOTAL MONTH: 0.0 INCH 5 = HAIL
GRTST 24HR 0.0 6 = FREEZING RAIN OR DRIZZLE
GRTST DEPTH: 0 7 = DUSTSTORM OR SANDSTORM:
VSBY 1/2 MILE OR LESS
8 = SMOKE OR HAZE
[NO. OF DAYS WITH] [WEATHER - DAYS WITH] 9 = BLOWING SNOW
X = TORNADO
MAX 32 OR BELOW: 0 0.01 INCH OR MORE: 9
MAX 90 OR ABOVE: 14 0.10 INCH OR MORE: 7
MIN 32 OR BELOW: 0 0.50 INCH OR MORE: 0
MIN 0 OR BELOW: 0 1.00 INCH OR MORE: 0
[HDD (BASE 65) ]
TOTAL THIS MO. 0 CLEAR (SCALE 0-3) 15
DPTR FM NORMAL 0 PTCLDY (SCALE 4-7) 15
TOTAL FM JUL 1 290 CLOUDY (SCALE 8-10) 1
DPTR FM NORMAL -155
[CDD (BASE 65) ]
TOTAL THIS MO. 415
DPTR FM NORMAL -7 [PRESSURE DATA]
TOTAL FM JAN 1 1312 HIGHEST SLP M ON M
DPTR FM NORMAL 368 LOWEST SLP M ON M
[REMARKS]
#FINAL-05-20#