000
CXUS55 KVEF 022126
CLALAS
CLIMATE REPORT
NATIONAL WEATHER SERVICE LAS VEGAS, NV
126 PM PST MON JAN 02 2023
...................................
...THE LAS VEGAS NV CLIMATE SUMMARY FOR THE YEAR OF 2022...
CLIMATE NORMAL PERIOD: 1991 TO 2020
CLIMATE RECORD PERIOD: 1937 TO 2023
WEATHER OBSERVED NORMAL DEPART LAST YEAR`S
VALUE DATE(S) VALUE FROM VALUE DATE(S)
NORMAL
................................................................
TEMPERATURE (F)
RECORD
HIGH 117 06/20/2017
06/30/2013
07/19/2005
LOW 8 01/13/1963
01/25/1937
HIGHEST 112 07/12 MM MM 117 07/10
07/22
LOWEST 28 01/02 MM MM 32 12/11
12/19
AVG. MAXIMUM 81.1 80.5 0.6 82.1
AVG. MINIMUM 59.8 59.6 0.2 61.0
MEAN 70.5 70.1 0.4 71.5
DAYS MAX >= 90 152 137.0 15.0 140
DAYS MAX <= 32 0 0.0 0.0 0
DAYS MIN <= 32 8 9.8 -1.8 2
DAYS MIN <= 0 0 0.0 0.0 0
PRECIPITATION (INCHES)
RECORD
MAXIMUM 10.72 1941
MINIMUM 0.56 1953
TOTALS 2.13 4.18 -2.05 1.86
DAILY AVG. T 0.01 -0.01 T
DAYS >= .01 17 25.8 -8.8 23
DAYS >= .10 8 11.0 -3.0 8
DAYS >= .50 1 2.1 -1.1 0
DAYS >= 1.00 0 0.2 -0.2 0
GREATEST
24 HR. TOTAL 0.59 08/11 TO 08/12 0.62 03/11 TO 03/12
STORM TOTAL 0.58 0.33
(MM/DD(HH)) MM
SNOWFALL (INCHES)
RECORDS
TOTAL 16.7 1949
24 HR TOTAL 9.0 01/04/1974 TO 01/05/1974
SNOW DEPTH 8 01/05/1974
TOTALS 0.0 0.2 -0.2 T
LIQUID EQUIV 0.00 0.00 0.00 T
SINCE 7/1 0.0 0.2 -0.2 MM
LIQUID 7/1 0.00 0.00 0.00 MM
SNOWDEPTH AVG. 0 0
DAYS >= TRACE 0 0.0 0.0 2
DAYS >= 1.0 0 0.0 0.0 0
GREATEST
SNOW DEPTH 0 0 MM
24 HR TOTAL 0.0 T 01/26 TO 01/26
03/12 TO 03/12
STORM TOTAL 0.0 T
(MM/DD(HH)) MM
DEGREE DAYS
HEATING TOTAL 1904 1836 68 1613
SINCE 7/1 919 802 117 MM
COOLING TOTAL 4016 3720 296 4109
SINCE 1/1 4016 3722 294 MM
FREEZE DATES
RECORD
EARLIEST 10/21/1949
LATEST 04/12/1967
EARLIEST 12/16
LATEST 02/03
................................................................
WIND (MPH)
AVERAGE WIND SPEED 6.9
RESULTANT WIND SPEED/DIRECTION 1/200
HIGHEST WIND SPEED/DIRECTION 48/030 DATE 07/27
HIGHEST GUST SPEED/DIRECTION 63/340 DATE 03/20
SKY COVER
POSSIBLE SUNSHINE (PERCENT) MM
AVERAGE SKY COVER 0.33
NUMBER OF DAYS FAIR 192
NUMBER OF DAYS PC 164
NUMBER OF DAYS CLOUDY 9
AVERAGE RH (PERCENT) 27
WEATHER CONDITIONS. NUMBER OF DAYS WITH
THUNDERSTORM 26 MIXED PRECIP 0
HEAVY RAIN 6 RAIN 5
LIGHT RAIN 30 FREEZING RAIN 0
LT FREEZING RAIN 0 HAIL 0
HEAVY SNOW 0 SNOW 0
LIGHT SNOW 0 SLEET 0
FOG 0 FOG W/VIS <= 1/4 MILE 0
HAZE 29
- INDICATES NEGATIVE NUMBERS.
R INDICATES RECORD WAS SET OR TIED.
MM INDICATES DATA IS MISSING.
T INDICATES TRACE AMOUNT.
$$