000
CXUS54 KOUN 010910
CF6LAW
PRELIMINARY LOCAL CLIMATOLOGICAL DATA (WS FORM: F-6)
STATION: LAWTON
MONTH: FEBRUARY
YEAR: 2024
LATITUDE: 34 34 N
LONGITUDE: 98 25 W
TEMPERATURE IN F: :PCPN: SNOW: WIND :SUNSHINE: SKY :PK WND
================================================================================
1 2 3 4 5 6A 6B 7 8 9 10 11 12 13 14 15 16 17 18
12Z AVG MX 2MIN
DY MAX MIN AVG DEP HDD CDD WTR SNW DPTH SPD SPD DIR MIN PSBL S-S WX SPD DR
================================================================================
1 73 44 59 17 6 0 0.00 0.0 0 7.5 20 170 M M 0 29 170
2 64 40 52 10 13 0 0.24 0.0 0 10.8 23 240 M M 7 123 39 240
3 66 48 57 14 8 0 0.00 0.0 0 11.1 22 100 M M 4 29 180
4 57 48 53 10 12 0 T 0.0 0 14.3 25 360 M M 10 1 35 360
5 62 36 49 6 16 0 0.00 0.0 0 11.4 24 10 M M 4 33 360
6 60 30 45 2 20 0 0.00 0.0 0 3.9 13 130 M M 0 18 15 120
7 66 44 55 12 10 0 0.00 0.0 0 11.8 25 170 M M 1 34 160
8 71 43 57 14 8 0 0.00 0.0 0 11.9 20 210 M M 0 33 200
9 65 37 51 7 14 0 0.00 0.0 0 4.3 12 230 M M 0 18 230
10 52 40 46 2 19 0 0.00 0.0 0 11.4 25 20 M M 5 30 20
11 44 33 39 -5 26 0 1.15 2.0 0 18.9 28 360 M M 10 1 37 10
12 52 30 41 -3 24 0 T T 2 5.8 17 350 M M 3 1 27 340
13 63 27 45 1 20 0 0.00 0.0 0 5.7 14 190 M M 0 1 19 140
14 69 31 50 5 15 0 0.00 0.0 0 10.3 24 190 M M 0 1 38 190
15 66 37 52 7 13 0 0.00 0.0 0 6.5 18 20 M M 1 1 23 20
16 52 33 43 -2 22 0 0.00 0.0 0 17.7 32 10 M M 2 45 360
17 37 23 30 -15 35 0 0.00 0.0 0 14.1 28 20 M M 5 38 20
18 54 21 38 -8 27 0 0.00 0.0 0 6.3 15 210 M M 0 23 200
19 70 34 52 6 13 0 0.00 0.0 0 6.1 14 190 M M 0 19 190
20 79 31 55 9 10 0 0.00 0.0 0 5.3 18 180 M M 0 26 170
21 83 36 60 14 5 0 0.00 0.0 0 7.3 17 160 M M 0 26 200
22 74 45 60 13 5 0 0.00 0.0 0 10.7 24 350 M M 0 33 340
23 71 38 55 8 10 0 0.00 0.0 0 6.0 16 330 M M 1 8 28 280
24 75 31 53 6 12 0 0.00 0.0 0 6.3 18 200 M M 0 28 210
25 79 39 59 11 6 0 0.00 0.0 0 4.0 12 250 M M 0 8 17 250
26 89 38 64 16 1 0 0.00 0.0 0 7.1 16 190 M M 0 26 210
27 81 53 67 19 0 2 0.00 0.0 0 8.5 17 210 M M 0 31 220
28 47 31 39 -9 26 0 0.00 0.0 0 9.0 22 350 M M 0 28 350
29 43 27 35 -14 30 0 T 0.0 0 4.4 16 130 M M 5 1 20 120
================================================================================
SM 1864 1048 426 2 1.39 2.0 258.4 M 58
================================================================================
AV 64.3 36.1 8.9 FASTST M M 2 MAX(MPH)
MISC ----> 32 10 45 360
================================================================================
NOTES:
# LAST OF SEVERAL OCCURRENCES
COLUMN 17 PEAK WIND IN M.P.H.
PRELIMINARY LOCAL CLIMATOLOGICAL DATA (WS FORM: F-6) , PAGE 2
STATION: LAWTON
MONTH: FEBRUARY
YEAR: 2024
LATITUDE: 34 34 N
LONGITUDE: 98 25 W
[TEMPERATURE DATA] [PRECIPITATION DATA] SYMBOLS USED IN COLUMN 16
AVERAGE MONTHLY: 50.2 TOTAL FOR MONTH: 1.39 1 = FOG OR MIST
DPTR FM NORMAL: 5.3 DPTR FM NORMAL: 0.50 2 = FOG REDUCING VISIBILITY
HIGHEST: 89 ON 26 GRTST 24HR 1.15 ON 11-11 TO 1/4 MILE OR LESS
LOWEST: 21 ON 18 3 = THUNDER
SNOW, ICE PELLETS, HAIL 4 = ICE PELLETS
TOTAL MONTH: 2.0 INCHES 5 = HAIL
GRTST 24HR 2.0 ON 11-11 6 = FREEZING RAIN OR DRIZZLE
GRTST DEPTH: 2 ON 12 7 = DUSTSTORM OR SANDSTORM:
VSBY 1/2 MILE OR LESS
8 = SMOKE OR HAZE
[NO. OF DAYS WITH] [WEATHER - DAYS WITH] 9 = BLOWING SNOW
X = TORNADO
MAX 32 OR BELOW: 0 0.01 INCH OR MORE: 2
MAX 90 OR ABOVE: 0 0.10 INCH OR MORE: 2
MIN 32 OR BELOW: 10 0.50 INCH OR MORE: 1
MIN 0 OR BELOW: 0 1.00 INCH OR MORE: 1
[HDD (BASE 65) ]
TOTAL THIS MO. 426 CLEAR (SCALE 0-3) 21
DPTR FM NORMAL -137 PTCLDY (SCALE 4-7) 6
TOTAL FM JUL 1 2424 CLOUDY (SCALE 8-10) 2
DPTR FM NORMAL -221
[CDD (BASE 65) ]
TOTAL THIS MO. 2
DPTR FM NORMAL 0 [PRESSURE DATA]
TOTAL FM JAN 1 2 HIGHEST SLP 30.51 ON 17
DPTR FM NORMAL 0 LOWEST SLP 29.46 ON 27
[REMARKS]
#FINAL-02-24#