000
CXUS52 KILM 011000
CF6LBT
PRELIMINARY LOCAL CLIMATOLOGICAL DATA (WS FORM: F-6)
STATION: LUMBERTON NORTH CAROLINA
MONTH: MAY
YEAR: 2021
LATITUDE: 34 35 N
LONGITUDE: 79 4 W
TEMPERATURE IN F: :PCPN: SNOW: WIND :SUNSHINE: SKY :PK WND
================================================================================
1 2 3 4 5 6A 6B 7 8 9 10 11 12 13 14 15 16 17 18
12Z AVG MX 2MIN
DY MAX MIN AVG DEP HDD CDD WTR SNW DPTH SPD SPD DIR MIN PSBL S-S WX SPD DR
================================================================================
1 78 52 65 -2 0 0 0.00 M M M M M M M M M M
2 85 49 67 0 0 2 0.00 M M M M M M M M M M
3 86 65 76 9 0 11 0.05 M M M M M M M M M M
4 92 66 79 11 0 14 0.00 M M M M M M M M M M
5 85 69 77 9 0 12 0.00 M M M M M M M M M M
6 75 59 67 -1 0 2 0.00 M M M M M M M M M M
7 70 47 59 -9 6 0 0.61 M M M M M M M M M M
8 79 43 61 -8 4 0 0.00 M M M M M M M M M M
9 85 51 68 -1 0 3 0.00 M M M M M M M M M M
10 83 68 76 7 0 11 0.00 M M M M M M M M M M
11 76 61 69 -1 0 4 0.00 M M M M M M M M M M
12 63 47 55 -15 10 0 0.60 M M M M M M M M M M
13 72 44 58 -12 7 0 0.00 M M M M M M M M M M
14 75 45 60 -10 5 0 0.00 M M M M M M M M M M
15 78 45 62 -9 3 0 0.00 M M M M M M M M M M
16 81 49 65 -6 0 0 0.00 M M M M M M M M M M
17 83 56 70 -1 0 5 0.00 M M M M M M M M M M
18 80 61 71 -1 0 6 0.00 M M M M M M M M M M
19 84 57 71 -1 0 6 0.00 M M M M M M M M M M
20 87 55 71 -1 0 6 0.00 M M M M M M M M M M
21 85 59 72 0 0 7 0.00 M M M M M M M M M M
22 89 54 72 -1 0 7 0.00 M M M M M M M M M M
23 94 63 79 6 0 14 0.00 M M M M M M M M M M
24 98 65 82 9 0 17 0.01 M M M M M M M M M M
25 90 72 81 7 0 16 0.00 M M M M M M M M M M
26 96 69 83 9 0 18 0.00 M M M M M M M M M M
27 96 70 83 9 0 18 0.00 M M M M M M M M M M
28 91 71 81 7 0 16 0.12 M M M M M M M M M M
29 87 60 74 -1 0 9 0.29 M M M M M M M M M M
30 68 55 62 -13 3 0 0.00 M M M M M M M M M M
31 80 50 65 -10 0 0 0.00 M M M M M M M M M M
================================================================================
SM 2571 1777 38 204 1.68 M M M M
================================================================================
AV 82.9 57.3 M FASTST M M M MAX(MPH)
MISC ----> M M M M
================================================================================
NOTES:
# LAST OF SEVERAL OCCURRENCES
COLUMN 17 PEAK WIND IN M.P.H.
PRELIMINARY LOCAL CLIMATOLOGICAL DATA (WS FORM: F-6) , PAGE 2
STATION: LUMBERTON NORTH CAROLINA
MONTH: MAY
YEAR: 2021
LATITUDE: 34 35 N
LONGITUDE: 79 4 W
[TEMPERATURE DATA] [PRECIPITATION DATA] SYMBOLS USED IN COLUMN 16
AVERAGE MONTHLY: 70.1 TOTAL FOR MONTH: 1.68 1 = FOG OR MIST
DPTR FM NORMAL: -0.9 DPTR FM NORMAL: -1.73 2 = FOG REDUCING VISIBILITY
HIGHEST: 98 ON 24 GRTST 24HR 0.61 ON 7- 7 TO 1/4 MILE OR LESS
LOWEST: 43 ON 8 3 = THUNDER
SNOW, ICE PELLETS, HAIL 4 = ICE PELLETS
TOTAL MONTH: M 5 = HAIL
GRTST 24HR M ON M 6 = FREEZING RAIN OR DRIZZLE
GRTST DEPTH: M ON M 7 = DUSTSTORM OR SANDSTORM:
VSBY 1/2 MILE OR LESS
8 = SMOKE OR HAZE
[NO. OF DAYS WITH] [WEATHER - DAYS WITH] 9 = BLOWING SNOW
X = TORNADO
MAX 32 OR BELOW: 0 0.01 INCH OR MORE: 6
MAX 90 OR ABOVE: 7 0.10 INCH OR MORE: 4
MIN 32 OR BELOW: 0 0.50 INCH OR MORE: 2
MIN 0 OR BELOW: 0 1.00 INCH OR MORE: 0
[HDD (BASE 65) ]
TOTAL THIS MO. 38 CLEAR (SCALE 0-3) 0
DPTR FM NORMAL 13 PTCLDY (SCALE 4-7) 0
TOTAL FM JUL 1 2350 CLOUDY (SCALE 8-10) 31
DPTR FM NORMAL -257
[CDD (BASE 65) ]
TOTAL THIS MO. 204
DPTR FM NORMAL -6 [PRESSURE DATA]
TOTAL FM JAN 1 310 HIGHEST SLP M ON M
DPTR FM NORMAL 11 LOWEST SLP M ON M
[REMARKS]
#FINAL-05-21#