000
CXUS52 KILM 011000
CF6LBT
PRELIMINARY LOCAL CLIMATOLOGICAL DATA (WS FORM: F-6)
STATION: LUMBERTON NORTH CAROLINA
MONTH: AUGUST
YEAR: 2020
LATITUDE: 34 35 N
LONGITUDE: 79 4 W
TEMPERATURE IN F: :PCPN: SNOW: WIND :SUNSHINE: SKY :PK WND
================================================================================
1 2 3 4 5 6A 6B 7 8 9 10 11 12 13 14 15 16 17 18
12Z AVG MX 2MIN
DY MAX MIN AVG DEP HDD CDD WTR SNW DPTH SPD SPD DIR MIN PSBL S-S WX SPD DR
================================================================================
1 90 73 82 1 0 17 0.09 M M M M M M M M M M
2 93 75 84 3 0 19 0.00 M M M M M M M M M M
3 84 72 78 -2 0 13 1.38 M M M M M M M M M M
4 88 70 79 -1 0 14 0.00 M M M M M M M M M M
5 84 73 79 -1 0 14 0.14 M M M M M M M M M M
6 88 73 81 1 0 16 0.10 M M M M M M M M M M
7 90 72 81 1 0 16 0.12 M M M M M M M M M M
8 91 70 81 1 0 16 0.00 M M M M M M M M M M
9 94 73 84 4 0 19 0.02 M M M M M M M M M M
10 90 70 80 0 0 15 0.85 M M M M M M M M M M
11 90 69 80 0 0 15 0.00 M M M M M M M M M M
12 92 73 83 3 0 18 0.00 M M M M M M M M M M
13 89 74 82 2 0 17 0.00 M M M M M M M M M M
14 89 73 81 2 0 16 0.00 M M M M M M M M M M
15 86 73 80 1 0 15 0.00 M M M M M M M M M M
16 79 69 74 -5 0 9 0.00 M M M M M M M M M M
17 88 66 77 -2 0 12 0.17 M M M M M M M M M M
18 89 71 80 1 0 15 0.00 M M M M M M M M M M
19 87 68 78 -1 0 13 1.03 M M M M M M M M M M
20 87 69 78 -1 0 13 0.00 M M M M M M M M M M
21 83 70 77 -1 0 12 0.28 M M M M M M M M M M
22 84 72 78 0 0 13 0.00 M M M M M M M M M M
23 82 72 77 -1 0 12 0.04 M M M M M M M M M M
24 84 73 79 1 0 14 0.13 M M M M M M M M M M
25 85 73 79 1 0 14 0.00 M M M M M M M M M M
26 90 73 82 4 0 17 0.00 M M M M M M M M M M
27 92 71 82 4 0 17 0.00 M M M M M M M M M M
28 92 76 84 7 0 19 0.00 M M M M M M M M M M
29 87 78 83 6 0 18 0.01 M M M M M M M M M M
30 90 73 82 5 0 17 0.00 M M M M M M M M M M
31 91 74 83 6 0 18 0.06 M M M M M M M M M M
================================================================================
SM 2728 2231 0 473 4.42 M M M M
================================================================================
AV 88.0 72.0 M FASTST M M M MAX(MPH)
MISC ----> M M M M
================================================================================
NOTES:
# LAST OF SEVERAL OCCURRENCES
COLUMN 17 PEAK WIND IN M.P.H.
PRELIMINARY LOCAL CLIMATOLOGICAL DATA (WS FORM: F-6) , PAGE 2
STATION: LUMBERTON NORTH CAROLINA
MONTH: AUGUST
YEAR: 2020
LATITUDE: 34 35 N
LONGITUDE: 79 4 W
[TEMPERATURE DATA] [PRECIPITATION DATA] SYMBOLS USED IN COLUMN 16
AVERAGE MONTHLY: 80.0 TOTAL FOR MONTH: 4.42 1 = FOG OR MIST
DPTR FM NORMAL: 1.0 DPTR FM NORMAL: -1.08 2 = FOG REDUCING VISIBILITY
HIGHEST: 94 ON 9 GRTST 24HR 1.38 ON 3- 3 TO 1/4 MILE OR LESS
LOWEST: 66 ON 17 3 = THUNDER
SNOW, ICE PELLETS, HAIL 4 = ICE PELLETS
TOTAL MONTH: M 5 = HAIL
GRTST 24HR M ON M 6 = FREEZING RAIN OR DRIZZLE
GRTST DEPTH: M ON M 7 = DUSTSTORM OR SANDSTORM:
VSBY 1/2 MILE OR LESS
8 = SMOKE OR HAZE
[NO. OF DAYS WITH] [WEATHER - DAYS WITH] 9 = BLOWING SNOW
X = TORNADO
MAX 32 OR BELOW: 0 0.01 INCH OR MORE: 14
MAX 90 OR ABOVE: 13 0.10 INCH OR MORE: 9
MIN 32 OR BELOW: 0 0.50 INCH OR MORE: 3
MIN 0 OR BELOW: 0 1.00 INCH OR MORE: 2
[HDD (BASE 65) ]
TOTAL THIS MO. 0 CLEAR (SCALE 0-3) 0
DPTR FM NORMAL 0 PTCLDY (SCALE 4-7) 0
TOTAL FM JUL 1 0 CLOUDY (SCALE 8-10) 31
DPTR FM NORMAL 0
[CDD (BASE 65) ]
TOTAL THIS MO. 473
DPTR FM NORMAL 39 [PRESSURE DATA]
TOTAL FM JAN 1 1645 HIGHEST SLP M ON M
DPTR FM NORMAL 73 LOWEST SLP M ON M
[REMARKS]
#FINAL-08-20#