000
CXUS54 KHGX 011410
CF6LBX
PRELIMINARY LOCAL CLIMATOLOGICAL DATA (WS FORM: F-6)
STATION: ANGLETON/LAKE_JACKS
MONTH: SEPTEMBER
YEAR: 2021
LATITUDE: 29 6 N
LONGITUDE: 95 28 W
TEMPERATURE IN F: :PCPN: SNOW: WIND :SUNSHINE: SKY :PK WND
================================================================================
1 2 3 4 5 6A 6B 7 8 9 10 11 12 13 14 15 16 17 18
12Z AVG MX 2MIN
DY MAX MIN AVG DEP HDD CDD WTR SNW DPTH SPD SPD DIR MIN PSBL S-S WX SPD DR
================================================================================
1 90 77 84 2 0 19 0.95 0.0 0 3.5 33 180 M M 1 3 43 190
2 92 75 84 2 0 19 0.00 0.0 0 2.7 14 200 M M 1 3 17 200
3 91 74 83 1 0 18 0.06 0.0 0 3.3 15 90 M M 2 3 21 100
4 93 73 83 1 0 18 T 0.0 0 4.0 15 180 M M 1 17 180
5 95 75 85 3 0 20 0.00 0.0 0 3.5 10 200 M M 1 15 200
6 93 75 84 2 0 19 0.00 0.0 0 4.5 13 310 M M 1 18 300
7 93 69 81 -1 0 16 0.00 0.0 0 4.2 13 60 M M 0 8 18 60
8 93 66 80 -1 0 15 0.00 0.0 0 3.1 10 110 M M 1 1 15 10
9 95 68 82 1 0 17 0.00 0.0 0 4.4 12 110 M M 1 1 18 80
10 91 63 77 -4 0 12 0.00 0.0 0 6.3 16 110 M M 0 1 21 100
11 88 63 76 -5 0 11 0.00 0.0 0 7.7 16 100 M M 3 24 80
12 89 69 79 -2 0 14 0.01 0.0 0 6.8 15 80 M M 2 1 20 80
13 77 70 74 -7 0 9 1.74 0.0 0 10.2 31 90 M M 8 1 46 90
14 M M M M M M M M M M M M M M M M M
15 84 70 77 -3 0 12 T 0.0 0 10.4 43 70 M M 7 1 60 80
16 88 71 80 0 0 15 0.00 0.0 0 4.4 13 40 M M 6 1 17 10
17 93 70 82 2 0 17 0.00 0.0 0 2.8 12 160 M M 2 1 14 150
18 93 71 82 2 0 17 0.00 0.0 0 3.3 17 20 M M 1 13 25 30
19 90 70 80 0 0 15 T 0.0 0 3.7 14 170 M M 1 13 16 170
20 92 73 83 4 0 18 0.00 0.0 0 4.6 16 170 M M 1 1 22 170
21 93 75 84 5 0 19 0.00 0.0 0 4.4 17 10 M M 2 138 24 10
22 83 58 71 -8 0 6 0.00 0.0 0 10.5 23 360 M M 1 30 10
23 82 55 69 -10 0 4 0.00 0.0 0 4.6 14 90 M M 0 17 50
24 83 56 70 -9 0 5 0.00 0.0 0 3.6 14 90 M M 1 1 19 80
25 85 54 70 -8 0 5 0.00 0.0 0 3.7 14 100 M M 0 1 19 40
26 86 58 72 -6 0 7 0.00 0.0 0 4.0 15 130 M M 2 1 17 140
27 90 68 79 1 0 14 0.00 0.0 0 4.5 12 110 M M 5 1 16 150
28 88 73 81 3 0 16 1.86 0.0 0 6.4 17 150 M M 4 138 23 60
29 82 69 76 -2 0 11 1.00 0.0 0 5.5 23 330 M M 4 13 37 330
30 87 74 81 4 0 16 0.01 0.0 0 5.0 17 20 M M 4 13 23 50
================================================================================
SM 2579 1982 0 404 5.63 0.0 145.6 M 63
================================================================================
AV 88.9 68.3 5.0 FASTST M M 2 MAX(MPH)
MISC ----> 43 70 60 80
================================================================================
NOTES:
# LAST OF SEVERAL OCCURRENCES
COLUMN 17 PEAK WIND IN M.P.H.
PRELIMINARY LOCAL CLIMATOLOGICAL DATA (WS FORM: F-6) , PAGE 2
STATION: ANGLETON/LAKE_JACKS
MONTH: SEPTEMBER
YEAR: 2021
LATITUDE: 29 6 N
LONGITUDE: 95 28 W
[TEMPERATURE DATA] [PRECIPITATION DATA] SYMBOLS USED IN COLUMN 16
AVERAGE MONTHLY: 78.6 TOTAL FOR MONTH: 5.63 1 = FOG OR MIST
DPTR FM NORMAL: -1.5 DPTR FM NORMAL: -0.33 2 = FOG REDUCING VISIBILITY
HIGHEST: 95 ON 9, 5 GRTST 24HR 2.76 ON 28-29 TO 1/4 MILE OR LESS
LOWEST: 54 ON 25 3 = THUNDER
SNOW, ICE PELLETS, HAIL 4 = ICE PELLETS
TOTAL MONTH: 0.0 INCH 5 = HAIL
GRTST 24HR 0.0 6 = FREEZING RAIN OR DRIZZLE
GRTST DEPTH: 0 7 = DUSTSTORM OR SANDSTORM:
VSBY 1/2 MILE OR LESS
8 = SMOKE OR HAZE
[NO. OF DAYS WITH] [WEATHER - DAYS WITH] 9 = BLOWING SNOW
X = TORNADO
MAX 32 OR BELOW: 0 0.01 INCH OR MORE: 7
MAX 90 OR ABOVE: 16 0.10 INCH OR MORE: 4
MIN 32 OR BELOW: 0 0.50 INCH OR MORE: 4
MIN 0 OR BELOW: 0 1.00 INCH OR MORE: 3
[HDD (BASE 65) ]
TOTAL THIS MO. 0 CLEAR (SCALE 0-3) 22
DPTR FM NORMAL 0 PTCLDY (SCALE 4-7) 7
TOTAL FM JUL 1 0 CLOUDY (SCALE 8-10) 1
DPTR FM NORMAL 0
[CDD (BASE 65) ]
TOTAL THIS MO. 404
DPTR FM NORMAL -49 [PRESSURE DATA]
TOTAL FM JAN 1 2768 HIGHEST SLP 30.22 ON 22
DPTR FM NORMAL -69 LOWEST SLP 29.63 ON 13
[REMARKS]
#FINAL-09-21#