000
CXUS54 KLCH 010830
CF6LCH
PRELIMINARY LOCAL CLIMATOLOGICAL DATA (WS FORM: F-6)
STATION: LAKE CHARLES
MONTH: MARCH
YEAR: 2021
LATITUDE: 30 7 N
LONGITUDE: 93 13 W
TEMPERATURE IN F: :PCPN: SNOW: WIND :SUNSHINE: SKY :PK WND
================================================================================
1 2 3 4 5 6A 6B 7 8 9 10 11 12 13 14 15 16 17 18
12Z AVG MX 2MIN
DY MAX MIN AVG DEP HDD CDD WTR SNW DPTH SPD SPD DIR MIN PSBL S-S WX SPD DR
================================================================================
1 79 56 68 10 0 3 0.03 0.0 M 10.6 32 60 M M 10 12 45 60
2 61 46 54 -4 11 0 0.34 0.0 M 13.3 22 10 M M 7 1 30 10
3 68 40 54 -4 11 0 0.00 0.0 M 5.1 13 40 M M 0 18 18 60
4 71 42 57 -2 8 0 0.00 0.0 M 2.6 10 220 M M 1 128 15 90
5 70 50 60 1 5 0 T 0.0 M 6.8 20 50 M M 6 18 24 50
6 71 47 59 0 6 0 0.00 0.0 M 13.0 21 30 M M 2 26 60
7 69 41 55 -4 10 0 0.00 0.0 M 7.6 20 70 M M 0 27 50
8 74 42 58 -2 7 0 0.00 0.0 M 7.2 21 130 M M 1 18 26 120
9 77 49 63 3 2 0 0.00 0.0 M 9.5 23 150 M M 1 1 30 160
10 79 61 70 10 0 5 0.00 0.0 M 12.3 23 160 M M 7 33 170
11 80 62 71 11 0 6 0.00 0.0 M 11.5 21 160 M M 4 1 32 160
12 81 63 72 12 0 7 0.00 0.0 M 8.4 18 130 M M 6 12 23 140
13 82 61 72 11 0 7 0.00 0.0 M 9.4 20 160 M M 7 12 27 160
14 82 68 75 14 0 10 T 0.0 M 12.7 26 150 M M 8 1 36 140
15 83 71 77 16 0 12 T 0.0 M 9.2 17 220 M M 8 18 25 190
16 83 70 77 16 0 12 0.00 0.0 M 8.8 16 210 M M 9 1 23 210
17 81 62 72 10 0 7 0.23 0.0 M 11.3 25 160 M M 8 13 39 190
18 69 50 60 -2 5 0 0.00 0.0 M 15.8 24 300 M M 0 34 300
19 59 47 53 -9 12 0 0.00 0.0 0 10.5 18 30 M M 6 23 360
20 57 44 51 -11 14 0 0.00 0.0 M 6.3 13 20 M M 7 18 30
21 72 45 59 -3 6 0 0.00 0.0 M 5.4 13 140 M M 4 20 140
22 78 52 65 2 0 0 0.02 0.0 M 13.9 28 130 M M 8 1 36 160
23 78 64 71 8 0 6 4.99 0.0 M 8.6 18 160 M M 6 13 29 210
24 73 61 67 4 0 2 0.04 0.0 M 13.1 21 110 M M 10 1 31 120
25 84 64 74 11 0 9 0.01 0.0 M 8.1 18 180 M M 5 18 31 170
26 81 57 69 5 0 4 T 0.0 M 10.2 17 80 M M 5 18 23 80
27 78 73 76 12 0 11 0.00 0.0 M 9.2 14 200 M M 10 18 23 150
28 74 51 63 -1 2 0 0.06 0.0 M 10.4 26 10 M M 7 18 36 10
29 73 47 60 -4 5 0 0.00 0.0 M 6.7 17 70 M M 0 26 60
30 80 63 72 8 0 7 0.02 0.0 0 10.8 21 210 M M 10 18 32 210
31 83 55 69 5 0 4 0.62 0.0 M 11.8 28 20 M M 9 138 41 20
================================================================================
SM 2330 1704 104 112 6.36 0.0 300.1 M 172
================================================================================
AV 75.2 55.0 9.7 FASTST M M 6 MAX(MPH)
MISC ----> 32 60 45 60
================================================================================
NOTES:
# LAST OF SEVERAL OCCURRENCES
COLUMN 17 PEAK WIND IN M.P.H.
PRELIMINARY LOCAL CLIMATOLOGICAL DATA (WS FORM: F-6) , PAGE 2
STATION: LAKE CHARLES
MONTH: MARCH
YEAR: 2021
LATITUDE: 30 7 N
LONGITUDE: 93 13 W
[TEMPERATURE DATA] [PRECIPITATION DATA] SYMBOLS USED IN COLUMN 16
AVERAGE MONTHLY: 65.1 TOTAL FOR MONTH: 6.36 1 = FOG OR MIST
DPTR FM NORMAL: 3.7 DPTR FM NORMAL: 2.70 2 = FOG REDUCING VISIBILITY
HIGHEST: 84 ON 25 GRTST 24HR 5.01 ON 22-23 TO 1/4 MILE OR LESS
LOWEST: 40 ON 3 3 = THUNDER
SNOW, ICE PELLETS, HAIL 4 = ICE PELLETS
TOTAL MONTH: 0.0 INCH 5 = HAIL
GRTST 24HR 0.0 6 = FREEZING RAIN OR DRIZZLE
GRTST DEPTH: 0 7 = DUSTSTORM OR SANDSTORM:
VSBY 1/2 MILE OR LESS
8 = SMOKE OR HAZE
[NO. OF DAYS WITH] [WEATHER - DAYS WITH] 9 = BLOWING SNOW
X = TORNADO
MAX 32 OR BELOW: 0 0.01 INCH OR MORE: 10
MAX 90 OR ABOVE: 0 0.10 INCH OR MORE: 4
MIN 32 OR BELOW: 0 0.50 INCH OR MORE: 2
MIN 0 OR BELOW: 0 1.00 INCH OR MORE: 1
[HDD (BASE 65) ]
TOTAL THIS MO. 104 CLEAR (SCALE 0-3) 8
DPTR FM NORMAL -58 PTCLDY (SCALE 4-7) 16
TOTAL FM JUL 1 1365 CLOUDY (SCALE 8-10) 7
DPTR FM NORMAL -79
[CDD (BASE 65) ]
TOTAL THIS MO. 112
DPTR FM NORMAL 63 [PRESSURE DATA]
TOTAL FM JAN 1 153 HIGHEST SLP 30.52 ON 8
DPTR FM NORMAL 81 LOWEST SLP 29.64 ON 25
[REMARKS]
#FINAL-03-21#