000
CXUS53 KLMK 010710
CF6LEX
PRELIMINARY LOCAL CLIMATOLOGICAL DATA (WS FORM: F-6)
STATION: LEXINGTON KY
MONTH: AUGUST
YEAR: 2021
LATITUDE: 38 1 N
LONGITUDE: 84 36 W
TEMPERATURE IN F: :PCPN: SNOW: WIND :SUNSHINE: SKY :PK WND
================================================================================
1 2 3 4 5 6A 6B 7 8 9 10 11 12 13 14 15 16 17 18
12Z AVG MX 2MIN
DY MAX MIN AVG DEP HDD CDD WTR SNW DPTH SPD SPD DIR MIN PSBL S-S WX SPD DR
================================================================================
1 82 63 73 -4 0 8 T 0.0 0 5.5 14 300 M M 6 18 20 340
2 81 57 69 -8 0 4 0.00 0.0 0 6.1 14 40 M M 1 1 18 30
3 83 55 69 -8 0 4 0.00 0.0 0 6.1 15 60 M M 1 20 60
4 83 54 69 -8 0 4 0.24 0.0 0 5.2 21 280 M M 2 13 31 280
5 84 58 71 -5 0 6 0.00 0.0 0 4.4 12 220 M M 1 1 16 200
6 86 60 73 -3 0 8 0.00 0.0 0 4.7 16 170 M M 2 20 170
7 87 67 77 1 0 12 0.00 0.0 0 4.6 16 190 M M 1 13 22 250
8 87 66 77 1 0 12 0.00 0.0 0 6.9 14 180 M M 1 19 170
9 77 69 73 -3 0 8 0.93 0.0 0 8.9 21 180 M M 4 123 28 190
10 85 66 76 0 0 11 0.74 0.0 0 9.9 26 360 M M 2 13 36 20
11 91 74 83 7 0 18 0.08 0.0 0 9.3 17 220 M M 1 13 24 250
12 91 73 82 6 0 17 0.00 0.0 0 9.1 17 340 M M 1 3 24 330
13 89 70 80 4 0 15 0.62 0.0 0 7.6 20 250 M M 2 13 31 250
14 84 68 76 0 0 11 0.23 0.0 0 5.4 21 20 M M 5 1 27 20
15 78 66 72 -4 0 7 T 0.0 0 9.1 14 40 M M 8 19 30
16 80 69 75 -1 0 10 0.08 0.0 0 5.5 15 180 M M 8 13 18 180
17 81 70 76 0 0 11 0.00 0.0 0 6.1 15 60 M M 3 1 19 160
18 87 67 77 1 0 12 T 0.0 0 4.5 12 230 M M 4 12 16 240
19 80 68 74 -2 0 9 2.35 0.0 0 4.1 17 260 M M 7 128 23 270
20 86 63 75 -1 0 10 0.00 0.0 0 2.5 9 60 M M 2 128 16 80
21 86 64 75 -1 0 10 0.00 0.0 0 3.0 9 180 M M 1 1 14 130
22 89 67 78 3 0 13 0.00 0.0 0 3.0 10 50 M M 1 1 14 50
23 90 65 78 3 0 13 0.00 0.0 0 3.1 12 260 M M 0 1 17 340
24 90 70 80 5 0 15 0.00 0.0 0 2.6 9 260 M M 0 1 13 260
25 91 71 81 6 0 16 T 0.0 0 3.4 21 80 M M 0 13 26 80
26 90 68 79 4 0 14 T 0.0 0 3.6 15 50 M M 1 1 19 60
27 89 69 79 4 0 14 T 0.0 0 4.6 18 250 M M 2 13 25 270
28 90 68 79 5 0 14 0.00 0.0 0 4.0 10 180 M M 1 14 260
29 89 69 79 5 0 14 0.00 0.0 0 6.0 14 240 M M 1 18 240
30 81 67 74 0 0 9 1.21 0.0 0 4.4 28 340 M M 3 13 36 350
31 70 68 69 -5 0 4 1.02 0.0 0 8.9 17 40 M M 8 1 23 70
================================================================================
SM 2637 2049 0 333 7.50 0.0 172.1 M 80
================================================================================
AV 85.1 66.1 5.6 FASTST M M 3 MAX(MPH)
MISC ----> 28 340 # 36 20
================================================================================
NOTES:
# LAST OF SEVERAL OCCURRENCES
COLUMN 17 PEAK WIND IN M.P.H.
PRELIMINARY LOCAL CLIMATOLOGICAL DATA (WS FORM: F-6) , PAGE 2
STATION: LEXINGTON KY
MONTH: AUGUST
YEAR: 2021
LATITUDE: 38 1 N
LONGITUDE: 84 36 W
[TEMPERATURE DATA] [PRECIPITATION DATA] SYMBOLS USED IN COLUMN 16
AVERAGE MONTHLY: 75.6 TOTAL FOR MONTH: 7.50 1 = FOG OR MIST
DPTR FM NORMAL: -0.1 DPTR FM NORMAL: 3.79 2 = FOG REDUCING VISIBILITY
HIGHEST: 91 ON 25,12 GRTST 24HR 2.35 ON 18-19 TO 1/4 MILE OR LESS
LOWEST: 54 ON 4 3 = THUNDER
SNOW, ICE PELLETS, HAIL 4 = ICE PELLETS
TOTAL MONTH: 0.0 INCH 5 = HAIL
GRTST 24HR 0.0 6 = FREEZING RAIN OR DRIZZLE
GRTST DEPTH: 0 7 = DUSTSTORM OR SANDSTORM:
VSBY 1/2 MILE OR LESS
8 = SMOKE OR HAZE
[NO. OF DAYS WITH] [WEATHER - DAYS WITH] 9 = BLOWING SNOW
X = TORNADO
MAX 32 OR BELOW: 0 0.01 INCH OR MORE: 10
MAX 90 OR ABOVE: 7 0.10 INCH OR MORE: 8
MIN 32 OR BELOW: 0 0.50 INCH OR MORE: 6
MIN 0 OR BELOW: 0 1.00 INCH OR MORE: 3
[HDD (BASE 65) ]
TOTAL THIS MO. 0 CLEAR (SCALE 0-3) 22
DPTR FM NORMAL -1 PTCLDY (SCALE 4-7) 9
TOTAL FM JUL 1 0 CLOUDY (SCALE 8-10) 0
DPTR FM NORMAL 0
[CDD (BASE 65) ]
TOTAL THIS MO. 333
DPTR FM NORMAL 0 [PRESSURE DATA]
TOTAL FM JAN 1 968 HIGHEST SLP M ON M
DPTR FM NORMAL -120 LOWEST SLP 29.62 ON 31
[REMARKS]
#FINAL-08-21#