000
CXUS54 KSHV 011400
CF6LFK
PRELIMINARY LOCAL CLIMATOLOGICAL DATA (WS FORM: F-6)
STATION: LUFKIN
MONTH: JANUARY
YEAR: 2024
LATITUDE: 31 14 N
LONGITUDE: 94 45 W
TEMPERATURE IN F: :PCPN: SNOW: WIND :SUNSHINE: SKY :PK WND
================================================================================
1 2 3 4 5 6A 6B 7 8 9 10 11 12 13 14 15 16 17 18
12Z AVG MX 2MIN
DY MAX MIN AVG DEP HDD CDD WTR SNW DPTH SPD SPD DIR MIN PSBL S-S WX SPD DR
================================================================================
1 58 41 50 2 15 0 0.40 0.0 0 6.3 14 20 M M 4 3 20 10
2 59 33 46 -2 19 0 0.52 0.0 0 6.2 14 70 M M 2 19 70
3 57 38 48 0 17 0 0.12 0.0 0 4.1 23 100 M M 6 37 100
4 62 33 48 0 17 0 0.00 0.0 0 5.6 16 100 M M 1 22 110
5 51 38 45 -3 20 0 1.35 0.0 0 6.5 16 290 M M 9 1 24 290
6 56 35 46 -2 19 0 0.00 0.0 0 2.5 8 320 M M 5 12 12 310
7 61 30 46 -2 19 0 0.00 0.0 0 5.1 15 130 M M 2 12 19 130
8 66 47 57 9 8 0 0.43 0.0 0 10.9 23 290 M M 10 138 43 280
9 52 31 42 -6 23 0 0.00 0.0 0 10.6 29 280 M M 1 46 300
10 66 28 47 -1 18 0 0.00 0.0 0 7.2 24 200 M M 0 36 200
11 76 44 60 12 5 0 0.00 0.0 0 8.8 21 180 M M 5 12 33 150
12 70 29 50 2 15 0 T 0.0 0 11.2 26 280 M M 3 44 270
13 61 26 44 -4 21 0 0.00 0.0 0 5.6 18 170 M M 0 25 170
14 45 28 37 -11 28 0 0.00 0.0 0 7.8 13 360 M M 10 21 360
15 28 22 25 -23 40 0 0.02 T T 9.3 15 350 M M 10 16 25 320
16 31 16 24 -24 41 0 0.00 0.0 T 7.5 18 10 M M 1 29 10
17 46 14 30 -18 35 0 0.00 0.0 0 5.9 15 160 M M 1 21 180
18 65 37 51 3 14 0 0.00 0.0 0 6.6 17 210 M M 6 12 26 220
19 51 31 41 -8 24 0 0.00 0.0 0 8.5 16 40 M M 0 26 350
20 46 26 36 -13 29 0 0.00 0.0 0 6.9 12 20 M M 0 20 50
21 42 29 36 -13 29 0 T 0.0 0 8.2 17 80 M M 9 23 80
22 62 39 51 2 14 0 2.17 0.0 0 11.3 20 110 M M 10 13 29 100
23 67 61 64 15 1 0 4.16 0.0 0 6.9 15 150 M M 10 13 22 150
24 63 60 62 13 3 0 1.67 0.0 0 4.6 14 150 M M 10 13 18 140
25 62 47 55 6 10 0 0.78 0.0 0 4.3 13 320 M M 7 12 18 320
26 65 48 57 8 8 0 0.46 0.0 0 5.0 12 360 M M 10 12 17 350
27 59 44 52 3 13 0 T 0.0 0 7.5 17 300 M M 9 26 310
28 63 40 52 2 13 0 0.00 0.0 0 4.9 13 310 M M 4 19 320
29 69 35 52 2 13 0 0.00 0.0 0 1.9 12 210 M M 0 1 16 220
30 76 43 60 10 5 0 0.00 0.0 0 3.4 13 250 M M 0 19 260
31 76 42 59 9 6 0 0.00 0.0 0 2.6 10 90 M M 0 14 130
================================================================================
SM 1811 1115 542 0 12.08 T 203.7 M 145
================================================================================
AV 58.4 36.0 6.6 FASTST M M 5 MAX(MPH)
MISC ----> 29 280 46 300
================================================================================
NOTES:
# LAST OF SEVERAL OCCURRENCES
COLUMN 17 PEAK WIND IN M.P.H.
PRELIMINARY LOCAL CLIMATOLOGICAL DATA (WS FORM: F-6) , PAGE 2
STATION: LUFKIN
MONTH: JANUARY
YEAR: 2024
LATITUDE: 31 14 N
LONGITUDE: 94 45 W
[TEMPERATURE DATA] [PRECIPITATION DATA] SYMBOLS USED IN COLUMN 16
AVERAGE MONTHLY: 47.2 TOTAL FOR MONTH: 12.08 1 = FOG OR MIST
DPTR FM NORMAL: -1.4 DPTR FM NORMAL: 7.42 2 = FOG REDUCING VISIBILITY
HIGHEST: 76 ON 31,30 GRTST 24HR 4.16 ON 23-23 TO 1/4 MILE OR LESS
LOWEST: 14 ON 17 3 = THUNDER
SNOW, ICE PELLETS, HAIL 4 = ICE PELLETS
TOTAL MONTH: T 5 = HAIL
GRTST 24HR T ON 15-15 6 = FREEZING RAIN OR DRIZZLE
GRTST DEPTH: T 7 = DUSTSTORM OR SANDSTORM:
VSBY 1/2 MILE OR LESS
8 = SMOKE OR HAZE
[NO. OF DAYS WITH] [WEATHER - DAYS WITH] 9 = BLOWING SNOW
X = TORNADO
MAX 32 OR BELOW: 2 0.01 INCH OR MORE: 11
MAX 90 OR ABOVE: 0 0.10 INCH OR MORE: 10
MIN 32 OR BELOW: 12 0.50 INCH OR MORE: 6
MIN 0 OR BELOW: 0 1.00 INCH OR MORE: 4
[HDD (BASE 65) ]
TOTAL THIS MO. 542 CLEAR (SCALE 0-3) 14
DPTR FM NORMAL 30 PTCLDY (SCALE 4-7) 7
TOTAL FM JUL 1 1180 CLOUDY (SCALE 8-10) 10
DPTR FM NORMAL -141
[CDD (BASE 65) ]
TOTAL THIS MO. 0
DPTR FM NORMAL -6 [PRESSURE DATA]
TOTAL FM JAN 1 0 HIGHEST SLP 30.59 ON 20
DPTR FM NORMAL -6 LOWEST SLP 29.43 ON 8
[REMARKS]
#FINAL-01-24#