000
CXUS54 KLCH 011650
CF6LFT
PRELIMINARY LOCAL CLIMATOLOGICAL DATA (WS FORM: F-6)
STATION: LAFAYETTE
MONTH: JANUARY
YEAR: 2022
LATITUDE: 30 12 N
LONGITUDE: 92 0 W
TEMPERATURE IN F: :PCPN: SNOW: WIND :SUNSHINE: SKY :PK WND
================================================================================
1 2 3 4 5 6A 6B 7 8 9 10 11 12 13 14 15 16 17 18
12Z AVG MX 2MIN
DY MAX MIN AVG DEP HDD CDD WTR SNW DPTH SPD SPD DIR MIN PSBL S-S WX SPD DR
================================================================================
1 83 75 79 26 0 14 0.00 0.0 M 15.8 26 200 M M 10 40 200
2 76 30 53 0 12 0 0.26 0.0 M 14.9 33 320 M M 9 1 46 320
3 50 29 40 -13 25 0 0.00 0.0 M 8.9 17 350 M M 0 26 350
4 59 32 46 -7 19 0 0.00 0.0 M 3.7 12 200 M M 1 18 16 210
5 73 50 62 9 3 0 0.00 0.0 M 3.3 9 190 M M 6 14 200
6 74 39 57 4 8 0 0.26 M M 10.9 29 10 M M 5 1 37 30
7 56 36 46 -7 19 0 0.00 0.0 M 6.5 15 40 M M 3 8 23 50
8 70 52 61 9 4 0 0.08 0.0 M 6.3 14 140 M M 9 13 24 160
9 81 55 68 16 0 3 0.01 0.0 M 9.2 25 20 M M 8 13 36 20
10 56 38 47 -5 18 0 0.00 0.0 M 16.1 25 20 M M 2 33 10
11 61 34 48 -4 17 0 0.00 0.0 M 7.1 13 20 M M 0 20 60
12 62 43 53 1 12 0 0.00 0.0 M 1.9 9 360 M M 5 14 360
13 69 40 55 3 10 0 0.00 0.0 M 5.0 13 270 M M 0 1 23 290
14 74 45 60 8 5 0 0.00 0.0 M 3.1 13 210 M M 0 128 17 200
15 62 37 50 -2 15 0 0.11 M M 11.7 28 330 M M 7 1 39 320
16 52 34 43 -9 22 0 0.00 0.0 M 12.2 23 300 M M 5 33 290
17 62 37 50 -3 15 0 0.00 0.0 M 4.6 14 320 M M 0 18 320
18 68 34 51 -2 14 0 0.00 0.0 M 4.8 16 180 M M 0 23 170
19 75 55 65 12 0 0 0.00 0.0 M 5.9 20 190 M M 8 28 180
20 64 35 50 -3 15 0 0.63 M M 17.3 28 10 M M 9 13 36 20
21 40 30 35 -18 30 0 T M M 15.0 22 20 M M 4 30 10
22 47 25 36 -17 29 0 0.00 0.0 M 9.4 18 30 M M 0 23 20
23 58 23 41 -12 24 0 0.00 0.0 M 3.3 10 20 M M 0 15 20
24 59 35 47 -6 18 0 0.36 M M 3.4 12 160 M M 6 1 18 160
25 58 46 52 -1 13 0 0.06 M M 11.3 20 20 M M 10 1 26 20
26 55 34 45 -8 20 0 0.00 0.0 M 11.0 18 20 M M 0 27 10
27 62 31 47 -6 18 0 0.00 0.0 M 5.0 10 330 M M 0 17 20
28 57 42 50 -4 15 0 0.00 0.0 M 11.0 26 10 M M 0 34 10
29 56 32 44 -10 21 0 0.00 0.0 M 5.5 12 350 M M 0 16 340
30 67 34 51 -3 14 0 0.00 0.0 M 6.0 18 240 M M 0 1 25 250
31 71 39 55 1 10 0 0.00 0.0 0 4.4 15 180 M M 2 1 22 160
================================================================================
SM 1957 1201 445 17 1.77 0.0 254.5 M 109
================================================================================
AV 63.1 38.7 8.2 FASTST M M 4 MAX(MPH)
MISC ----> 33 320 46 320
================================================================================
NOTES:
# LAST OF SEVERAL OCCURRENCES
COLUMN 17 PEAK WIND IN M.P.H.
PRELIMINARY LOCAL CLIMATOLOGICAL DATA (WS FORM: F-6) , PAGE 2
STATION: LAFAYETTE
MONTH: JANUARY
YEAR: 2022
LATITUDE: 30 12 N
LONGITUDE: 92 0 W
[TEMPERATURE DATA] [PRECIPITATION DATA] SYMBOLS USED IN COLUMN 16
AVERAGE MONTHLY: 50.9 TOTAL FOR MONTH: 1.77 1 = FOG OR MIST
DPTR FM NORMAL: -1.9 DPTR FM NORMAL: -4.15 2 = FOG REDUCING VISIBILITY
HIGHEST: 83 ON 1 GRTST 24HR 1.46 ON 8- 9 TO 1/4 MILE OR LESS
LOWEST: 23 ON 23 3 = THUNDER
SNOW, ICE PELLETS, HAIL 4 = ICE PELLETS
TOTAL MONTH: 0.0 INCH 5 = HAIL
GRTST 24HR 0.0 6 = FREEZING RAIN OR DRIZZLE
GRTST DEPTH: 0 7 = DUSTSTORM OR SANDSTORM:
VSBY 1/2 MILE OR LESS
8 = SMOKE OR HAZE
[NO. OF DAYS WITH] [WEATHER - DAYS WITH] 9 = BLOWING SNOW
X = TORNADO
MAX 32 OR BELOW: 0 0.01 INCH OR MORE: 8
MAX 90 OR ABOVE: 0 0.10 INCH OR MORE: 5
MIN 32 OR BELOW: 8 0.50 INCH OR MORE: 1
MIN 0 OR BELOW: 0 1.00 INCH OR MORE: 0
[HDD (BASE 65) ]
TOTAL THIS MO. 445 CLEAR (SCALE 0-3) 17
DPTR FM NORMAL 53 PTCLDY (SCALE 4-7) 9
TOTAL FM JUL 1 739 CLOUDY (SCALE 8-10) 5
DPTR FM NORMAL -207
[CDD (BASE 65) ]
TOTAL THIS MO. 17
DPTR FM NORMAL 2 [PRESSURE DATA]
TOTAL FM JAN 1 17 HIGHEST SLP 30.58 ON 11
DPTR FM NORMAL 2 LOWEST SLP 29.72 ON 1
[REMARKS]
#FINAL-01-22#