000
CXUS54 KLCH 010930
CF6LFT
PRELIMINARY LOCAL CLIMATOLOGICAL DATA (WS FORM: F-6)
STATION: LAFAYETTE
MONTH: FEBRUARY
YEAR: 2024
LATITUDE: 30 12 N
LONGITUDE: 92 0 W
TEMPERATURE IN F: :PCPN: SNOW: WIND :SUNSHINE: SKY :PK WND
================================================================================
1 2 3 4 5 6A 6B 7 8 9 10 11 12 13 14 15 16 17 18
12Z AVG MX 2MIN
DY MAX MIN AVG DEP HDD CDD WTR SNW DPTH SPD SPD DIR MIN PSBL S-S WX SPD DR
================================================================================
1 69 46 58 4 7 0 0.00 0.0 M 2.1 7 180 M M 0 10 180
2 74 44 59 5 6 0 0.00 0.0 M 2.8 12 170 M M 1 12 17 170
3 60 54 57 3 8 0 1.81 0.0 M 7.4 21 20 M M 9 1 28 270
4 70 48 59 4 6 0 0.00 0.0 M 6.3 20 310 M M 6 123 25 310
5 67 51 59 4 6 0 T 0.0 M 14.8 28 330 M M 4 36 340
6 71 46 59 4 6 0 0.00 0.0 M 5.6 12 350 M M 0 18 350
7 71 47 59 4 6 0 0.00 0.0 M 5.2 16 170 M M 0 24 170
8 74 60 67 12 0 2 0.05 0.0 M 5.4 17 160 M M 8 1 28 170
9 78 64 71 15 0 6 0.00 0.0 M 5.6 17 190 M M 7 27 140
10 77 67 72 16 0 7 0.00 0.0 M 9.8 23 160 M M 9 1 35 160
11 78 67 73 17 0 8 0.04 0.0 M 10.3 21 170 M M 9 13 29 170
12 67 48 58 2 7 0 0.01 M M 13.2 24 290 M M 5 1 34 270
13 64 41 53 -3 12 0 0.00 0.0 M 5.2 17 320 M M 0 22 320
14 68 40 54 -3 11 0 0.00 0.0 M 3.1 14 190 M M 0 18 180
15 74 50 62 5 3 0 0.00 0.0 M 1.2 7 180 M M 3 10 170
16 67 59 63 6 2 0 0.06 0.0 M 3.7 15 230 M M 6 1 20 130
17 63 40 52 -5 13 0 0.03 M M 16.5 28 360 M M 5 1 37 360
18 57 34 46 -11 19 0 0.00 0.0 M 9.4 21 350 M M 0 28 350
19 63 32 48 -10 17 0 0.00 0.0 M 3.6 14 180 M M 0 18 180
20 73 42 58 0 7 0 0.00 0.0 M 4.3 15 230 M M 2 1 20 230
21 75 53 64 6 1 0 0.00 0.0 M 9.4 17 180 M M 5 1 26 170
22 77 62 70 12 0 5 0.00 0.0 M 10.4 25 210 M M 9 34 200
23 78 61 70 11 0 5 0.00 0.0 M 11.5 22 330 M M 2 18 31 10
24 78 46 62 3 3 0 0.00 0.0 M 5.8 23 330 M M 0 8 35 260
25 78 45 62 3 3 0 0.00 0.0 M 6.1 20 160 M M 0 12 29 150
26 77 54 66 7 0 1 0.00 0.0 M 10.0 20 200 M M 5 1 28 200
27 81 69 75 15 0 10 0.00 0.0 M 14.3 23 170 M M 8 18 32 150
28 78 54 66 6 0 1 0.05 0.0 M 12.7 28 360 M M 6 1 39 10
29 62 53 58 -2 7 0 T 0.0 M 8.3 18 20 M M 9 25 20
================================================================================
SM 2069 1477 150 45 2.05 0.0 224.0 M 118
================================================================================
AV 71.3 50.9 7.7 FASTST M M 4 MAX(MPH)
MISC ----> # 28 330 39 10
================================================================================
NOTES:
# LAST OF SEVERAL OCCURRENCES
COLUMN 17 PEAK WIND IN M.P.H.
PRELIMINARY LOCAL CLIMATOLOGICAL DATA (WS FORM: F-6) , PAGE 2
STATION: LAFAYETTE
MONTH: FEBRUARY
YEAR: 2024
LATITUDE: 30 12 N
LONGITUDE: 92 0 W
[TEMPERATURE DATA] [PRECIPITATION DATA] SYMBOLS USED IN COLUMN 16
AVERAGE MONTHLY: 61.1 TOTAL FOR MONTH: 2.05 1 = FOG OR MIST
DPTR FM NORMAL: 4.3 DPTR FM NORMAL: -2.02 2 = FOG REDUCING VISIBILITY
HIGHEST: 81 ON 27 GRTST 24HR 1.81 ON 3- 3 TO 1/4 MILE OR LESS
LOWEST: 32 ON 19 3 = THUNDER
SNOW, ICE PELLETS, HAIL 4 = ICE PELLETS
TOTAL MONTH: 0.0 INCH 5 = HAIL
GRTST 24HR 0.0 6 = FREEZING RAIN OR DRIZZLE
GRTST DEPTH: M ON M 7 = DUSTSTORM OR SANDSTORM:
VSBY 1/2 MILE OR LESS
8 = SMOKE OR HAZE
[NO. OF DAYS WITH] [WEATHER - DAYS WITH] 9 = BLOWING SNOW
X = TORNADO
MAX 32 OR BELOW: 0 0.01 INCH OR MORE: 7
MAX 90 OR ABOVE: 0 0.10 INCH OR MORE: 1
MIN 32 OR BELOW: 1 0.50 INCH OR MORE: 1
MIN 0 OR BELOW: 0 1.00 INCH OR MORE: 1
[HDD (BASE 65) ]
TOTAL THIS MO. 150 CLEAR (SCALE 0-3) 13
DPTR FM NORMAL -106 PTCLDY (SCALE 4-7) 9
TOTAL FM JUL 1 1022 CLOUDY (SCALE 8-10) 7
DPTR FM NORMAL -194
[CDD (BASE 65) ]
TOTAL THIS MO. 45
DPTR FM NORMAL 20 [PRESSURE DATA]
TOTAL FM JAN 1 48 HIGHEST SLP 30.33 ON 29
DPTR FM NORMAL 8 LOWEST SLP 29.46 ON 3
[REMARKS]
#FINAL-02-24#