573
CXUS51 KOKX 010702
CF6LGA
PRELIMINARY LOCAL CLIMATOLOGICAL DATA (WS FORM: F-6)
STATION: LAGUARDIA NY
MONTH: MAY
YEAR: 2020
LATITUDE: 40 46 N
LONGITUDE: 73 54 W
TEMPERATURE IN F: :PCPN: SNOW: WIND :SUNSHINE: SKY :PK WND
================================================================================
1 2 3 4 5 6A 6B 7 8 9 10 11 12 13 14 15 16 17 18
12Z AVG MX 2MIN
DY MAX MIN AVG DEP HDD CDD WTR SNW DPTH SPD SPD DIR MIN PSBL S-S WX SPD DR
================================================================================
1 66 55 61 3 4 0 0.22 0.0 0 9.2 24 320 M M 9 1 32 320
2 73 53 63 5 2 0 0.00 0.0 0 11.5 21 320 M M 5 28 340
3 81 55 68 10 0 3 0.03 0.0 0 9.9 17 290 M M 7 23 280
4 72 51 62 3 3 0 T 0.0 0 15.2 32 330 M M 6 8 43 320
5 64 47 56 -3 9 0 0.00 0.0 0 10.6 21 300 M M 6 29 300
6 52 47 50 -9 15 0 0.03 0.0 0 10.0 21 40 M M 9 8 25 50
7 67 49 58 -2 7 0 0.00 0.0 0 10.8 26 290 M M 6 33 290
8 58 38 48 -12 17 0 0.38 0.0 0 9.0 33 320 M M 9 1 40 320
9 49 36 43 -17 22 0 0.03 T 0 21.5 33 300 M M 6 1 46 290
10 65 41 53 -8 12 0 0.00 0.0 0 15.6 25 260 M M 4 34 240
11 61 46 54 -7 11 0 0.10 0.0 0 12.7 38 270 M M 7 50 270
12 60 45 53 -8 12 0 0.00 0.0 0 17.2 29 310 M M 4 36 320
13 64 43 54 -8 11 0 0.00 0.0 0 10.2 20 310 M M 1 26 260
14 65 48 57 -5 8 0 0.00 0.0 0 8.9 20 180 M M 5 25 180
15 86 58 72 10 0 7 0.04 0.0 0 11.4 23 230 M M 7 30 220
16 77 59 68 6 0 3 T 0.0 0 10.8 20 140 M M 8 27 260
17 68 55 62 -1 3 0 T 0.0 0 9.4 16 190 M M 8 21 180
18 67 55 61 -2 4 0 0.00 0.0 0 10.4 17 40 M M 8 21 50
19 69 54 62 -1 3 0 0.00 0.0 0 16.5 28 70 M M 8 37 70
20 65 50 58 -6 7 0 0.00 0.0 0 12.5 22 50 M M 7 26 40
21 67 48 58 -6 7 0 0.00 0.0 0 7.2 17 190 M M 2 20 190
22 77 56 67 3 0 2 0.01 0.0 0 7.1 18 170 M M 6 1 25 190
23 67 56 62 -3 3 0 0.33 0.0 0 10.6 26 70 M M 10 123 34 70
24 69 52 61 -4 4 0 0.00 0.0 0 11.5 23 60 M M 8 28 70
25 67 56 62 -3 3 0 0.01 0.0 0 9.3 17 50 M M 7 1 19 50
26 77 58 68 2 0 3 0.00 0.0 0 7.0 14 170 M M 6 128 17 170
27 78 60 69 3 0 4 0.00 0.0 0 8.0 17 170 M M 9 18 21 170
28 76 64 70 4 0 5 T 0.0 0 11.0 23 180 M M 10 18 34 170
29 82 65 74 7 0 9 0.01 0.0 0 10.5 21 190 M M 9 138 27 170
30 84 66 75 8 0 10 T 0.0 0 11.7 24 320 M M 7 31 330
31 71 58 65 -2 0 0 0.00 0.0 0 15.6 28 330 M M 2 35 320
================================================================================
SM 2144 1624 167 46 1.19 T 352.8 M 206
================================================================================
AV 69.2 52.4 11.4 FASTST M M 7 MAX(MPH)
MISC ----> # 38 270 # 50 270
================================================================================
NOTES:
# LAST OF SEVERAL OCCURRENCES
COLUMN 17 PEAK WIND IN M.P.H.
PRELIMINARY LOCAL CLIMATOLOGICAL DATA (WS FORM: F-6) , PAGE 2
STATION: LAGUARDIA NY
MONTH: MAY
YEAR: 2020
LATITUDE: 40 46 N
LONGITUDE: 73 54 W
[TEMPERATURE DATA] [PRECIPITATION DATA] SYMBOLS USED IN COLUMN 16
AVERAGE MONTHLY: 60.8 TOTAL FOR MONTH: 1.19 1 = FOG OR MIST
DPTR FM NORMAL: -1.7 DPTR FM NORMAL: -2.60 2 = FOG REDUCING VISIBILITY
HIGHEST: 86 ON 15 GRTST 24HR 0.87 ON 30- 1 TO 1/4 MILE OR LESS
LOWEST: 36 ON 9 3 = THUNDER
SNOW, ICE PELLETS, HAIL 4 = ICE PELLETS
TOTAL MONTH: T 5 = HAIL
GRTST 24HR T ON 9- 9 6 = FREEZING RAIN OR DRIZZLE
GRTST DEPTH: 0 7 = DUSTSTORM OR SANDSTORM:
VSBY 1/2 MILE OR LESS
8 = SMOKE OR HAZE
[NO. OF DAYS WITH] [WEATHER - DAYS WITH] 9 = BLOWING SNOW
X = TORNADO
MAX 32 OR BELOW: 0 0.01 INCH OR MORE: 11
MAX 90 OR ABOVE: 0 0.10 INCH OR MORE: 4
MIN 32 OR BELOW: 0 0.50 INCH OR MORE: 0
MIN 0 OR BELOW: 0 1.00 INCH OR MORE: 0
[HDD (BASE 65) ]
TOTAL THIS MO. 167 CLEAR (SCALE 0-3) 3
DPTR FM NORMAL 33 PTCLDY (SCALE 4-7) 19
TOTAL FM JUL 1 4191 CLOUDY (SCALE 8-10) 9
DPTR FM NORMAL -457
[CDD (BASE 65) ]
TOTAL THIS MO. 46
DPTR FM NORMAL -12 [PRESSURE DATA]
TOTAL FM JAN 1 46 HIGHEST SLP M ON M
DPTR FM NORMAL -20 LOWEST SLP 29.58 ON 8
[REMARKS]
#FINAL-05-20#