000
CXUS56 KLOX 020653
CF6LGB
PRELIMINARY LOCAL CLIMATOLOGICAL DATA (WS FORM: F-6)
STATION: LONG BEACH AIRPORT CA
MONTH: OCTOBER
YEAR: 2020
LATITUDE: 33 49 N
LONGITUDE: 118 9 W
TEMPERATURE IN F: :PCPN: SNOW: WIND :SUNSHINE: SKY :PK WND
================================================================================
1 2 3 4 5 6A 6B 7 8 9 10 11 12 13 14 15 16 17 18
12Z AVG MX 2MIN
DY MAX MIN AVG DEP HDD CDD WTR SNW DPTH SPD SPD DIR MIN PSBL S-S WX SPD DR
================================================================================
1 96 65 81 11 0 16 0.00 0.0 0 3.3 13 300 M M 0 18 14 300
2 91 67 79 9 0 14 0.00 0.0 0 2.7 10 200 M M 0 1 14 210
3 87 64 76 6 0 11 0.00 0.0 0 3.5 10 190 M M 2 128 13 180
4 92 64 78 8 0 13 0.00 0.0 0 2.3 9 290 M M 3 128 11 180
5 91 66 79 9 0 14 0.00 0.0 0 4.3 13 320 M M 0 18 16 310
6 87 64 76 7 0 11 0.00 0.0 0 4.5 12 300 M M 0 18 14 180
7 75 63 69 0 0 4 0.00 0.0 0 4.4 12 200 M M 4 128 15 200
8 76 66 71 2 0 6 0.00 0.0 0 5.3 13 280 M M 5 17 180
9 75 66 71 2 0 6 0.00 0.0 0 4.6 14 290 M M 8 8 16 290
10 75 65 70 1 0 5 0.00 0.0 0 4.8 14 300 M M 6 19 290
11 77 61 69 0 0 4 0.00 0.0 0 4.0 14 300 M M 2 15 300
12 92 62 77 9 0 12 0.00 0.0 0 4.4 16 310 M M 0 18 18 320
13 94 63 79 11 0 14 0.00 0.0 0 4.4 13 320 M M 1 1 15 320
14 87 62 75 7 0 10 0.00 0.0 0 3.0 9 200 M M 0 1 12 200
15 95 64 80 12 0 15 0.00 0.0 0 3.6 13 310 M M 2 128 15 320
16 87 64 76 8 0 11 0.00 0.0 0 3.8 12 310 M M 3 128 14 310
17 80 65 73 5 0 8 0.00 0.0 0 4.4 10 180 M M 4 128 13 200
18 81 66 74 6 0 9 0.00 0.0 0 4.0 12 290 M M 4 18 15 290
19 79 64 72 5 0 7 0.00 0.0 0 4.6 13 300 M M 3 18 15 310
20 76 65 71 4 0 6 0.00 0.0 0 4.5 13 290 M M 5 18 16 300
21 74 65 70 3 0 5 0.00 0.0 0 3.9 10 200 M M 8 18 14 200
22 74 66 70 3 0 5 0.00 0.0 0 3.2 10 190 M M 7 13 170
23 72 65 69 2 0 4 0.00 0.0 0 3.9 12 290 M M 8 14 300
24 71 65 68 2 0 3 0.00 0.0 0 5.1 14 300 M M 10 M M
25 68 59 64 -2 1 0 0.03 0.0 0 5.8 16 290 M M 8 1 19 290
26 73 53 63 -3 2 0 0.00 0.0 0 5.0 22 70 M M 9 8 27 70
27 80 50 65 -1 0 0 0.00 0.0 0 4.4 18 290 M M 6 8 21 290
28 75 53 64 -2 1 0 0.00 0.0 M 3.8 13 290 M M 0 8 15 300
29 81 51 66 0 0 1 0.00 0.0 0 2.2 12 310 M M 0 8 13 310
30 79 56 68 3 0 3 0.00 0.0 0 3.5 12 320 M M 3 128 15 190
31 78 53 66 1 0 1 0.00 0.0 0 2.7 9 140 M M 4 128 12 120
================================================================================
SM 2518 1922 4 218 0.03 0.0 123.9 M 115
================================================================================
AV 81.2 62.0 4.0 FASTST M M 4 MAX(MPH)
MISC ----> # 22 70 # 27 70
================================================================================
NOTES:
# LAST OF SEVERAL OCCURRENCES
COLUMN 17 PEAK WIND IN M.P.H.
PRELIMINARY LOCAL CLIMATOLOGICAL DATA (WS FORM: F-6) , PAGE 2
STATION: LONG BEACH AIRPORT CA
MONTH: OCTOBER
YEAR: 2020
LATITUDE: 33 49 N
LONGITUDE: 118 9 W
[TEMPERATURE DATA] [PRECIPITATION DATA] SYMBOLS USED IN COLUMN 16
AVERAGE MONTHLY: 71.6 TOTAL FOR MONTH: 0.03 1 = FOG OR MIST
DPTR FM NORMAL: 3.9 DPTR FM NORMAL: -0.60 2 = FOG REDUCING VISIBILITY
HIGHEST: 96 ON 1 GRTST 24HR 0.03 ON 25-25 TO 1/4 MILE OR LESS
LOWEST: 50 ON 27 3 = THUNDER
SNOW, ICE PELLETS, HAIL 4 = ICE PELLETS
TOTAL MONTH: 0.0 INCH 5 = HAIL
GRTST 24HR 0.0 6 = FREEZING RAIN OR DRIZZLE
GRTST DEPTH: 0 7 = DUSTSTORM OR SANDSTORM:
VSBY 1/2 MILE OR LESS
8 = SMOKE OR HAZE
[NO. OF DAYS WITH] [WEATHER - DAYS WITH] 9 = BLOWING SNOW
X = TORNADO
MAX 32 OR BELOW: 0 0.01 INCH OR MORE: 1
MAX 90 OR ABOVE: 7 0.10 INCH OR MORE: 0
MIN 32 OR BELOW: 0 0.50 INCH OR MORE: 0
MIN 0 OR BELOW: 0 1.00 INCH OR MORE: 0
[HDD (BASE 65) ]
TOTAL THIS MO. 4 CLEAR (SCALE 0-3) 15
DPTR FM NORMAL -16 PTCLDY (SCALE 4-7) 13
TOTAL FM JUL 1 4 CLOUDY (SCALE 8-10) 3
DPTR FM NORMAL -17
[CDD (BASE 65) ]
TOTAL THIS MO. 218
DPTR FM NORMAL 113 [PRESSURE DATA]
TOTAL FM JAN 1 1446 HIGHEST SLP 30.10 ON 28
DPTR FM NORMAL 342 LOWEST SLP 29.78 ON 2
[REMARKS]
#FINAL-10-20#