000
CXUS55 KPUB 011310
CF6LHX
PRELIMINARY LOCAL CLIMATOLOGICAL DATA (WS FORM: F-6)
STATION: LA JUNTA CO
MONTH: JANUARY
YEAR: 2024
LATITUDE: 38 2 N
LONGITUDE: 103 31 W
TEMPERATURE IN F: :PCPN: SNOW: WIND :SUNSHINE: SKY :PK WND
================================================================================
1 2 3 4 5 6A 6B 7 8 9 10 11 12 13 14 15 16 17 18
12Z AVG MX 2MIN
DY MAX MIN AVG DEP HDD CDD WTR SNW DPTH SPD SPD DIR MIN PSBL S-S WX SPD DR
================================================================================
1 48 15 32 1 33 0 0.00 M M 6.3 14 280 M M 0 18 270
2 45 19 32 1 33 0 0.00 M M 6.6 15 270 M M 0 20 280
3 50 17 34 3 31 0 0.00 M M 8.0 17 90 M M 0 22 90
4 36 20 28 -3 37 0 0.17 M M 5.4 14 90 M M 5 1 18 80
5 37 24 31 -1 34 0 0.07 M M 7.4 14 260 M M 7 18 17 260
6 36 14 25 -7 40 0 0.00 M M 7.6 13 280 M M 3 16 280
7 36 14 25 -7 40 0 0.00 M M 4.9 13 50 M M 1 16 50
8 28 14 21 -11 44 0 T M M 22.7 46 350 M M 6 18 62 350
9 37 7 22 -10 43 0 0.00 M M 8.4 15 260 M M 0 19 260
10 44 20 32 0 33 0 0.00 M M 13.5 29 290 M M 0 41 280
11 42 8 25 -7 40 0 0.00 M M 12.6 35 10 M M 3 46 10
12 39 3 21 -11 44 0 0.00 M M 15.0 32 270 M M 0 41 270
13 26 -4 11 -21 54 0 T M M 11.0 28 80 M M 5 1 35 80
14 9 -4 3 -29 62 0 0.00 M M 9.3 17 120 M M 5 24 120
15 6 -10 -2 -34 67 0 T M M 9.4 28 10 M M 6 1 34 10
16 32 -14 9 -23 56 0 0.00 M M 6.8 13 270 M M 0 14 260
17 57 7 32 0 33 0 0.00 M M 5.5 14 260 M M 0 17 260
18 60 15 38 6 27 0 0.00 M M 9.6 38 20 M M 0 49 20
19 27 12 20 -12 45 0 0.00 M M 4.2 10 90 M M 4 14 130
20 37 10 24 -9 41 0 0.00 M M 6.0 13 270 M M 0 16 110
21 46 20 33 0 32 0 0.00 M M 4.0 10 290 M M 3 12 290
22 56 20 38 5 27 0 0.00 M M 6.7 15 270 M M 0 18 260
23 51 22 37 4 28 0 0.00 M M 7.0 20 90 M M 2 12 27 90
24 50 26 38 5 27 0 0.00 M M 4.0 8 350 M M 5 12 13 210
25 53 25 39 6 26 0 0.00 M M 6.5 13 270 M M 3 15 280
26 52 33 43 10 22 0 T M M 6.1 20 350 M M 8 25 340
27 52 24 38 5 27 0 0.00 M M 9.3 16 280 M M 3 20 260
28 61 21 41 8 24 0 0.00 M M 7.3 15 260 M M 0 20 270
29 64 25 45 12 20 0 0.00 M M 6.9 15 280 M M 0 20 270
30 64 29 47 14 18 0 0.00 M M 7.8 15 260 M M 0 19 260
31 64 24 44 11 21 0 0.00 M M 6.3 15 260 M M 0 19 270
================================================================================
SM 1345 456 1109 0 0.24 M 252.1 M 69
================================================================================
AV 43.4 14.7 8.1 FASTST M M 2 MAX(MPH)
MISC ----> 46 350 62 350
================================================================================
NOTES:
# LAST OF SEVERAL OCCURRENCES
COLUMN 17 PEAK WIND IN M.P.H.
PRELIMINARY LOCAL CLIMATOLOGICAL DATA (WS FORM: F-6) , PAGE 2
STATION: LA JUNTA CO
MONTH: JANUARY
YEAR: 2024
LATITUDE: 38 2 N
LONGITUDE: 103 31 W
[TEMPERATURE DATA] [PRECIPITATION DATA] SYMBOLS USED IN COLUMN 16
AVERAGE MONTHLY: 29.0 TOTAL FOR MONTH: 0.24 1 = FOG OR MIST
DPTR FM NORMAL: -3.3 DPTR FM NORMAL: 0.03 2 = FOG REDUCING VISIBILITY
HIGHEST: 64 ON 31,30 GRTST 24HR 0.19 ON 4- 5 TO 1/4 MILE OR LESS
LOWEST: -14 ON 16 3 = THUNDER
SNOW, ICE PELLETS, HAIL 4 = ICE PELLETS
TOTAL MONTH: M 5 = HAIL
GRTST 24HR M ON M 6 = FREEZING RAIN OR DRIZZLE
GRTST DEPTH: M ON M 7 = DUSTSTORM OR SANDSTORM:
VSBY 1/2 MILE OR LESS
8 = SMOKE OR HAZE
[NO. OF DAYS WITH] [WEATHER - DAYS WITH] 9 = BLOWING SNOW
X = TORNADO
MAX 32 OR BELOW: 6 0.01 INCH OR MORE: 2
MAX 90 OR ABOVE: 0 0.10 INCH OR MORE: 1
MIN 32 OR BELOW: 30 0.50 INCH OR MORE: 0
MIN 0 OR BELOW: 4 1.00 INCH OR MORE: 0
[HDD (BASE 65) ]
TOTAL THIS MO. 1109 CLEAR (SCALE 0-3) 21
DPTR FM NORMAL 95 PTCLDY (SCALE 4-7) 10
TOTAL FM JUL 1 2937 CLOUDY (SCALE 8-10) 0
DPTR FM NORMAL -178
[CDD (BASE 65) ]
TOTAL THIS MO. 0
DPTR FM NORMAL 0 [PRESSURE DATA]
TOTAL FM JAN 1 0 HIGHEST SLP 30.61 ON 15
DPTR FM NORMAL 0 LOWEST SLP 29.39 ON 11
[REMARKS]
#FINAL-01-24#