000
CXUS55 KPUB 011210
CF6LHX
PRELIMINARY LOCAL CLIMATOLOGICAL DATA (WS FORM: F-6)
STATION: LA JUNTA CO
MONTH: MAY
YEAR: 2020
LATITUDE: 38 2 N
LONGITUDE: 103 31 W
TEMPERATURE IN F: :PCPN: SNOW: WIND :SUNSHINE: SKY :PK WND
================================================================================
1 2 3 4 5 6A 6B 7 8 9 10 11 12 13 14 15 16 17 18
12Z AVG MX 2MIN
DY MAX MIN AVG DEP HDD CDD WTR SNW DPTH SPD SPD DIR MIN PSBL S-S WX SPD DR
================================================================================
1 94 54 74 16 0 9 0.00 M M 10.3 40 180 M M 0 62 180
2 77 54 66 8 0 1 0.00 M M 14.1 25 100 M M 1 34 100
3 90 55 73 14 0 8 0.00 M M 12.4 40 130 M M 3 50 140
4 82 48 65 6 0 0 0.00 M M 13.8 32 40 M M 1 43 20
5 78 41 60 1 5 0 0.00 M M 8.1 21 70 M M 1 29 70
6 78 44 61 1 4 0 0.00 M M 14.1 29 110 M M 0 36 120
7 82 45 64 4 1 0 0.00 M M 17.7 40 30 M M 0 8 57 30
8 64 43 54 -6 11 0 0.00 M M 14.0 26 360 M M 3 35 360
9 72 39 56 -5 9 0 0.00 M M 15.0 30 10 M M 1 40 10
10 73 37 55 -6 10 0 0.00 M M 16.1 31 100 M M 0 42 120
11 62 38 50 -11 15 0 0.01 M M 17.1 28 80 M M 8 1 35 80
12 69 38 54 -8 11 0 0.00 M M 14.9 31 110 M M 5 18 37 100
13 90 45 68 6 0 3 0.00 M M 12.0 24 230 M M 2 18 33 230
14 83 57 70 8 0 5 0.33 M M 12.8 30 60 M M 4 18 42 120
15 79 52 66 3 0 1 0.00 M M 9.3 25 120 M M 3 8 30 130
16 80 53 67 4 0 2 0.00 M M 10.2 28 50 M M 4 33 50
17 85 56 71 8 0 6 0.00 M M 11.6 26 110 M M 3 33 110
18 93 52 73 9 0 8 0.00 M M 15.2 29 120 M M 0 37 110
19 94 54 74 10 0 9 T 0.0 M 15.5 44 330 M M 1 62 330
20 99 58 79 15 0 14 0.00 M M 14.5 36 210 M M 0 45 200
21 85 54 70 6 0 5 0.00 M M 13.2 26 50 M M 0 34 40
22 89 54 72 7 0 7 0.00 M M 12.2 26 150 M M 0 1 39 150
23 87 57 72 7 0 7 0.00 M M 13.1 30 260 M M 0 41 260
24 76 49 63 -2 2 0 0.14 M M 16.8 37 350 M M 4 50 20
25 72 48 60 -6 5 0 0.00 M M 10.7 21 20 M M 4 30 360
26 86 45 66 0 0 1 0.00 M M 9.8 21 330 M M 1 34 330
27 88 51 70 4 0 5 T M M 6.0 21 110 M M 4 27 110
28 86 55 71 4 0 6 0.00 M M 8.6 22 110 M M 2 25 90
29 96 58 77 10 0 12 0.00 M M 7.4 15 40 M M 0 22 190
30 99 62 81 14 0 16 T M M 13.0 36 260 M M 3 46 270
31 96 61 79 11 0 14 0.00 M M 8.9 30 240 M M 0 38 230
================================================================================
SM 2584 1557 73 139 0.48 0.0 388.4 M 58
================================================================================
AV 83.4 50.2 12.5 FASTST M M 2 MAX(MPH)
MISC ----> 44 330 # 62 180
================================================================================
NOTES:
# LAST OF SEVERAL OCCURRENCES
COLUMN 17 PEAK WIND IN M.P.H.
PRELIMINARY LOCAL CLIMATOLOGICAL DATA (WS FORM: F-6) , PAGE 2
STATION: LA JUNTA CO
MONTH: MAY
YEAR: 2020
LATITUDE: 38 2 N
LONGITUDE: 103 31 W
[TEMPERATURE DATA] [PRECIPITATION DATA] SYMBOLS USED IN COLUMN 16
AVERAGE MONTHLY: 66.8 TOTAL FOR MONTH: 0.48 1 = FOG OR MIST
DPTR FM NORMAL: 4.0 DPTR FM NORMAL: -1.09 2 = FOG REDUCING VISIBILITY
HIGHEST: 99 ON 30,20 GRTST 24HR 0.33 ON 14-14 TO 1/4 MILE OR LESS
LOWEST: 37 ON 10 3 = THUNDER
SNOW, ICE PELLETS, HAIL 4 = ICE PELLETS
TOTAL MONTH: 0.0 INCH 5 = HAIL
GRTST 24HR 0.0 6 = FREEZING RAIN OR DRIZZLE
GRTST DEPTH: M ON M 7 = DUSTSTORM OR SANDSTORM:
VSBY 1/2 MILE OR LESS
8 = SMOKE OR HAZE
[NO. OF DAYS WITH] [WEATHER - DAYS WITH] 9 = BLOWING SNOW
X = TORNADO
MAX 32 OR BELOW: 0 0.01 INCH OR MORE: 3
MAX 90 OR ABOVE: 9 0.10 INCH OR MORE: 2
MIN 32 OR BELOW: 0 0.50 INCH OR MORE: 0
MIN 0 OR BELOW: 0 1.00 INCH OR MORE: 0
[HDD (BASE 65) ]
TOTAL THIS MO. 73 CLEAR (SCALE 0-3) 23
DPTR FM NORMAL -59 PTCLDY (SCALE 4-7) 8
TOTAL FM JUL 1 4896 CLOUDY (SCALE 8-10) 0
DPTR FM NORMAL -360
[CDD (BASE 65) ]
TOTAL THIS MO. 139
DPTR FM NORMAL 75 [PRESSURE DATA]
TOTAL FM JAN 1 144 HIGHEST SLP 30.37 ON 8
DPTR FM NORMAL 71 LOWEST SLP 29.44 ON 23
[REMARKS]
#FINAL-05-20#