000
CXHW51 PHFO 011250
CF6LIH
PRELIMINARY LOCAL CLIMATOLOGICAL DATA (WS FORM: F-6)
STATION: LIHUE HI
MONTH: NOVEMBER
YEAR: 2023
LATITUDE: 21 58 N
LONGITUDE: 159 21 W
TEMPERATURE IN F: :PCPN: SNOW: WIND :SUNSHINE: SKY :PK WND
================================================================================
1 2 3 4 5 6A 6B 7 8 9 10 11 12 13 14 15 16 17 18
12Z AVG MX 2MIN
DY MAX MIN AVG DEP HDD CDD WTR SNW DPTH SPD SPD DIR MIN PSBL S-S WX SPD DR
================================================================================
1 83 68 76 -1 0 11 0.00 M M 6.9 10 100 M M 2 12 120
2 87 67 77 0 0 12 0.00 M M 7.9 16 170 M M 2 21 160
3 85 69 77 0 0 12 0.00 M M 10.3 18 50 M M 1 22 20
4 85 77 81 4 0 16 T M M 13.7 20 70 M M 5 8 24 70
5 85 76 81 4 0 16 0.02 M M 15.9 25 60 M M 7 18 32 60
6 80 74 77 0 0 12 0.46 M M 15.8 28 70 M M 9 18 34 70
7 84 73 79 2 0 14 0.19 M M 16.0 29 80 M M 9 1 35 70
8 83 75 79 2 0 14 0.13 M M 11.5 20 50 M M 5 23 20
9 83 77 80 3 0 15 T M M 16.8 23 100 M M 7 27 90
10 83 75 79 2 0 14 0.02 M M 14.7 22 80 M M 6 1 27 90
11 83 75 79 2 0 14 T M M 14.8 22 60 M M 7 28 60
12 82 74 78 2 0 13 0.05 M M 19.3 26 80 M M 7 18 33 90
13 83 74 79 3 0 14 0.05 M M 17.9 28 60 M M 6 8 34 60
14 81 71 76 0 0 11 0.02 M M 24.5 29 40 M M 8 1 40 60
15 80 69 75 -1 0 10 0.17 M M 20.7 28 60 M M 5 18 34 60
16 82 72 77 1 0 12 0.07 M M 16.9 24 100 M M 5 8 29 40
17 80 70 75 -1 0 10 0.35 M M 14.1 22 80 M M 6 18 27 90
18 80 67 74 -2 0 9 0.01 M M 11.1 22 180 M M 6 28 190
19 79 70 75 -1 0 10 0.65 M M 9.0 24 260 M M 8 1 33 210
20 79 69 74 -2 0 9 0.12 M M 16.8 28 30 M M 10 18 34 30
21 82 70 76 0 0 11 0.18 M M 15.0 21 70 M M 10 1 25 50
22 82 75 79 3 0 14 0.04 M M 12.4 21 70 M M 9 1 24 70
23 81 75 78 2 0 13 0.10 M M 11.7 16 100 M M 6 1 21 80
24 81 70 76 0 0 11 0.01 M M 6.6 17 80 M M 4 1 22 80
25 82 67 75 -1 0 10 T M M 9.5 16 70 M M 3 19 70
26 80 72 76 0 0 11 T M M 14.0 21 20 M M 6 1 25 70
27 80 70 75 0 0 10 0.08 M M 10.9 22 70 M M 7 1 27 110
28 81 69 75 0 0 10 0.65 M M 7.6 16 240 M M 6 1 20 160
29 78 67 73 -2 0 8 1.45 M M 8.1 20 140 M M 7 1 24 130
30 78 70 74 -1 0 9 0.36 M M 7.9 23 180 M M 6 1 29 150
================================================================================
SM 2452 2147 0 355 5.18 M 398.3 M 185
================================================================================
AV 81.7 71.6 13.3 FASTST M M 6 MAX(MPH)
MISC ----> 29 80 40 60
================================================================================
NOTES:
# LAST OF SEVERAL OCCURRENCES
COLUMN 17 PEAK WIND IN M.P.H.
PRELIMINARY LOCAL CLIMATOLOGICAL DATA (WS FORM: F-6) , PAGE 2
STATION: LIHUE HI
MONTH: NOVEMBER
YEAR: 2023
LATITUDE: 21 58 N
LONGITUDE: 159 21 W
[TEMPERATURE DATA] [PRECIPITATION DATA] SYMBOLS USED IN COLUMN 16
AVERAGE MONTHLY: 76.6 TOTAL FOR MONTH: 5.18 1 = FOG OR MIST
DPTR FM NORMAL: 0.4 DPTR FM NORMAL: 1.15 2 = FOG REDUCING VISIBILITY
HIGHEST: 87 ON 2 GRTST 24HR 1.89 ON 28-29 TO 1/4 MILE OR LESS
LOWEST: 67 ON 29,25 3 = THUNDER
SNOW, ICE PELLETS, HAIL 4 = ICE PELLETS
TOTAL MONTH: M 5 = HAIL
GRTST 24HR M ON M 6 = FREEZING RAIN OR DRIZZLE
GRTST DEPTH: M ON M 7 = DUSTSTORM OR SANDSTORM:
VSBY 1/2 MILE OR LESS
8 = SMOKE OR HAZE
[NO. OF DAYS WITH] [WEATHER - DAYS WITH] 9 = BLOWING SNOW
X = TORNADO
MAX 32 OR BELOW: 0 0.01 INCH OR MORE: 22
MAX 90 OR ABOVE: 0 0.10 INCH OR MORE: 12
MIN 32 OR BELOW: 0 0.50 INCH OR MORE: 3
MIN 0 OR BELOW: 0 1.00 INCH OR MORE: 1
[HDD (BASE 65) ]
TOTAL THIS MO. 0 CLEAR (SCALE 0-3) 3
DPTR FM NORMAL 0 PTCLDY (SCALE 4-7) 22
TOTAL FM JUL 1 0 CLOUDY (SCALE 8-10) 5
DPTR FM NORMAL 0
[CDD (BASE 65) ]
TOTAL THIS MO. 355
DPTR FM NORMAL 17 [PRESSURE DATA]
TOTAL FM JAN 1 4187 HIGHEST SLP 30.18 ON 16
DPTR FM NORMAL 337 LOWEST SLP 29.76 ON 29
[REMARKS]
#FINAL-11-23#