000
CXUS54 KLZK 011230
CF6LLQ
PRELIMINARY LOCAL CLIMATOLOGICAL DATA (WS FORM: F-6)
STATION: MONTICELLO
MONTH: MARCH
YEAR: 2023
LATITUDE: 33 37 N
LONGITUDE: 91 45 W
TEMPERATURE IN F: :PCPN: SNOW: WIND :SUNSHINE: SKY :PK WND
================================================================================
1 2 3 4 5 6A 6B 7 8 9 10 11 12 13 14 15 16 17 18
12Z AVG MX 2MIN
DY MAX MIN AVG DEP HDD CDD WTR SNW DPTH SPD SPD DIR MIN PSBL S-S WX SPD DR
================================================================================
1 81 64 73 21 0 8 0.10 0.0 M 7.3 16 200 M M 6 13 22 200
2 72 63 68 16 0 3 0.67 0.0 M 5.9 16 140 M M 6 13 23 140
3 73 51 62 10 3 0 1.29 0.0 0 12.0 25 280 M M 9 13 38 260
4 67 49 58 6 7 0 0.00 0.0 0 3.5 12 70 M M 4 15 50
5 77 43 60 7 5 0 0.00 0.0 0 3.6 12 160 M M 0 20 120
6 82 56 69 16 0 4 0.00 0.0 0 6.8 17 230 M M 0 26 230
7 74 57 66 13 0 1 0.00 0.0 0 5.9 15 50 M M 0 1 20 60
8 58 51 55 1 10 0 1.19 0.0 0 6.0 15 40 M M 9 13 22 10
9 69 53 61 7 4 0 0.09 0.0 0 3.2 16 290 M M 10 13 23 280
10 61 44 53 -1 12 0 0.31 M M 4.9 15 60 M M 4 1 20 50
11 69 42 56 2 9 0 0.51 M M 4.6 24 290 M M 7 13 35 300
12 62 43 53 -2 12 0 0.16 M M 5.8 17 50 M M 8 13 22 50
13 57 38 48 -7 17 0 0.00 0.0 M 3.8 15 60 M M 0 20 30
14 53 35 44 -11 21 0 0.00 0.0 M 4.2 16 50 M M 1 20 50
15 60 32 46 -10 19 0 0.00 0.0 0 4.2 12 100 M M 0 16 100
16 73 47 60 4 5 0 0.33 0.0 0 10.0 21 170 M M 8 13 29 200
17 64 38 51 -5 14 0 0.08 0.0 0 6.9 21 310 M M 4 1 32 290
18 57 36 47 -9 18 0 0.00 0.0 0 6.4 16 320 M M 0 24 280
19 46 30 38 -19 27 0 0.00 0.0 0 4.4 14 40 M M 0 22 20
20 56 29 43 -14 22 0 0.00 0.0 M 5.5 14 130 M M 1 20 120
21 66 46 56 -1 9 0 T 0.0 0 7.2 17 180 M M 10 24 180
22 78 58 68 11 0 3 0.04 0.0 M 10.0 18 210 M M 7 26 220
23 83 67 75 17 0 10 0.00 0.0 M 9.4 20 200 M M 6 1 25 200
24 82 62 72 14 0 7 0.49 0.0 0 10.4 22 250 M M 8 13 32 200
25 80 51 66 8 0 1 0.00 0.0 M 5.6 18 270 M M 1 1 25 270
26 83 49 66 8 0 1 0.00 0.0 0 3.5 12 70 M M 1 3 15 80
27 71 52 62 3 3 0 0.00 0.0 0 7.0 16 40 M M 1 20 350
28 68 45 57 -2 8 0 0.00 0.0 0 6.1 17 40 M M 1 25 40
29 67 39 53 -6 12 0 0.00 0.0 0 2.4 12 50 M M 2 8 16 120
30 78 46 62 2 3 0 0.00 0.0 0 6.0 15 170 M M 6 22 160
31 83 67 75 15 0 10 T 0.0 0 10.6 26 200 M M 7 3 34 190
================================================================================
SM 2150 1483 240 48 5.26 0.0 193.1 M 127
================================================================================
AV 69.4 47.8 6.2 FASTST M M 4 MAX(MPH)
MISC ----> 26 200 38 260
================================================================================
NOTES:
# LAST OF SEVERAL OCCURRENCES
COLUMN 17 PEAK WIND IN M.P.H.
PRELIMINARY LOCAL CLIMATOLOGICAL DATA (WS FORM: F-6) , PAGE 2
STATION: MONTICELLO
MONTH: MARCH
YEAR: 2023
LATITUDE: 33 37 N
LONGITUDE: 91 45 W
[TEMPERATURE DATA] [PRECIPITATION DATA] SYMBOLS USED IN COLUMN 16
AVERAGE MONTHLY: 58.6 TOTAL FOR MONTH: 5.26 1 = FOG OR MIST
DPTR FM NORMAL: 2.8 DPTR FM NORMAL: -0.20 2 = FOG REDUCING VISIBILITY
HIGHEST: 83 ON 26,23 GRTST 24HR 1.31 ON 2- 3 TO 1/4 MILE OR LESS
LOWEST: 29 ON 20 3 = THUNDER
SNOW, ICE PELLETS, HAIL 4 = ICE PELLETS
TOTAL MONTH: 0.0 INCH 5 = HAIL
GRTST 24HR 0.0 6 = FREEZING RAIN OR DRIZZLE
GRTST DEPTH: 0 7 = DUSTSTORM OR SANDSTORM:
VSBY 1/2 MILE OR LESS
8 = SMOKE OR HAZE
[NO. OF DAYS WITH] [WEATHER - DAYS WITH] 9 = BLOWING SNOW
X = TORNADO
MAX 32 OR BELOW: 0 0.01 INCH OR MORE: 12
MAX 90 OR ABOVE: 0 0.10 INCH OR MORE: 9
MIN 32 OR BELOW: 3 0.50 INCH OR MORE: 4
MIN 0 OR BELOW: 0 1.00 INCH OR MORE: 2
[HDD (BASE 65) ]
TOTAL THIS MO. 240 CLEAR (SCALE 0-3) 14
DPTR FM NORMAL -71 PTCLDY (SCALE 4-7) 12
TOTAL FM JUL 1 2012 CLOUDY (SCALE 8-10) 5
DPTR FM NORMAL -482
[CDD (BASE 65) ]
TOTAL THIS MO. 48
DPTR FM NORMAL 24 [PRESSURE DATA]
TOTAL FM JAN 1 83 HIGHEST SLP 30.55 ON 19
DPTR FM NORMAL 53 LOWEST SLP 29.20 ON 3
[REMARKS]
#FINAL-03-23#