000
CXUS53 KOAX 011030
CF6LNK
PRELIMINARY LOCAL CLIMATOLOGICAL DATA (WS FORM: F-6)
STATION: LINCOLN NE
MONTH: FEBRUARY
YEAR: 2021
LATITUDE: 40 50 N
LONGITUDE: 96 45 W
TEMPERATURE IN F: :PCPN: SNOW: WIND :SUNSHINE: SKY :PK WND
================================================================================
1 2 3 4 5 6A 6B 7 8 9 10 11 12 13 14 15 16 17 18
12Z AVG MX 2MIN
DY MAX MIN AVG DEP HDD CDD WTR SNW DPTH SPD SPD DIR MIN PSBL S-S WX SPD DR
================================================================================
1 34 21 28 2 37 0 T T 10 5.2 12 30 M M 8 18 16 10
2 31 19 25 -1 40 0 T T 9 7.4 13 150 M M 9 18 23 110
3 46 12 29 3 36 0 0.00 0.0 9 5.4 20 180 M M 0 18 22 170
4 38 12 25 -1 40 0 0.03 0.3 9 15.8 35 340 M M 4 189 43 350
5 30 7 19 -7 46 0 0.00 0.0 9 5.7 17 300 M M 2 23 300
6 17 -7 5 -21 60 0 0.15 5.5 9 9.2 23 360 M M 7 128 30 360
7 6 -9 -1 -28 66 0 0.20 4.1 13 9.5 15 120 M M 10 18 20 120
8 4 -14 -5 -32 70 0 0.00 0.0 14 8.7 15 20 M M 5 18 10
9 8 -18 -5 -32 70 0 0.00 0.0 12 5.0 10 360 M M 0 18 15 70
10 13 -3 5 -22 60 0 0.00 0.0 11 9.5 16 20 M M 5 20 20
11 9 -2 4 -24 61 0 0.01 0.2 11 10.7 20 30 M M 4 23 360
12 0 -8 -4 -32 69 0 0.14 3.4 10 10.3 18 20 M M 8 8 23 360
13 6 -6 0 -28 65 0 0.01 0.3 15 8.3 20 20 M M 5 8 25 20
14 0 -11 -5 -34 70 0 0.04 1.0 15 15.7 22 10 M M 10 8 28 20
15 -4 -26 -15 -44 80 0 0.00 0.0 15 8.6 16 10 M M 4 18 10
16 3 -31 -14 -43 79 0 0.00 0.0 15 4.8 12 150 M M 3 8 13 150
17 16 2 9 -21 56 0 0.00 0.0 15 4.6 12 150 M M 10 15 160
18 25 8 17 -13 48 0 0.00 0.0 14 5.0 12 260 M M 3 15 330
19 29 -1 14 -16 51 0 0.00 0.0 12 4.0 12 70 M M 2 18 13 80
20 37 0 19 -12 46 0 0.00 0.0 12 4.7 15 130 M M 2 128 20 120
21 36 25 31 0 34 0 0.15 1.8 12 8.0 23 310 M M 6 128 31 300
22 45 21 33 2 32 0 0.00 0.0 12 7.8 21 260 M M 0 28 270
23 53 24 39 7 26 0 0.00 0.0 8 6.8 17 190 M M 0 21 320
24 44 27 36 4 29 0 0.00 0.0 5 11.7 30 350 M M 2 39 350
25 43 21 32 0 33 0 0.00 0.0 3 2.4 8 160 M M 0 11 170
26 46 24 35 2 30 0 0.00 0.0 1 7.4 17 180 M M 2 21 180
27 57 23 40 7 25 0 0.06 0.0 0 7.5 24 120 M M 3 13 34 130
28 42 24 33 -1 32 0 0.00 0.0 0 11.4 26 330 M M 5 37 320
================================================================================
SM 714 134 1391 0 0.79 16.6 221.1 M 119
================================================================================
AV 25.5 4.8 7.9 FASTST M M 4 MAX(MPH)
MISC ----> 35 340 43 350
================================================================================
NOTES:
# LAST OF SEVERAL OCCURRENCES
COLUMN 17 PEAK WIND IN M.P.H.
PRELIMINARY LOCAL CLIMATOLOGICAL DATA (WS FORM: F-6) , PAGE 2
STATION: LINCOLN NE
MONTH: FEBRUARY
YEAR: 2021
LATITUDE: 40 50 N
LONGITUDE: 96 45 W
[TEMPERATURE DATA] [PRECIPITATION DATA] SYMBOLS USED IN COLUMN 16
AVERAGE MONTHLY: 15.1 TOTAL FOR MONTH: 0.79 1 = FOG OR MIST
DPTR FM NORMAL: -13.9 DPTR FM NORMAL: 0.02 2 = FOG REDUCING VISIBILITY
HIGHEST: 57 ON 27 GRTST 24HR 0.20 ON 6- 7 TO 1/4 MILE OR LESS
LOWEST: -31 ON 16 3 = THUNDER
SNOW, ICE PELLETS, HAIL 4 = ICE PELLETS
TOTAL MONTH: 16.6 INCHES 5 = HAIL
GRTST 24HR 5.5 ON 6- 6 6 = FREEZING RAIN OR DRIZZLE
GRTST DEPTH: 15 ON 17,16 7 = DUSTSTORM OR SANDSTORM:
VSBY 1/2 MILE OR LESS
8 = SMOKE OR HAZE
[NO. OF DAYS WITH] [WEATHER - DAYS WITH] 9 = BLOWING SNOW
X = TORNADO
MAX 32 OR BELOW: 16 0.01 INCH OR MORE: 9
MAX 90 OR ABOVE: 0 0.10 INCH OR MORE: 4
MIN 32 OR BELOW: 28 0.50 INCH OR MORE: 0
MIN 0 OR BELOW: 13 1.00 INCH OR MORE: 0
[HDD (BASE 65) ]
TOTAL THIS MO. 1391 CLEAR (SCALE 0-3) 13
DPTR FM NORMAL 385 PTCLDY (SCALE 4-7) 10
TOTAL FM JUL 1 4801 CLOUDY (SCALE 8-10) 5
DPTR FM NORMAL 98
[CDD (BASE 65) ]
TOTAL THIS MO. 0
DPTR FM NORMAL 0 [PRESSURE DATA]
TOTAL FM JAN 1 0 HIGHEST SLP 30.80 ON 14
DPTR FM NORMAL 0 LOWEST SLP 29.59 ON 3
[REMARKS]
#FINAL-02-21#