000
CXUS53 KMKX 010810
CF6LNR
PRELIMINARY LOCAL CLIMATOLOGICAL DATA (WS FORM: F-6)
STATION: LONE ROCK WI
MONTH: SEPTEMBER
YEAR: 2021
LATITUDE: 43 12 N
LONGITUDE: 90 11 W
TEMPERATURE IN F: :PCPN: SNOW: WIND :SUNSHINE: SKY :PK WND
================================================================================
1 2 3 4 5 6A 6B 7 8 9 10 11 12 13 14 15 16 17 18
12Z AVG MX 2MIN
DY MAX MIN AVG DEP HDD CDD WTR SNW DPTH SPD SPD DIR MIN PSBL S-S WX SPD DR
================================================================================
1 77 50 64 -3 1 0 0.00 M M 3.2 13 30 M M 1 1 17 30
2 74 47 61 -6 4 0 0.00 M M 2.6 10 60 M M 3 12 15 120
3 65 59 62 -4 3 0 0.19 M M 6.2 14 140 M M 8 1 21 140
4 72 51 62 -4 3 0 0.00 M M 4.2 17 300 M M 7 12 24 310
5 80 48 64 -2 1 0 0.00 M M 5.1 21 270 M M 5 12 28 240
6 78 49 64 -2 1 0 0.00 M M 2.6 12 280 M M 3 12 17 270
7 79 53 66 1 0 1 0.01 M M 7.3 22 310 M M 1 3 30 310
8 74 47 61 -4 4 0 0.00 M M 7.9 22 280 M M 3 1 31 330
9 76 47 62 -3 3 0 0.00 M M 3.4 15 280 M M 2 1 20 300
10 79 49 64 0 1 0 0.00 M M 3.4 14 210 M M 3 12 19 160
11 84 51 68 4 0 3 0.00 M M 1.7 14 230 M M 0 1 21 230
12 71 63 67 3 0 2 0.05 M M 5.1 17 70 M M 7 1 24 70
13 70 61 66 3 0 1 0.71 M M 6.5 13 90 M M 8 13 20 100
14 74 50 62 -1 3 0 0.01 M M 7.7 20 300 M M 6 12 29 290
15 76 47 62 -1 3 0 0.00 M M 2.4 9 120 M M 4 12 13 240
16 83 50 67 5 0 2 0.00 M M 7.2 18 190 M M 0 27 190
17 79 46 63 1 2 0 0.00 M M 5.1 17 340 M M 1 1 25 290
18 79 39 59 -2 6 0 0.00 M M 2.9 12 110 M M 1 12 17 110
19 89 54 72 11 0 7 0.00 M M 5.3 16 190 M M 0 22 210
20 84 61 73 12 0 8 1.35 M M 9.9 31 210 M M 6 13 49 210
21 71 48 60 0 5 0 0.00 M M 9.2 18 290 M M 4 28 300
22 68 46 57 -3 8 0 0.00 0.0 0 5.9 17 360 M M 2 27 10
23 71 41 56 -3 9 0 0.00 M M 5.8 17 300 M M 1 1 24 310
24 77 40 59 0 6 0 0.03 M M 7.3 24 300 M M 4 12 35 290
25 67 36 52 -7 13 0 0.00 M M 5.3 20 280 M M 2 12 26 260
26 82 39 61 3 4 0 0.00 M M 4.2 16 190 M M 0 24 240
27 84 47 66 8 0 1 0.00 M M 4.0 13 20 M M 0 1 21 10
28 78 41 60 3 5 0 0.00 M M 3.0 12 90 M M 0 12 17 100
29 84 45 65 8 0 0 0.00 M M 3.6 10 70 M M 0 14 110
30 86 51 69 13 0 4 0.00 M M 3.5 10 60 M M 0 1 14 100
================================================================================
SM 2311 1456 85 29 2.35 0.0 151.5 M 82
================================================================================
AV 77.0 48.5 5.1 FASTST M M 3 MAX(MPH)
MISC ----> 31 210 49 210
================================================================================
NOTES:
# LAST OF SEVERAL OCCURRENCES
COLUMN 17 PEAK WIND IN M.P.H.
PRELIMINARY LOCAL CLIMATOLOGICAL DATA (WS FORM: F-6) , PAGE 2
STATION: LONE ROCK WI
MONTH: SEPTEMBER
YEAR: 2021
LATITUDE: 43 12 N
LONGITUDE: 90 11 W
[TEMPERATURE DATA] [PRECIPITATION DATA] SYMBOLS USED IN COLUMN 16
AVERAGE MONTHLY: 62.8 TOTAL FOR MONTH: 2.35 1 = FOG OR MIST
DPTR FM NORMAL: 0.7 DPTR FM NORMAL: -1.07 2 = FOG REDUCING VISIBILITY
HIGHEST: 89 ON 19 GRTST 24HR 1.35 ON 20-20 TO 1/4 MILE OR LESS
LOWEST: 36 ON 25 3 = THUNDER
SNOW, ICE PELLETS, HAIL 4 = ICE PELLETS
TOTAL MONTH: 0.0 INCH 5 = HAIL
GRTST 24HR 0.0 6 = FREEZING RAIN OR DRIZZLE
GRTST DEPTH: 0 7 = DUSTSTORM OR SANDSTORM:
VSBY 1/2 MILE OR LESS
8 = SMOKE OR HAZE
[NO. OF DAYS WITH] [WEATHER - DAYS WITH] 9 = BLOWING SNOW
X = TORNADO
MAX 32 OR BELOW: 0 0.01 INCH OR MORE: 7
MAX 90 OR ABOVE: 0 0.10 INCH OR MORE: 3
MIN 32 OR BELOW: 0 0.50 INCH OR MORE: 2
MIN 0 OR BELOW: 0 1.00 INCH OR MORE: 1
[HDD (BASE 65) ]
TOTAL THIS MO. 85 CLEAR (SCALE 0-3) 19
DPTR FM NORMAL -59 PTCLDY (SCALE 4-7) 10
TOTAL FM JUL 1 88 CLOUDY (SCALE 8-10) 1
DPTR FM NORMAL -82
[CDD (BASE 65) ]
TOTAL THIS MO. 29
DPTR FM NORMAL -29 [PRESSURE DATA]
TOTAL FM JAN 1 719 HIGHEST SLP M ON M
DPTR FM NORMAL 80 LOWEST SLP 29.61 ON 7
[REMARKS]
#FINAL-09-21#