000
CXUS53 KLMK 010710
CF6LOU
PRELIMINARY LOCAL CLIMATOLOGICAL DATA (WS FORM: F-6)
STATION: LOUISVILLE BOWMAN KY
MONTH: MARCH
YEAR: 2023
LATITUDE: 38 13 N
LONGITUDE: 85 39 W
TEMPERATURE IN F: :PCPN: SNOW: WIND :SUNSHINE: SKY :PK WND
================================================================================
1 2 3 4 5 6A 6B 7 8 9 10 11 12 13 14 15 16 17 18
12Z AVG MX 2MIN
DY MAX MIN AVG DEP HDD CDD WTR SNW DPTH SPD SPD DIR MIN PSBL S-S WX SPD DR
================================================================================
1 81 41 61 19 4 0 0.12 M M 8.5 32 200 M M 2 13 52 190
2 59 49 54 11 11 0 0.01 M M 6.6 15 70 M M 2 21 50
3 67 39 53 10 12 0 2.59 M M 15.0 48 220 M M 7 13 79 220
4 59 36 48 5 17 0 0.00 M M M M M M M 0 M M
5 63 33 48 4 17 0 0.00 M M M M M M M 0 M M
6 76 42 59 15 6 0 0.00 M M M M M M M 0 M M
7 62 42 52 8 13 0 0.00 M M 10.9 17 50 M M 0 27 50
8 48 34 41 -4 24 0 0.00 M M 10.9 20 80 M M 4 29 80
9 59 37 48 3 17 0 0.11 M M 7.3 15 100 M M 7 1 20 70
10 49 38 44 -1 21 0 0.05 M M 12.2 23 270 M M 10 1 33 300
11 49 37 43 -3 22 0 T M M 7.7 17 70 M M 6 23 100
12 41 35 38 -8 27 0 0.07 M M 6.5 13 300 M M 10 1 19 60
13 40 31 36 -10 29 0 0.01 M M 11.5 18 270 M M 10 1 26 270
14 44 28 36 -11 29 0 T M M 6.7 15 290 M M 4 22 280
15 52 22 37 -10 28 0 0.00 M M 2.6 10 180 M M 0 14 180
16 64 36 50 3 15 0 0.01 M M 10.7 33 210 M M 4 53 210
17 54 31 43 -5 22 0 0.20 M M 12.2 22 300 M M 8 1 34 290
18 38 23 31 -17 34 0 0.00 M M 12.2 22 280 M M 5 35 300
19 39 22 31 -17 34 0 T M M 5.7 15 300 M M 5 24 270
20 51 21 36 -13 29 0 0.00 M M 6.6 15 220 M M 0 21 230
21 58 29 44 -5 21 0 0.03 M M 7.5 28 180 M M 4 42 170
22 55 45 50 1 15 0 0.12 M M 10.4 17 170 M M 10 1 24 180
23 71 55 63 13 2 0 T M M 11.6 23 240 M M 10 1 37 230
24 64 48 56 6 9 0 2.11 M M 7.7 26 340 M M 9 13 41 350
25 64 42 53 3 12 0 0.46 M M 11.8 35 220 M M 5 1 51 220
26 69 34 52 1 13 0 0.00 M M 3.6 15 140 M M 0 18 22 130
27 58 40 49 -2 16 0 0.00 M M 8.3 18 310 M M 6 28 310
28 54 33 44 -8 21 0 0.00 M M 4.0 13 360 M M 2 1 19 310
29 59 28 44 -8 21 0 0.00 M M 3.8 15 240 M M 0 22 240
30 65 35 50 -2 15 0 0.00 M M 7.5 16 120 M M 0 21 150
31 67 50 59 6 6 0 1.10 M M 14.5 39 270 M M 8 13 59 240
================================================================================
SM 1779 1116 562 0 6.99 M 244.5 M 138
================================================================================
AV 57.4 36.0 8.7 FASTST M M 4 MAX(MPH)
MISC ----> 48 220 79 220
================================================================================
NOTES:
# LAST OF SEVERAL OCCURRENCES
COLUMN 17 PEAK WIND IN M.P.H.
PRELIMINARY LOCAL CLIMATOLOGICAL DATA (WS FORM: F-6) , PAGE 2
STATION: LOUISVILLE BOWMAN KY
MONTH: MARCH
YEAR: 2023
LATITUDE: 38 13 N
LONGITUDE: 85 39 W
[TEMPERATURE DATA] [PRECIPITATION DATA] SYMBOLS USED IN COLUMN 16
AVERAGE MONTHLY: 46.7 TOTAL FOR MONTH: 6.99 1 = FOG OR MIST
DPTR FM NORMAL: -0.7 DPTR FM NORMAL: 2.62 2 = FOG REDUCING VISIBILITY
HIGHEST: 81 ON 1 GRTST 24HR 2.59 ON 3- 3 TO 1/4 MILE OR LESS
LOWEST: 21 ON 20 3 = THUNDER
SNOW, ICE PELLETS, HAIL 4 = ICE PELLETS
TOTAL MONTH: M 5 = HAIL
GRTST 24HR M ON M 6 = FREEZING RAIN OR DRIZZLE
GRTST DEPTH: M ON M 7 = DUSTSTORM OR SANDSTORM:
VSBY 1/2 MILE OR LESS
8 = SMOKE OR HAZE
[NO. OF DAYS WITH] [WEATHER - DAYS WITH] 9 = BLOWING SNOW
X = TORNADO
MAX 32 OR BELOW: 0 0.01 INCH OR MORE: 14
MAX 90 OR ABOVE: 0 0.10 INCH OR MORE: 8
MIN 32 OR BELOW: 9 0.50 INCH OR MORE: 3
MIN 0 OR BELOW: 0 1.00 INCH OR MORE: 3
[HDD (BASE 65) ]
TOTAL THIS MO. 562 CLEAR (SCALE 0-3) 12
DPTR FM NORMAL 10 PTCLDY (SCALE 4-7) 12
TOTAL FM JUL 1 3523 CLOUDY (SCALE 8-10) 7
DPTR FM NORMAL -309
[CDD (BASE 65) ]
TOTAL THIS MO. 0
DPTR FM NORMAL -7 [PRESSURE DATA]
TOTAL FM JAN 1 0 HIGHEST SLP M ON M
DPTR FM NORMAL -7 LOWEST SLP 28.84 ON 3
[REMARKS]
#FINAL-03-23#