000
CXUS53 KJKL 011434
CLSLOZ
CLIMATE REPORT
NATIONAL WEATHER SERVICE JACKSON KY
1034 AM EDT FRI SEP 01 2023
...................................
...THE LONDON KY CLIMATE SUMMARY FOR THE SEASON, FROM
6/1/2023 TO 8/31/2023...
CLIMATE NORMAL PERIOD 1991 TO 2020
CLIMATE RECORD PERIOD 1954 TO 2023
WEATHER OBSERVED NORMAL DEPART LAST YEAR`S
VALUE DATE(S) VALUE FROM VALUE DATE(S)
NORMAL
................................................................
TEMPERATURE (F)
RECORD
HIGH 105 06/29/2012
LOW 34 06/01/1966
HIGHEST 95 07/28 MM MM 97 07/06
LOWEST 47 06/09 MM MM 50 06/04
AVG. MAXIMUM 83.2 85.1 -1.9 86.4
AVG. MINIMUM 63.7 64.5 -0.8 65.3
MEAN 73.5 74.8 -1.3 75.9
DAYS MAX >= 90 11 17.1 -6.1 25
DAYS MAX <= 32 0 0.0 0.0 0
DAYS MIN <= 32 0 0.0 0.0 0
DAYS MIN <= 0 0 0.0 0.0 0
PRECIPITATION (INCHES)
RECORD
MAXIMUM 21.68 2003
MINIMUM 6.37 1980
TOTALS 14.08 14.19 -0.11 10.95
DAILY AVG. 0.15 0.15 -0.00 0.12
DAYS >= .01 36 36.2 -0.2 37
DAYS >= .10 24 24.4 -0.4 19
DAYS >= .50 9 10.2 -1.2 7
DAYS >= 1.00 4 3.7 0.3 3
GREATEST
24 HR. TOTAL 2.02 08/10 TO 08/10 3.12
SNOWFALL (INCHES)
RECORDS
TOTAL MM MM
TOTALS MM MM MM MM
SINCE 7/1 MM MM MM MM
SNOWDEPTH AVG. MM MM
DAYS >= 1.0 MM MM MM MM
GREATEST
24 HR TOTAL MM MM
DEGREE DAYS
HEATING TOTAL 9 8 1 0
SINCE 7/1 0 0 0 0
COOLING TOTAL 817 913 -96 1026
SINCE 1/1 894 1040 -146 1156
................................................................
WIND (MPH)
AVERAGE WIND SPEED 4.4
RESULTANT WIND SPEED/DIRECTION 1/250
HIGHEST WIND SPEED/DIRECTION 36/270 DATE 07/18
HIGHEST GUST SPEED/DIRECTION 51/280 DATE 07/18
SKY COVER
POSSIBLE SUNSHINE (PERCENT) MM
NUMBER OF DAYS FAIR 31
NUMBER OF DAYS PC 22
NUMBER OF DAYS CLOUDY 5
AVERAGE RH (PERCENT) 77
WEATHER CONDITIONS. NUMBER OF DAYS WITH
THUNDERSTORM 21 MIXED PRECIP 0
HEAVY RAIN 18 RAIN 17
LIGHT RAIN 40 FREEZING RAIN 0
LT FREEZING RAIN 0 HAIL 0
HEAVY SNOW 0 SNOW 0
LIGHT SNOW 0 SLEET 0
FOG 66 FOG W/VIS <= 1/4 MILE 14
HAZE 12
- INDICATES NEGATIVE NUMBERS.
R INDICATES RECORD WAS SET OR TIED.
MM INDICATES DATA IS MISSING.
T INDICATES TRACE AMOUNT.
$$
CARICO