000
CXUS54 KEPZ 011030
CF6LRU
PRELIMINARY LOCAL CLIMATOLOGICAL DATA (WS FORM: F-6)
STATION: LAS CRUCES
MONTH: APRIL
YEAR: 2022
LATITUDE: 32 17 N
LONGITUDE: 106 46 W
TEMPERATURE IN F: :PCPN: SNOW: WIND :SUNSHINE: SKY :PK WND
================================================================================
1 2 3 4 5 6A 6B 7 8 9 10 11 12 13 14 15 16 17 18
12Z AVG MX 2MIN
DY MAX MIN AVG DEP HDD CDD WTR SNW DPTH SPD SPD DIR MIN PSBL S-S WX SPD DR
================================================================================
1 81 43 62 M 3 0 0.00 M M 8.2 17 260 M M 0 33 290
2 83 42 63 M 2 0 0.00 M M 7.0 14 250 M M 0 24 250
3 83 47 65 M 0 0 0.00 M M 9.5 16 240 M M 0 25 240
4 79 52 66 M 0 1 0.00 M M 9.3 18 260 M M 0 16 230
5 87 51 69 M 0 4 0.00 M M 20.5 35 270 M M 0 41 270
6 84 54 69 M 0 4 0.00 M M 8.9 16 360 M M 0 25 10
7 76 50 63 M 2 0 0.00 M M 7.9 21 360 M M 0 29 360
8 77 39 58 M 7 0 0.00 M M 5.3 9 150 M M 0 M M
9 87 39 63 M 2 0 0.00 M M 9.5 23 250 M M 0 35 250
10 83 55 69 M 0 4 0.00 M M 16.0 31 260 M M 0 38 270
11 83 52 68 M 0 3 0.00 M M 17.3 30 230 M M 0 39 250
12 80 56 68 M 0 3 0.00 M M 21.7 36 240 M M 2 46 240
13 70 44 57 M 8 0 0.00 M M 13.6 25 270 M M 0 33 270
14 79 38 59 M 6 0 0.00 M M 7.6 15 220 M M 0 24 230
15 84 43 64 M 1 0 0.00 M M 12.3 25 260 M M 0 36 270
16 85 52 69 M 0 4 0.00 M M 10.5 18 250 M M 0 25 200
17 87 52 70 M 0 5 0.00 M M 7.5 17 280 M M 0 25 10
18 92 44 68 M 0 3 0.00 M M 7.9 16 130 M M 0 23 120
19 91 58 75 M 0 10 0.00 M M 11.3 33 270 M M 0 44 270
20 89 54 72 M 0 7 0.00 M M 14.8 32 260 M M 0 40 260
21 90 55 73 M 0 8 0.00 M M 11.2 20 240 M M 0 25 240
22 89 55 72 M 0 7 0.00 M M 19.1 32 230 M M 0 44 230
23 77 50 64 M 1 0 0.00 M M 14.1 25 250 M M 0 37 270
24 79 51 65 M 0 0 0.00 M M 10.6 18 250 M M 0 25 270
25 80 53 67 M 0 2 0.00 M M 10.0 20 350 M M 0 29 350
26 81 53 67 M 0 2 0.00 M M 11.8 18 140 M M 0 24 130
27 91 59 75 M 0 10 0.00 M M 10.4 24 220 M M 0 31 220
28 87 51 69 M 0 4 0.00 M M 13.1 24 240 M M 0 30 250
29 85 54 70 M 0 5 0.00 M M 14.3 26 260 M M 0 32 260
30 86 51 69 M 0 4 0.00 M M 7.0 10 160 M M 0 16 130
================================================================================
SM 2505 1497 32 90 0.00 M 348.4 M 2
================================================================================
AV 83.5 49.9 11.6 FASTST M M 0 MAX(MPH)
MISC ----> 36 240 46 240
================================================================================
NOTES:
# LAST OF SEVERAL OCCURRENCES
COLUMN 17 PEAK WIND IN M.P.H.
PRELIMINARY LOCAL CLIMATOLOGICAL DATA (WS FORM: F-6) , PAGE 2
STATION: LAS CRUCES
MONTH: APRIL
YEAR: 2022
LATITUDE: 32 17 N
LONGITUDE: 106 46 W
[TEMPERATURE DATA] [PRECIPITATION DATA] SYMBOLS USED IN COLUMN 16
AVERAGE MONTHLY: 66.7 TOTAL FOR MONTH: 0.00 1 = FOG OR MIST
DPTR FM NORMAL: 0.0 DPTR FM NORMAL: M 2 = FOG REDUCING VISIBILITY
HIGHEST: 92 ON 18 GRTST 24HR 0.00 ON 1- 1 TO 1/4 MILE OR LESS
LOWEST: 38 ON 14 3 = THUNDER
SNOW, ICE PELLETS, HAIL 4 = ICE PELLETS
TOTAL MONTH: M 5 = HAIL
GRTST 24HR M ON M 6 = FREEZING RAIN OR DRIZZLE
GRTST DEPTH: M ON M 7 = DUSTSTORM OR SANDSTORM:
VSBY 1/2 MILE OR LESS
8 = SMOKE OR HAZE
[NO. OF DAYS WITH] [WEATHER - DAYS WITH] 9 = BLOWING SNOW
X = TORNADO
MAX 32 OR BELOW: 0 0.01 INCH OR MORE: 0
MAX 90 OR ABOVE: 4 0.10 INCH OR MORE: 0
MIN 32 OR BELOW: 0 0.50 INCH OR MORE: 0
MIN 0 OR BELOW: 0 1.00 INCH OR MORE: 0
[HDD (BASE 65) ]
TOTAL THIS MO. 32 CLEAR (SCALE 0-3) 30
DPTR FM NORMAL M PTCLDY (SCALE 4-7) 0
TOTAL FM JUL 1 2343 CLOUDY (SCALE 8-10) 0
DPTR FM NORMAL M
[CDD (BASE 65) ]
TOTAL THIS MO. 90
DPTR FM NORMAL M [PRESSURE DATA]
TOTAL FM JAN 1 96 HIGHEST SLP M ON M
DPTR FM NORMAL M LOWEST SLP M ON M
[REMARKS]
#FINAL-04-22#