000
CXUS54 KFWD 010830
CF6LUD
PRELIMINARY LOCAL CLIMATOLOGICAL DATA (WS FORM: F-6)
STATION: DECATUR
MONTH: JANUARY
YEAR: 2023
LATITUDE: 33 15 N
LONGITUDE: 97 30 W
TEMPERATURE IN F: :PCPN: SNOW: WIND :SUNSHINE: SKY :PK WND
================================================================================
1 2 3 4 5 6A 6B 7 8 9 10 11 12 13 14 15 16 17 18
12Z AVG MX 2MIN
DY MAX MIN AVG DEP HDD CDD WTR SNW DPTH SPD SPD DIR MIN PSBL S-S WX SPD DR
================================================================================
1 78 56 67 25 0 2 0.00 M M 10.4 14 180 M M 0 1 18 170
2 76 57 67 25 0 2 0.00 M M 11.1 20 170 M M 4 18 26 170
3 65 44 55 13 10 0 0.00 M M 6.7 13 270 M M 1 20 270
4 56 33 45 3 20 0 0.00 M M 1.9 5 270 M M 0 M M
5 60 35 48 6 17 0 0.00 M M 2.6 7 130 M M 0 M M
6 70 42 56 14 9 0 0.00 M M 11.3 20 160 M M 0 25 160
7 64 42 53 11 12 0 0.00 M M 6.7 9 320 M M 0 16 340
8 61 33 47 5 18 0 0.00 M M 3.7 7 140 M M 0 M M
9 71 43 57 15 8 0 0.00 M M 8.8 14 180 M M 0 8 20 180
10 82 52 67 25 0 2 0.00 M M 9.5 18 250 M M 0 23 250
11 85 56 71 29 0 6 0.00 M M 9.6 14 270 M M 0 26 220
12 63 39 51 9 14 0 0.00 M M 12.2 21 310 M M 1 8 37 300
13 58 31 45 3 20 0 0.00 M M 1.9 7 90 M M 0 M M
14 62 38 50 8 15 0 0.00 M M 11.6 21 170 M M 0 29 170
15 67 46 57 15 8 0 0.00 M M 13.6 18 170 M M 0 24 170
16 75 58 67 25 0 2 0.00 M M 8.6 16 190 M M 0 24 190
17 73 53 63 21 2 0 0.00 M M 6.3 10 150 M M 0 M M
18 68 52 60 18 5 0 0.01 M M 9.3 17 250 M M 3 1 28 260
19 59 38 49 7 16 0 0.00 M M 6.5 10 320 M M 0 22 330
20 58 39 49 7 16 0 0.00 M M 6.6 12 120 M M 4 17 110
21 66 43 55 13 10 0 0.00 M M 8.5 13 290 M M 4 21 290
22 52 32 42 0 23 0 0.00 M M 7.4 13 310 M M 1 22 290
23 52 29 41 -1 24 0 0.00 M M 6.0 10 80 M M 2 17 100
24 45 32 39 -3 26 0 0.80 M M 8.6 12 50 M M 9 1 22 30
25 45 33 39 -3 26 0 0.00 M M 6.7 10 310 M M 7 1 17 310
26 52 29 41 -1 24 0 0.00 M M 5.4 13 300 M M 0 21 300
27 61 37 49 6 16 0 0.00 M M 9.1 17 170 M M 0 23 190
28 69 43 56 13 9 0 0.00 M M 11.0 15 210 M M 4 24 190
29 57 26 42 -1 23 0 0.00 M M 8.7 15 330 M M 8 1 23 340
30 26 23 25 -18 40 0 T M M 8.9 13 360 M M 10 146 18 10
31 27 23 25 -18 40 0 0.00 M M 7.3 12 350 M M 8 1 18 360
================================================================================
SM 1903 1237 451 14 0.81 M 246.3 M 66
================================================================================
AV 61.4 39.9 7.9 FASTST M M 2 MAX(MPH)
MISC ----> # 21 310 37 300
================================================================================
NOTES:
# LAST OF SEVERAL OCCURRENCES
COLUMN 17 PEAK WIND IN M.P.H.
PRELIMINARY LOCAL CLIMATOLOGICAL DATA (WS FORM: F-6) , PAGE 2
STATION: DECATUR
MONTH: JANUARY
YEAR: 2023
LATITUDE: 33 15 N
LONGITUDE: 97 30 W
[TEMPERATURE DATA] [PRECIPITATION DATA] SYMBOLS USED IN COLUMN 16
AVERAGE MONTHLY: 50.6 TOTAL FOR MONTH: 0.81 1 = FOG OR MIST
DPTR FM NORMAL: 8.6 DPTR FM NORMAL: -0.93 2 = FOG REDUCING VISIBILITY
HIGHEST: 85 ON 11 GRTST 24HR 0.80 ON 24-24 TO 1/4 MILE OR LESS
LOWEST: 23 ON 31,30 3 = THUNDER
SNOW, ICE PELLETS, HAIL 4 = ICE PELLETS
TOTAL MONTH: M 5 = HAIL
GRTST 24HR M ON M 6 = FREEZING RAIN OR DRIZZLE
GRTST DEPTH: M ON M 7 = DUSTSTORM OR SANDSTORM:
VSBY 1/2 MILE OR LESS
8 = SMOKE OR HAZE
[NO. OF DAYS WITH] [WEATHER - DAYS WITH] 9 = BLOWING SNOW
X = TORNADO
MAX 32 OR BELOW: 2 0.01 INCH OR MORE: 2
MAX 90 OR ABOVE: 0 0.10 INCH OR MORE: 1
MIN 32 OR BELOW: 8 0.50 INCH OR MORE: 1
MIN 0 OR BELOW: 0 1.00 INCH OR MORE: 0
[HDD (BASE 65) ]
TOTAL THIS MO. 451 CLEAR (SCALE 0-3) 22
DPTR FM NORMAL -262 PTCLDY (SCALE 4-7) 7
TOTAL FM JUL 1 1437 CLOUDY (SCALE 8-10) 2
DPTR FM NORMAL -416
[CDD (BASE 65) ]
TOTAL THIS MO. 14
DPTR FM NORMAL 14 [PRESSURE DATA]
TOTAL FM JAN 1 14 HIGHEST SLP M ON M
DPTR FM NORMAL 14 LOWEST SLP M ON M
[REMARKS]
#FINAL-01-23#