000
CXUS56 KMTR 010900
CF6LVK
PRELIMINARY LOCAL CLIMATOLOGICAL DATA (WS FORM: F-6)
STATION: LIVERMORE AIRPORT
MONTH: JUNE
YEAR: 2022
LATITUDE: 37 42 N
LONGITUDE: 121 49 W
TEMPERATURE IN F: :PCPN: SNOW: WIND :SUNSHINE: SKY :PK WND
================================================================================
1 2 3 4 5 6A 6B 7 8 9 10 11 12 13 14 15 16 17 18
12Z AVG MX 2MIN
DY MAX MIN AVG DEP HDD CDD WTR SNW DPTH SPD SPD DIR MIN PSBL S-S WX SPD DR
================================================================================
1 M M M M M M 0.00 M M 1.8 6 99 M M 0 M M
2 81 56 69 4 0 4 0.00 M M 8.6 16 290 M M 0 20 300
3 74 54 64 -2 1 0 0.00 M M 11.6 23 280 M M 1 29 280
4 74 58 66 0 0 1 0.00 M M 8.7 17 280 M M 7 22 290
5 81 63 72 6 0 7 T M M 9.6 17 270 M M 8 20 280
6 81 55 68 2 0 3 0.00 M M 7.9 17 270 M M 2 21 270
7 87 53 70 4 0 5 0.00 M M 7.3 20 290 M M 0 23 290
8 83 56 70 4 0 5 0.00 M M 8.6 17 280 M M 0 22 200
9 93 54 74 7 0 9 0.00 M M 6.3 17 270 M M 0 22 270
10 100 63 82 15 0 17 0.00 M M 6.7 20 270 M M 0 23 280
11 94 63 79 12 0 14 0.00 M M 7.9 21 290 M M 0 25 260
12 81 56 69 2 0 4 0.00 M M 10.4 23 280 M M 3 26 290
13 81 52 67 -1 0 2 0.00 M M 5.6 18 250 M M 0 24 240
14 88 52 70 2 0 5 0.00 M M 4.8 15 270 M M 0 19 260
15 91 54 73 5 0 8 0.00 M M 6.7 22 280 M M 0 8 27 280
16 76 52 64 -4 1 0 0.00 M M 12.7 25 250 M M 0 34 250
17 69 54 62 -6 3 0 T M M 13.7 23 270 M M 3 30 250
18 73 53 63 -6 2 0 0.00 M M 10.1 20 270 M M 1 23 270
19 84 50 67 -2 0 2 0.00 M M 6.1 21 270 M M 0 25 270
20 92 53 73 4 0 8 0.00 M M 4.9 18 20 M M 0 26 30
21 102 59 81 12 0 16 0.00 M M 4.2 16 60 M M 0 22 70
22 97 64 81 11 0 16 0.00 M M 4.1 16 200 M M 0 21 230
23 99 63 81 11 0 16 0.00 M M 6.8 17 280 M M 0 22 290
24 100 62 81 11 0 16 0.00 M M 6.5 18 290 M M 0 24 310
25 96 58 77 7 0 12 0.00 M M 7.6 20 290 M M 0 26 290
26 95 57 76 6 0 11 0.00 M M 6.9 17 300 M M 0 23 290
27 95 55 75 5 0 10 0.00 M M 7.7 18 260 M M 0 22 250
28 93 57 75 4 0 10 0.00 M M 7.9 16 290 M M 0 19 290
29 81 55 68 -3 0 3 0.00 M M 11.9 20 290 M M 0 24 290
30 74 54 64 -7 1 0 0.00 M M 11.6 22 290 M M 4 27 290
================================================================================
SM 2515 1635 8 204 T M 235.2 M 29
================================================================================
AV 86.7 56.4 7.8 FASTST M M 1 MAX(MPH)
MISC ----> 25 250 34 250
================================================================================
NOTES:
# LAST OF SEVERAL OCCURRENCES
COLUMN 17 PEAK WIND IN M.P.H.
PRELIMINARY LOCAL CLIMATOLOGICAL DATA (WS FORM: F-6) , PAGE 2
STATION: LIVERMORE AIRPORT
MONTH: JUNE
YEAR: 2022
LATITUDE: 37 42 N
LONGITUDE: 121 49 W
[TEMPERATURE DATA] [PRECIPITATION DATA] SYMBOLS USED IN COLUMN 16
AVERAGE MONTHLY: 71.6 TOTAL FOR MONTH: T 1 = FOG OR MIST
DPTR FM NORMAL: 3.6 DPTR FM NORMAL: -0.14 2 = FOG REDUCING VISIBILITY
HIGHEST: 102 ON 21 GRTST 24HR T ON 5- 5 TO 1/4 MILE OR LESS
LOWEST: 50 ON 19 3 = THUNDER
SNOW, ICE PELLETS, HAIL 4 = ICE PELLETS
TOTAL MONTH: M 5 = HAIL
GRTST 24HR M ON M 6 = FREEZING RAIN OR DRIZZLE
GRTST DEPTH: M ON M 7 = DUSTSTORM OR SANDSTORM:
VSBY 1/2 MILE OR LESS
8 = SMOKE OR HAZE
[NO. OF DAYS WITH] [WEATHER - DAYS WITH] 9 = BLOWING SNOW
X = TORNADO
MAX 32 OR BELOW: 0 0.01 INCH OR MORE: 0
MAX 90 OR ABOVE: 13 0.10 INCH OR MORE: 0
MIN 32 OR BELOW: 0 0.50 INCH OR MORE: 0
MIN 0 OR BELOW: 0 1.00 INCH OR MORE: 0
[HDD (BASE 65) ]
TOTAL THIS MO. 8 CLEAR (SCALE 0-3) 26
DPTR FM NORMAL -25 PTCLDY (SCALE 4-7) 3
TOTAL FM JUL 1 2373 CLOUDY (SCALE 8-10) 1
DPTR FM NORMAL -333
[CDD (BASE 65) ]
TOTAL THIS MO. 204
DPTR FM NORMAL 79 [PRESSURE DATA]
TOTAL FM JAN 1 272 HIGHEST SLP M ON M
DPTR FM NORMAL 95 LOWEST SLP 29.77 ON 24
[REMARKS]
#FINAL-06-22#