000
CXUS56 KMTR 020842
CF6LVK
PRELIMINARY LOCAL CLIMATOLOGICAL DATA (WS FORM: F-6)
STATION: LIVERMORE AIRPORT
MONTH: SEPTEMBER
YEAR: 2020
LATITUDE: 37 42 N
LONGITUDE: 121 49 W
TEMPERATURE IN F: :PCPN: SNOW: WIND :SUNSHINE: SKY :PK WND
================================================================================
1 2 3 4 5 6A 6B 7 8 9 10 11 12 13 14 15 16 17 18
12Z AVG MX 2MIN
DY MAX MIN AVG DEP HDD CDD WTR SNW DPTH SPD SPD DIR MIN PSBL S-S WX SPD DR
================================================================================
1 80 57 69 -3 0 4 0.00 M M 8.0 21 280 M M 2 18 25 290
2 82 58 70 -2 0 5 0.00 M M 9.9 18 290 M M 3 18 22 290
3 83 57 70 -2 0 5 0.00 M M 7.3 16 290 M M 4 18 20 290
4 93 56 75 3 0 10 0.00 M M 5.3 13 300 M M 2 18 16 290
5 103 61 82 10 0 17 0.00 M M 2.5 13 60 M M 0 8 16 90
6 111 68 90 18 0 25 0.00 M M 4.2 14 80 M M 1 8 20 80
7 112 69 91 20 0 26 0.00 M M 4.3 20 290 M M 0 8 23 290
8 95 67 81 10 0 16 0.00 M M 5.0 20 320 M M 9 8 24 310
9 70 58 64 -7 1 0 0.00 M M 2.9 10 290 M M 10 18 11 280
10 70 55 63 -8 2 0 0.00 M M 2.0 9 300 M M 10 18 11 300
11 85 53 69 -2 0 4 0.00 M M 2.8 10 290 M M 10 18 12 290
12 91 55 73 2 0 8 0.00 M M 3.9 13 80 M M 10 8 16 80
13 82 56 69 -2 0 4 0.00 M M 5.7 13 290 M M 10 18 17 280
14 87 56 72 2 0 7 0.00 M M 4.7 13 290 M M 10 18 15 290
15 89 55 72 2 0 7 0.00 M M 5.0 14 290 M M 5 18 17 290
16 89 58 74 4 0 9 0.00 M M 5.5 17 300 M M 3 8 20 300
17 88 61 75 5 0 10 0.00 M M 7.2 18 270 M M 4 12 23 310
18 81 61 71 1 0 6 0.00 M M 9.3 20 290 M M 3 23 290
19 86 56 71 1 0 6 0.00 M M 4.4 14 280 M M 1 8 16 260
20 93 55 74 5 0 9 0.00 M M 3.4 15 260 M M 0 8 18 250
21 89 59 74 5 0 9 0.00 M M 5.5 17 300 M M 0 8 20 300
22 86 57 72 3 0 7 0.00 M M 7.8 21 280 M M 0 26 290
23 88 55 72 3 0 7 0.00 M M 6.5 20 280 M M 0 23 280
24 85 59 72 4 0 7 0.00 M M 8.5 18 260 M M 2 24 250
25 83 58 71 3 0 6 0.00 M M 7.0 17 290 M M 2 20 250
26 89 55 72 4 0 7 0.00 M M 4.0 16 270 M M 0 8 19 280
27 92 58 75 7 0 10 0.00 M M 6.2 13 40 M M 0 20 30
28 98 62 80 12 0 15 0.00 M M 4.6 17 70 M M 0 22 80
29 100 62 81 14 0 16 0.00 M M 4.0 12 300 M M 0 8 14 310
30 101 59 80 13 0 15 0.00 M M 2.4 9 290 M M 0 18 12 300
================================================================================
SM 2681 1756 3 277 0.00 M 159.8 M 101
================================================================================
AV 89.4 58.5 5.3 FASTST M M 3 MAX(MPH)
MISC ----> # 21 280 26 290
================================================================================
NOTES:
# LAST OF SEVERAL OCCURRENCES
COLUMN 17 PEAK WIND IN M.P.H.
PRELIMINARY LOCAL CLIMATOLOGICAL DATA (WS FORM: F-6) , PAGE 2
STATION: LIVERMORE AIRPORT
MONTH: SEPTEMBER
YEAR: 2020
LATITUDE: 37 42 N
LONGITUDE: 121 49 W
[TEMPERATURE DATA] [PRECIPITATION DATA] SYMBOLS USED IN COLUMN 16
AVERAGE MONTHLY: 74.0 TOTAL FOR MONTH: 0.00 1 = FOG OR MIST
DPTR FM NORMAL: 4.0 DPTR FM NORMAL: -0.22 2 = FOG REDUCING VISIBILITY
HIGHEST: 112 ON 7 GRTST 24HR 0.00 ON 1- 1 TO 1/4 MILE OR LESS
LOWEST: 53 ON 11 3 = THUNDER
SNOW, ICE PELLETS, HAIL 4 = ICE PELLETS
TOTAL MONTH: M 5 = HAIL
GRTST 24HR M ON M 6 = FREEZING RAIN OR DRIZZLE
GRTST DEPTH: M ON M 7 = DUSTSTORM OR SANDSTORM:
VSBY 1/2 MILE OR LESS
8 = SMOKE OR HAZE
[NO. OF DAYS WITH] [WEATHER - DAYS WITH] 9 = BLOWING SNOW
X = TORNADO
MAX 32 OR BELOW: 0 0.01 INCH OR MORE: 0
MAX 90 OR ABOVE: 11 0.10 INCH OR MORE: 0
MIN 32 OR BELOW: 0 0.50 INCH OR MORE: 0
MIN 0 OR BELOW: 0 1.00 INCH OR MORE: 0
[HDD (BASE 65) ]
TOTAL THIS MO. 3 CLEAR (SCALE 0-3) 20
DPTR FM NORMAL -14 PTCLDY (SCALE 4-7) 3
TOTAL FM JUL 1 3 CLOUDY (SCALE 8-10) 7
DPTR FM NORMAL -17
[CDD (BASE 65) ]
TOTAL THIS MO. 277
DPTR FM NORMAL 113 [PRESSURE DATA]
TOTAL FM JAN 1 1222 HIGHEST SLP 30.09 ON 30
DPTR FM NORMAL 433 LOWEST SLP 29.60 ON 8
[REMARKS]
#FINAL-09-20#