000
CXUS55 KBYZ 011156
CLMLVM
CLIMATE REPORT
NATIONAL WEATHER SERVICE BILLINGS MT
456 AM MST MON JAN 01 2024
...................................
...THE LIVINGSTON MT CLIMATE SUMMARY FOR THE MONTH OF DECEMBER 2023...
CLIMATE NORMAL PERIOD 1991 TO 2020
CLIMATE RECORD PERIOD 1948 TO 2023
WEATHER OBSERVED NORMAL DEPART
VALUE DATE(S) VALUE FROM
NORMAL
................................................
TEMPERATURE (F)
HIGHEST 59 12/06
LOWEST 6 12/26
AVG. MAXIMUM 47.1 36.4 10.7
AVG. MINIMUM 26.7 18.8 7.9
MEAN 36.9 27.6 9.3
DAYS MAX >= 90 0
DAYS MAX <= 32 2
DAYS MIN <= 32 23
DAYS MIN <= 0 0
PRECIPITATION (INCHES)
TOTALS 0.28 0.50 -0.22
DAYS >= .01 3
DAYS >= .10 2
DAYS >= .50 0
DAYS >= 1.00 0
GREATEST
24 HR. TOTAL 0.17 12/07 TO 12/07
DEGREE DAYS
HEATING TOTAL 862 1159 -297
SINCE 7/1 2425 3010 -585
COOLING TOTAL 0 0 0
SINCE 1/1 292 278 14
................................................
WIND (MPH)
AVERAGE WIND SPEED 18.6
HIGHEST WIND SPEED/DIRECTION 53/220 DATE 12/09
HIGHEST GUST SPEED/DIRECTION 70/210 DATE 12/09
AVERAGE RH (PERCENT) 52
WEATHER CONDITIONS. NUMBER OF DAYS WITH
THUNDERSTORM 0 MIXED PRECIP 0
HEAVY RAIN 0 RAIN 2
LIGHT RAIN 3 FREEZING RAIN 0
LT FREEZING RAIN 0 HAIL 0
HEAVY SNOW 0 SNOW 5
LIGHT SNOW 7 SLEET 0
FOG 3 FOG W/VIS <= 1/4 MILE 1
HAZE 0
- INDICATES NEGATIVE NUMBERS.
R INDICATES RECORD WAS SET OR TIED.
MM INDICATES DATA IS MISSING.
T INDICATES TRACE AMOUNT.
$$