000
CXUS53 KTOP 010810
CF6LWC
PRELIMINARY LOCAL CLIMATOLOGICAL DATA (WS FORM: F-6)
STATION: LAWRENCE KS
MONTH: JUNE
YEAR: 2022
LATITUDE: 39 0 N
LONGITUDE: 95 13 W
TEMPERATURE IN F: :PCPN: SNOW: WIND :SUNSHINE: SKY :PK WND
================================================================================
1 2 3 4 5 6A 6B 7 8 9 10 11 12 13 14 15 16 17 18
12Z AVG MX 2MIN
DY MAX MIN AVG DEP HDD CDD WTR SNW DPTH SPD SPD DIR MIN PSBL S-S WX SPD DR
================================================================================
1 70 54 62 -9 3 0 0.21 M M 6.9 16 320 M M 7 13 25 360
2 77 51 64 -8 1 0 0.00 M M 5.4 17 330 M M 0 1 23 330
3 84 50 67 -5 0 2 0.00 M M 2.9 13 180 M M 0 17 190
4 73 55 64 -8 1 0 0.12 M M 6.4 15 230 M M 4 1 21 230
5 80 60 70 -2 0 5 0.05 M M 7.0 16 160 M M 3 13 22 170
6 87 64 76 3 0 11 0.04 M M 4.9 14 70 M M 3 1 20 80
7 88 65 77 4 0 12 0.31 M M 7.5 37 290 M M 2 13 48 290
8 81 58 70 -3 0 5 0.24 M M 8.5 22 280 M M 4 13 31 280
9 83 54 69 -5 0 4 0.01 M M 4.5 15 220 M M 2 1 21 220
10 86 64 75 1 0 10 0.25 M M 4.9 18 30 M M 4 13 24 140
11 93 64 79 5 0 14 0.00 M M 6.4 20 170 M M 1 12 28 170
12 92 72 82 8 0 17 T M M 9.3 29 160 M M 1 1 36 160
13 99 79 89 14 0 24 0.01 M M 13.4 26 200 M M 0 3 39 200
14 95 81 88 13 0 23 0.00 M M 15.7 23 200 M M 1 36 190
15 93 76 85 10 0 20 0.15 M M 11.6 24 200 M M 3 13 34 190
16 97 73 85 9 0 20 0.00 M M 6.1 14 190 M M 1 1 18 170
17 98 74 86 10 0 21 T M M 7.7 26 20 M M 1 8 33 30
18 96 75 86 10 0 21 0.00 M M 7.9 16 120 M M 1 22 120
19 95 73 84 8 0 19 0.00 M M 10.8 18 160 M M 1 26 170
20 95 70 83 7 0 18 0.00 M M 11.0 20 160 M M 0 25 160
21 98 71 85 9 0 20 0.82 M M 8.4 36 330 M M 1 138 49 330
22 85 70 78 1 0 13 0.20 M M 3.0 8 120 M M 2 13 12 270
23 82 69 76 -1 0 11 0.28 M M 5.8 14 150 M M 2 1 19 130
24 91 71 81 4 0 16 0.03 M M 10.3 21 140 M M 3 13 28 130
25 95 76 86 9 0 21 0.02 M M 9.5 20 200 M M 1 3 28 200
26 80 58 69 -8 0 4 T M M 10.2 22 340 M M 1 31 340
27 83 55 69 -8 0 4 0.00 M M 4.2 12 90 M M 0 16 90
28 86 56 71 -7 0 6 0.00 M M 4.3 14 260 M M 0 20 190
29 92 60 76 -2 0 11 0.00 M M 6.3 15 210 M M 0 8 20 180
30 93 59 76 -2 0 11 0.00 M M 9.7 21 200 M M 0 29 190
================================================================================
SM 2647 1957 5 363 2.74 M 230.5 M 49
================================================================================
AV 88.2 65.2 7.7 FASTST M M 2 MAX(MPH)
MISC ----> 37 290 49 330
================================================================================
NOTES:
# LAST OF SEVERAL OCCURRENCES
COLUMN 17 PEAK WIND IN M.P.H.
PRELIMINARY LOCAL CLIMATOLOGICAL DATA (WS FORM: F-6) , PAGE 2
STATION: LAWRENCE KS
MONTH: JUNE
YEAR: 2022
LATITUDE: 39 0 N
LONGITUDE: 95 13 W
[TEMPERATURE DATA] [PRECIPITATION DATA] SYMBOLS USED IN COLUMN 16
AVERAGE MONTHLY: 76.7 TOTAL FOR MONTH: 2.74 1 = FOG OR MIST
DPTR FM NORMAL: 1.6 DPTR FM NORMAL: -2.03 2 = FOG REDUCING VISIBILITY
HIGHEST: 99 ON 13 GRTST 24HR 1.02 ON 21-22 TO 1/4 MILE OR LESS
LOWEST: 50 ON 3 3 = THUNDER
SNOW, ICE PELLETS, HAIL 4 = ICE PELLETS
TOTAL MONTH: M 5 = HAIL
GRTST 24HR M ON M 6 = FREEZING RAIN OR DRIZZLE
GRTST DEPTH: M ON M 7 = DUSTSTORM OR SANDSTORM:
VSBY 1/2 MILE OR LESS
8 = SMOKE OR HAZE
[NO. OF DAYS WITH] [WEATHER - DAYS WITH] 9 = BLOWING SNOW
X = TORNADO
MAX 32 OR BELOW: 0 0.01 INCH OR MORE: 15
MAX 90 OR ABOVE: 15 0.10 INCH OR MORE: 9
MIN 32 OR BELOW: 0 0.50 INCH OR MORE: 1
MIN 0 OR BELOW: 0 1.00 INCH OR MORE: 0
[HDD (BASE 65) ]
TOTAL THIS MO. 5 CLEAR (SCALE 0-3) 24
DPTR FM NORMAL -1 PTCLDY (SCALE 4-7) 6
TOTAL FM JUL 1 4597 CLOUDY (SCALE 8-10) 0
DPTR FM NORMAL -402
[CDD (BASE 65) ]
TOTAL THIS MO. 363
DPTR FM NORMAL 56 [PRESSURE DATA]
TOTAL FM JAN 1 543 HIGHEST SLP M ON M
DPTR FM NORMAL 100 LOWEST SLP 29.56 ON 12
[REMARKS]
#FINAL-06-22#