000
CXUS56 KTFX 011110
CF6LWT
PRELIMINARY LOCAL CLIMATOLOGICAL DATA (WS FORM: F-6)
STATION: LEWISTOWN MT
MONTH: MARCH
YEAR: 2022
LATITUDE: 47 2 N
LONGITUDE: 109 28 W
TEMPERATURE IN F: :PCPN: SNOW: WIND :SUNSHINE: SKY :PK WND
================================================================================
1 2 3 4 5 6A 6B 7 8 9 10 11 12 13 14 15 16 17 18
12Z AVG MX 2MIN
DY MAX MIN AVG DEP HDD CDD WTR SNW DPTH SPD SPD DIR MIN PSBL S-S WX SPD DR
================================================================================
1 57 35 46 18 19 0 0.00 M M 12.6 26 270 M M 6 36 270
2 45 35 40 12 25 0 0.05 M M 7.8 13 90 M M 9 17 20
3 50 30 40 12 25 0 T M M 7.9 15 110 M M 6 12 18 110
4 31 15 23 -5 42 0 0.06 M M 9.0 15 300 M M 10 12 23 320
5 20 10 15 -14 50 0 T M M 7.8 17 300 M M 10 1 24 300
6 21 7 14 -15 51 0 0.01 M M 7.7 15 230 M M 9 18 19 300
7 36 3 20 -10 45 0 0.14 M M 8.8 20 330 M M 4 12 35 320
8 19 -5 7 -23 58 0 0.01 M M 9.7 21 300 M M 8 1 27 300
9 7 -9 -1 -31 66 0 T M M 10.1 16 300 M M 6 18 24 290
10 22 -8 7 -24 58 0 T M M 12.5 29 300 M M 6 18 38 310
11 36 -3 17 -14 48 0 0.00 M M 6.4 24 240 M M 2 32 260
12 48 30 39 7 26 0 0.00 M M 14.3 29 240 M M 4 41 260
13 43 31 37 5 28 0 0.01 M M 6.9 16 260 M M 8 1 20 250
14 54 30 42 10 23 0 0.00 M M 12.3 33 250 M M 0 44 250
15 58 32 45 12 20 0 0.01 M M 18.0 31 220 M M 7 42 210
16 47 28 38 5 27 0 0.00 M M 12.0 26 240 M M 4 35 310
17 52 25 39 6 26 0 0.00 M M 7.6 22 250 M M 0 28 250
18 48 26 37 3 28 0 0.00 M M 12.5 29 270 M M 6 40 260
19 58 24 41 7 24 0 0.00 M M 7.3 22 220 M M 2 28 210
20 46 23 35 1 30 0 T M M 10.8 25 300 M M 9 8 38 300
21 46 20 33 -2 32 0 0.00 M M 12.7 25 280 M M 5 36 280
22 53 29 41 6 24 0 0.00 M M 8.4 17 270 M M 2 25 300
23 67 25 46 11 19 0 0.00 M M 6.3 14 210 M M 0 18 220
24 51 24 38 2 27 0 0.00 M M 12.1 25 330 M M 3 40 320
25 54 19 37 1 28 0 0.00 M M 6.7 15 100 M M 1 20 90
26 54 30 42 6 23 0 0.00 M M 9.3 17 120 M M 5 23 120
27 67 31 49 12 16 0 0.00 M M 8.3 18 90 M M 1 24 80
28 71 40 56 19 9 0 T M M 7.2 24 220 M M 4 33 230
29 47 22 35 -2 30 0 0.10 M M 11.8 24 300 M M 8 12 34 310
30 59 16 38 1 27 0 0.00 M M 5.3 14 250 M M 0 18 300
31 47 24 36 -2 29 0 T M M 10.7 24 300 M M 9 1 36 290
================================================================================
SM 1414 639 983 0 0.39 M 300.8 M 154
================================================================================
AV 45.6 20.6 9.7 FASTST M M 5 MAX(MPH)
MISC ----> 33 250 44 250
================================================================================
NOTES:
# LAST OF SEVERAL OCCURRENCES
COLUMN 17 PEAK WIND IN M.P.H.
PRELIMINARY LOCAL CLIMATOLOGICAL DATA (WS FORM: F-6) , PAGE 2
STATION: LEWISTOWN MT
MONTH: MARCH
YEAR: 2022
LATITUDE: 47 2 N
LONGITUDE: 109 28 W
[TEMPERATURE DATA] [PRECIPITATION DATA] SYMBOLS USED IN COLUMN 16
AVERAGE MONTHLY: 33.1 TOTAL FOR MONTH: 0.39 1 = FOG OR MIST
DPTR FM NORMAL: 0.2 DPTR FM NORMAL: -0.48 2 = FOG REDUCING VISIBILITY
HIGHEST: 71 ON 28 GRTST 24HR 0.15 ON 7- 8 TO 1/4 MILE OR LESS
LOWEST: -9 ON 9 3 = THUNDER
SNOW, ICE PELLETS, HAIL 4 = ICE PELLETS
TOTAL MONTH: M 5 = HAIL
GRTST 24HR M ON M 6 = FREEZING RAIN OR DRIZZLE
GRTST DEPTH: M ON M 7 = DUSTSTORM OR SANDSTORM:
VSBY 1/2 MILE OR LESS
8 = SMOKE OR HAZE
[NO. OF DAYS WITH] [WEATHER - DAYS WITH] 9 = BLOWING SNOW
X = TORNADO
MAX 32 OR BELOW: 6 0.01 INCH OR MORE: 8
MAX 90 OR ABOVE: 0 0.10 INCH OR MORE: 2
MIN 32 OR BELOW: 28 0.50 INCH OR MORE: 0
MIN 0 OR BELOW: 4 1.00 INCH OR MORE: 0
[HDD (BASE 65) ]
TOTAL THIS MO. 983 CLEAR (SCALE 0-3) 9
DPTR FM NORMAL -14 PTCLDY (SCALE 4-7) 14
TOTAL FM JUL 1 6386 CLOUDY (SCALE 8-10) 8
DPTR FM NORMAL -377
[CDD (BASE 65) ]
TOTAL THIS MO. 0
DPTR FM NORMAL 0 [PRESSURE DATA]
TOTAL FM JAN 1 0 HIGHEST SLP 30.45 ON 6
DPTR FM NORMAL 0 LOWEST SLP 29.45 ON 28
[REMARKS]
#FINAL-03-22#