000
CXUS53 KILX 012300
CF6LWV
PRELIMINARY LOCAL CLIMATOLOGICAL DATA (WS FORM: F-6)
STATION: LAWRENCEVILLE IL AIRPORT
MONTH: FEBRUARY
YEAR: 2020
LATITUDE: 38 45 N
LONGITUDE: 87 36 W
TEMPERATURE IN F: :PCPN: SNOW: WIND :SUNSHINE: SKY :PK WND
================================================================================
1 2 3 4 5 6A 6B 7 8 9 10 11 12 13 14 15 16 17 18
12Z AVG MX 2MIN
DY MAX MIN AVG DEP HDD CDD WTR SNW DPTH SPD SPD DIR MIN PSBL S-S WX SPD DR
================================================================================
1 45 30 38 6 27 0 0.00 M M 8.6 20 290 M M 8 1 28 300
2 66 30 48 16 17 0 0.00 M M 10.9 23 250 M M 1 1 29 260
3 72 36 54 21 11 0 T M M 11.9 29 200 M M 3 40 210
4 61 35 48 15 17 0 0.16 M M 15.0 25 30 M M 8 1 31 220
5 38 34 36 3 29 0 0.20 M M 13.0 23 60 M M 10 1 32 50
6 34 29 32 -1 33 0 T M M 10.6 20 340 M M 10 16 25 340
7 40 29 35 1 30 0 0.01 M M 10.2 18 210 M M 8 1 24 200
8 34 24 29 -5 36 0 T M M 8.4 16 300 M M 8 18 21 290
9 54 24 39 5 26 0 0.70 M M 10.5 22 210 M M 8 16 29 210
10 53 36 45 11 20 0 0.25 M M 10.0 21 320 M M 10 1 26 320
11 44 32 38 4 27 0 T M M 7.2 17 10 M M 7 1 22 10
12 38 30 34 -1 31 0 0.48 M M 7.1 23 70 M M 6 1 29 80
13 36 12 24 -11 41 0 0.05 M M 14.4 25 290 M M 10 1 32 310
14 23 8 16 -19 49 0 T M M 5.0 15 350 M M 3 8 18 350
15 47 15 31 -5 34 0 0.00 M M 11.4 26 190 M M 6 33 190
16 53 30 42 6 23 0 0.00 M M 3.5 9 10 M M 5 13 340
17 51 30 41 5 24 0 0.04 M M 8.3 13 220 M M 8 1 18 110
18 52 29 41 5 24 0 T M M 11.4 21 330 M M 5 18 28 330
19 46 27 37 0 28 0 0.00 M M 9.2 14 20 M M 0 20 350
20 36 21 29 -8 36 0 0.00 M M 13.1 22 340 M M 1 32 40
21 38 16 27 -10 38 0 0.00 M M 6.1 12 220 M M 0 16 220
22 51 18 35 -3 30 0 0.00 M M 8.9 20 210 M M 0 27 210
23 59 29 44 6 21 0 0.00 M M 9.4 18 190 M M 4 23 210
24 46 43 45 7 20 0 0.78 M M 9.7 16 120 M M 10 1 22 120
25 46 38 42 4 23 0 0.13 M M 9.2 14 350 M M 10 1 18 360
26 38 31 35 -4 30 0 0.03 M M 14.8 25 320 M M 10 1 34 320
27 42 27 35 -4 30 0 T M M 10.4 22 230 M M 8 30 230
28 40 26 33 -7 32 0 T M M 9.5 20 350 M M 6 27 340
29 42 21 32 -8 33 0 0.00 M M 5.7 13 350 M M 0 17 340
================================================================================
SM 1325 790 820 0 2.83 M 283.4 M 173
================================================================================
AV 45.7 27.2 9.8 FASTST M M 6 MAX(MPH)
MISC ----> # 29 200 # 40 210
================================================================================
NOTES:
# LAST OF SEVERAL OCCURRENCES
COLUMN 17 PEAK WIND IN M.P.H.
PRELIMINARY LOCAL CLIMATOLOGICAL DATA (WS FORM: F-6) , PAGE 2
STATION: LAWRENCEVILLE IL AIRPORT
MONTH: FEBRUARY
YEAR: 2020
LATITUDE: 38 45 N
LONGITUDE: 87 36 W
[TEMPERATURE DATA] [PRECIPITATION DATA] SYMBOLS USED IN COLUMN 16
AVERAGE MONTHLY: 36.5 TOTAL FOR MONTH: 2.83 1 = FOG OR MIST
DPTR FM NORMAL: 1.0 DPTR FM NORMAL: 0.82 2 = FOG REDUCING VISIBILITY
HIGHEST: 72 ON 3 GRTST 24HR 0.78 ON 24-24 TO 1/4 MILE OR LESS
LOWEST: 8 ON 14 3 = THUNDER
SNOW, ICE PELLETS, HAIL 4 = ICE PELLETS
TOTAL MONTH: M 5 = HAIL
GRTST 24HR M ON M 6 = FREEZING RAIN OR DRIZZLE
GRTST DEPTH: M ON M 7 = DUSTSTORM OR SANDSTORM:
VSBY 1/2 MILE OR LESS
8 = SMOKE OR HAZE
[NO. OF DAYS WITH] [WEATHER - DAYS WITH] 9 = BLOWING SNOW
X = TORNADO
MAX 32 OR BELOW: 1 0.01 INCH OR MORE: 11
MAX 90 OR ABOVE: 0 0.10 INCH OR MORE: 7
MIN 32 OR BELOW: 23 0.50 INCH OR MORE: 2
MIN 0 OR BELOW: 0 1.00 INCH OR MORE: 0
[HDD (BASE 65) ]
TOTAL THIS MO. 820 CLEAR (SCALE 0-3) 8
DPTR FM NORMAL -4 PTCLDY (SCALE 4-7) 13
TOTAL FM JUL 1 3515 CLOUDY (SCALE 8-10) 8
DPTR FM NORMAL -185
[CDD (BASE 65) ]
TOTAL THIS MO. 0
DPTR FM NORMAL 0 [PRESSURE DATA]
TOTAL FM JAN 1 0 HIGHEST SLP 30.75 ON 21
DPTR FM NORMAL 0 LOWEST SLP 29.54 ON 6
[REMARKS]
#FINAL-02-20#